
--
-- Table structure for table `django_content_type`
--

CREATE TABLE `django_content_type` (
  `id` int(11) NOT NULL AUTO_INCREMENT,
  `app_label` varchar(100) NOT NULL,
  `model` varchar(100) NOT NULL,
  PRIMARY KEY (`id`),
  UNIQUE KEY `django_content_type_app_label_45f3b1d93ec8c61c_uniq` (`app_label`,`model`)
) ENGINE=InnoDB AUTO_INCREMENT=70 DEFAULT CHARSET=utf8;

--
-- Dumping data for table `django_content_type`
--

INSERT INTO `django_content_type` VALUES (1,'admin','logentry'),(3,'auth','group'),(2,'auth','permission'),(4,'auth','user'),(58,'cheval_au_maroc','barbe'),(59,'cheval_au_maroc','barbe_paragraphe'),(54,'cheval_au_maroc','categorie'),(60,'cheval_au_maroc','categorie_metiers'),(61,'cheval_au_maroc','metier'),(55,'cheval_au_maroc','page'),(56,'cheval_au_maroc','paragraphe'),(57,'cheval_au_maroc','tbourida'),(67,'cheval_au_maroc','tbouridabase'),(12,'contact','contact'),(11,'contact','email'),(69,'contact','inscriptionsjeux'),(5,'contenttypes','contenttype'),(8,'contenu','actualite'),(7,'contenu','agenda'),(31,'contenu','agenda1'),(33,'contenu','agenda2'),(35,'contenu','agenda3'),(36,'contenu','agenda4'),(13,'contenu','categorie_agenda'),(19,'contenu','races'),(32,'contenu','sousagenda1'),(34,'contenu','sousagenda2'),(37,'contenu','sousagenda4'),(29,'custom_flatpages','categorie'),(30,'custom_flatpages','flatpage'),(65,'documentation','categorie_documentation'),(66,'documentation','documentation'),(26,'easy_thumbnails','source'),(27,'easy_thumbnails','thumbnail'),(28,'easy_thumbnails','thumbnaildimensions'),(53,'entreprise','carrieres'),(51,'entreprise','categorie_partenaire'),(50,'entreprise','gouvernance'),(68,'entreprise','gouvernanceextra'),(48,'entreprise','historique_et_mission'),(47,'entreprise','mot_du_president'),(52,'entreprise','partenaire'),(49,'entreprise','vision_strategique'),(17,'galerie','dossier'),(15,'galerie','galerie'),(18,'galerie','pdf'),(16,'galerie','photo'),(6,'sessions','session'),(62,'univers','categorie_univers'),(63,'univers','univers'),(64,'univers','univers_paragraphe');

--
-- Table structure for table `django_migrations`
--

CREATE TABLE `django_migrations` (
  `id` int(11) NOT NULL AUTO_INCREMENT,
  `app` varchar(255) NOT NULL,
  `name` varchar(255) NOT NULL,
  `applied` datetime NOT NULL,
  PRIMARY KEY (`id`)
) ENGINE=InnoDB AUTO_INCREMENT=139 DEFAULT CHARSET=utf8;

--
-- Dumping data for table `django_migrations`
--

INSERT INTO `django_migrations` VALUES (1,'contenttypes','0001_initial','2015-10-01 10:26:03'),(2,'auth','0001_initial','2015-10-01 10:26:06'),(3,'admin','0001_initial','2015-10-01 10:26:07'),(4,'contenttypes','0002_remove_content_type_name','2015-10-01 10:26:07'),(5,'auth','0002_alter_permission_name_max_length','2015-10-01 10:26:07'),(6,'auth','0003_alter_user_email_max_length','2015-10-01 10:26:08'),(7,'auth','0004_alter_user_username_opts','2015-10-01 10:26:08'),(8,'auth','0005_alter_user_last_login_null','2015-10-01 10:26:08'),(9,'auth','0006_require_contenttypes_0002','2015-10-01 10:26:08'),(10,'contact','0001_initial','2015-10-01 10:26:08'),(11,'contenu','0001_initial','2015-10-01 10:26:09'),(12,'sessions','0001_initial','2015-10-01 10:26:09'),(13,'contenu','0002_auto_20151001_1540','2015-10-01 15:40:52'),(14,'contenu','0003_auto_20151002_1119','2015-10-02 11:19:33'),(15,'galerie','0001_initial','2015-10-02 14:09:47'),(16,'galerie','0002_auto_20151002_1409','2015-10-02 14:09:47'),(17,'galerie','0003_dossier_pdf','2015-10-02 14:14:36'),(18,'galerie','0004_auto_20151002_1414','2015-10-02 14:14:36'),(19,'galerie','0005_pdf','2015-10-02 14:16:28'),(20,'contenu','0004_partenaire_races','2015-10-02 16:19:47'),(21,'contenu','0005_partenaire_url','2015-10-05 10:13:59'),(22,'galerie','0006_auto_20151005_1013','2015-10-05 10:14:00'),(23,'contenu','0006_auto_20151005_1158','2015-10-05 11:58:38'),(24,'galerie','0007_auto_20151005_1158','2015-10-05 11:58:38'),(25,'contenu','0007_auto_20151005_1355','2015-10-05 13:55:13'),(26,'contenu','0008_auto_20151006_0929','2015-10-06 09:29:37'),(27,'contenu','0009_categorie_univers_univers','2015-10-06 10:37:00'),(28,'contenu','0010_remove_documentation_categorie','2015-10-06 16:25:33'),(29,'easy_thumbnails','0001_initial','2015-10-07 08:17:19'),(30,'easy_thumbnails','0002_thumbnaildimensions','2015-10-07 08:17:20'),(31,'contenu','0011_auto_20151008_1024','2015-10-08 10:24:57'),(32,'contenu','0012_auto_20151008_1705','2015-10-08 17:06:01'),(33,'contenu','0013_agenda_description','2015-10-08 19:16:18'),(34,'contenu','0014_metier_ordre','2015-10-09 09:21:11'),(35,'galerie','0008_auto_20151009_1148','2015-10-09 11:48:15'),(36,'contenu','0002_remove_partenaire_ordre','2015-10-13 17:33:09'),(37,'contenu','0003_partenaire_ordre','2015-10-13 17:33:48'),(38,'galerie','0002_remove_galerie_dans_phototheque','2015-11-17 15:01:46'),(39,'galerie','0003_galerie_dans_phototheque','2015-11-17 15:02:14'),(40,'galerie','0004_pdf_date_evenement','2015-11-20 09:32:35'),(41,'contenu','0004_documentation_image','2015-12-21 18:06:33'),(42,'galerie','0005_pdf_ville','2015-12-21 18:06:33'),(43,'contenu','0005_auto_20160226_1701','2016-02-26 17:01:29'),(44,'contenu','0015_partenaire_ordre','2016-03-02 18:27:19'),(45,'contenu','0016_documentation_image','2016-03-02 18:27:19'),(46,'contenu','0017_auto_20160301_1121','2016-03-02 18:27:19'),(47,'contenu','0018_auto_20160302_1826','2016-03-02 18:27:20'),(48,'contenu','0019_auto_20160302_1827','2016-03-02 18:27:20'),(49,'custom_flatpages','0001_initial','2016-03-02 18:27:20'),(50,'custom_flatpages','0002_remove_flatpage_description','2016-03-02 18:27:20'),(51,'custom_flatpages','0003_flatpage_description','2016-03-02 18:27:20'),(52,'galerie','0009_galerie_dans_phototheque','2016-03-02 18:27:20'),(53,'galerie','0010_pdf_date_evenement','2016-03-02 18:27:20'),(54,'galerie','0011_pdf_ville','2016-03-02 18:27:20'),(55,'contenu','0020_auto_20160302_1827','2016-03-02 18:27:36'),(56,'contenu','0021_auto_20160317_1810','2016-03-17 18:11:04'),(57,'contenu','0022_categorie_agenda_slug','2016-04-01 11:13:22'),(58,'contenu','0006_auto_20160407_1459','2016-04-07 14:59:36'),(59,'galerie','0006_auto_20160610_1554','2016-06-10 15:54:17'),(60,'contact','0002_auto_20160610_1554','2016-06-10 15:54:50'),(61,'contenu','0007_auto_20160816_1119','2016-08-16 11:20:24'),(62,'contenu','0008_categorie_agenda_image','2016-08-16 11:21:04'),(63,'contenu','0002_mot_du_president','2016-10-10 10:48:26'),(64,'contenu','0003_auto_20161010_1053','2016-10-10 10:53:40'),(65,'contenu','0004_auto_20161010_1055','2016-10-10 10:55:06'),(66,'contenu','0002_carrieres_gouvernance_historique_et_mission_mot_du_president_vision_strategique','2016-10-10 14:47:42'),(67,'contenu','0003_univers_paragraphe','2016-10-10 14:54:08'),(68,'contenu','0004_auto_20161010_1516','2016-10-10 15:16:43'),(69,'contenu','0005_auto_20161010_1548','2016-10-10 15:48:50'),(70,'contenu','0006_auto_20161010_1616','2016-10-10 16:16:31'),(71,'contenu','0002_vision_strategique_contenu4','2016-10-12 17:08:39'),(72,'contenu','0003_auto_20161012_1810','2016-10-12 17:10:14'),(73,'contenu','0004_auto_20161013_0912','2016-10-13 08:13:03'),(74,'contenu','0002_categorie_metiers_titre','2016-10-21 16:17:08'),(75,'contenu','0002_categorie_metiers_description','2016-10-21 16:18:37'),(76,'contenu','0003_tbourida','2016-10-21 16:38:25'),(77,'contenu','0004_auto_20161021_1720','2016-10-21 17:20:12'),(78,'contenu','0002_categorie_agenda_titre','2016-10-24 10:51:53'),(79,'contenu','0002_historique_et_mission_slider','2016-11-25 16:35:59'),(80,'contenu','0003_auto_20161109_1152','2016-11-25 16:36:00'),(81,'contenu','0004_historique_et_mission_photo1_ar','2016-11-25 16:36:00'),(82,'contenu','0005_barbe_barbe_paragraphe','2016-11-25 16:36:00'),(83,'contenu','0006_remove_actualite_version','2016-11-25 16:36:00'),(84,'contenu','0007_actualite_version','2016-11-25 16:36:07'),(85,'contenu','0008_auto_20161125_1651','2016-11-25 16:51:11'),(86,'contenu','0009_delete_mot_du_president','2016-11-25 17:05:55'),(87,'entreprise','0001_initial','2016-11-25 17:05:55'),(88,'contenu','0010_delete_historique_et_mission','2016-11-25 17:27:41'),(89,'entreprise','0002_historique_et_mission','2016-11-25 17:27:42'),(90,'contenu','0011_delete_vision_strategique','2016-11-25 18:04:13'),(91,'entreprise','0003_vision_strategique','2016-11-25 18:04:13'),(92,'contenu','0012_delete_gouvernance','2016-11-25 18:18:51'),(93,'entreprise','0004_gouvernance','2016-11-25 18:18:51'),(94,'contenu','0013_auto_20161128_1442','2016-11-28 14:42:43'),(95,'entreprise','0005_categorie_partenaire_partenaire','2016-11-28 14:42:44'),(96,'contenu','0014_delete_carrieres','2016-11-28 14:54:23'),(97,'entreprise','0006_carrieres','2016-11-28 14:54:24'),(98,'cheval_au_maroc','0001_initial','2016-11-28 16:42:38'),(99,'cheval_au_maroc','0002_barbe_barbe_paragraphe_tbourida','2016-11-28 16:54:26'),(100,'contenu','0015_auto_20161128_1654','2016-11-28 16:54:26'),(101,'cheval_au_maroc','0003_auto_20161128_1717','2016-11-28 17:17:51'),(102,'cheval_au_maroc','0004_auto_20161129_1048','2016-11-29 10:48:09'),(103,'entreprise','0007_auto_20161129_1129','2016-11-29 11:29:15'),(104,'entreprise','0008_auto_20161129_1132','2016-11-29 11:32:45'),(105,'entreprise','0009_auto_20161129_1134','2016-11-29 11:34:20'),(106,'entreprise','0010_auto_20161129_1135','2016-11-29 11:35:32'),(107,'entreprise','0011_auto_20161129_1135','2016-11-29 11:35:54'),(108,'cheval_au_maroc','0005_categorie_metiers_metier','2016-11-29 12:23:34'),(109,'contenu','0016_auto_20161129_1223','2016-11-29 12:23:35'),(110,'contenu','0017_auto_20161129_1241','2016-11-29 12:42:09'),(111,'univers','0001_initial','2016-11-29 12:42:10'),(112,'contenu','0018_auto_20161129_1455','2016-11-29 14:55:56'),(113,'contact','0002_auto_20160607_1410','2016-11-30 18:32:37'),(114,'contenu','0003_auto_20161130_1644','2016-11-30 18:32:37'),(115,'galerie','0012_auto_20160414_1134','2016-11-30 18:32:37'),(116,'galerie','0013_auto_20160414_1135','2016-11-30 18:32:37'),(117,'galerie','0014_auto_20160422_1713','2016-11-30 18:32:38'),(118,'galerie','0015_auto_20160502_1435','2016-11-30 18:32:38'),(119,'contact','0003_email_inscrit','2016-12-16 15:12:01'),(120,'contenu','0004_auto_20161216_1511','2016-12-16 15:12:08'),(122,'documentation','0001_initial','2017-09-07 16:34:10'),(123,'cheval_au_maroc','0002_remove_categorie_metiers_slug','2017-09-07 16:35:30'),(124,'contenu','0002_auto_20170907_1635','2017-09-07 16:35:30'),(125,'documentation','0002_auto_20170907_1635','2017-09-07 16:35:30'),(126,'contenu','0003_auto_20170907_1636','2017-09-07 16:37:03'),(127,'documentation','0003_auto_20170907_1636','2017-09-07 16:37:03'),(128,'entreprise','0002_auto_20170907_1636','2017-09-07 16:37:04'),(129,'cheval_au_maroc','0003_categorie_metiers_slug','2017-09-07 16:50:54'),(130,'contenu','0004_auto_20170908_1435','2017-09-08 14:35:34'),(131,'galerie','0002_auto_20171027_1425','2017-10-27 14:25:28'),(132,'contenu','0005_auto_20171027_1425','2017-10-27 14:25:50'),(133,'cheval_au_maroc','0004_auto_20171027_1426','2017-10-27 14:26:08'),(134,'univers','0002_auto_20171103_1630','2017-11-03 16:30:48'),(135,'univers','0003_auto_20171103_1631','2017-11-03 16:31:08'),(136,'univers','0004_auto_20171108_1530','2017-11-08 15:30:42'),(137,'galerie','0003_auto_20171110_1146','2017-11-10 11:46:39'),(138,'contact','0002_inscriptionsjeux','2018-03-26 15:05:12');

--
-- Table structure for table `django_session`
--

CREATE TABLE `django_session` (
  `session_key` varchar(40) NOT NULL,
  `session_data` longtext NOT NULL,
  `expire_date` datetime NOT NULL,
  PRIMARY KEY (`session_key`),
  KEY `django_session_de54fa62` (`expire_date`)
) ENGINE=InnoDB DEFAULT CHARSET=utf8;

--
-- Dumping data for table `django_session`
--

INSERT INTO `django_session` VALUES ('00alg8vv48mmr5l4afh6p8yqox0ozzzo','OWE0YjQyMDU4OGNhODNhMTM2MDE1NzQ4OTAzZWFmNTMwOGRmMmY0ODp7Il9hdXRoX3VzZXJfaGFzaCI6IjdiYmY3ODlmZjBjYzYxOTlkMzcwMDA3Yzc4NTc5Y2UyMWFmMjgyN2QiLCJfYXV0aF91c2VyX2JhY2tlbmQiOiJkamFuZ28uY29udHJpYi5hdXRoLmJhY2tlbmRzLk1vZGVsQmFja2VuZCIsIl9hdXRoX3VzZXJfaWQiOiIxIn0=','2017-09-19 09:07:02'),('02faekmnj6zaha74642f63w7s6yfa096','OWE0YjQyMDU4OGNhODNhMTM2MDE1NzQ4OTAzZWFmNTMwOGRmMmY0ODp7Il9hdXRoX3VzZXJfaGFzaCI6IjdiYmY3ODlmZjBjYzYxOTlkMzcwMDA3Yzc4NTc5Y2UyMWFmMjgyN2QiLCJfYXV0aF91c2VyX2JhY2tlbmQiOiJkamFuZ28uY29udHJpYi5hdXRoLmJhY2tlbmRzLk1vZGVsQmFja2VuZCIsIl9hdXRoX3VzZXJfaWQiOiIxIn0=','2017-09-18 10:21:15'),('0brpefz8qkmws4ibacqcnmymz2kqth37','OWE0YjQyMDU4OGNhODNhMTM2MDE1NzQ4OTAzZWFmNTMwOGRmMmY0ODp7Il9hdXRoX3VzZXJfaGFzaCI6IjdiYmY3ODlmZjBjYzYxOTlkMzcwMDA3Yzc4NTc5Y2UyMWFmMjgyN2QiLCJfYXV0aF91c2VyX2JhY2tlbmQiOiJkamFuZ28uY29udHJpYi5hdXRoLmJhY2tlbmRzLk1vZGVsQmFja2VuZCIsIl9hdXRoX3VzZXJfaWQiOiIxIn0=','2016-08-22 14:52:50'),('0vtof3yqo8ouephmrl8vpytn9oiyhxun','OWE0YjQyMDU4OGNhODNhMTM2MDE1NzQ4OTAzZWFmNTMwOGRmMmY0ODp7Il9hdXRoX3VzZXJfaGFzaCI6IjdiYmY3ODlmZjBjYzYxOTlkMzcwMDA3Yzc4NTc5Y2UyMWFmMjgyN2QiLCJfYXV0aF91c2VyX2JhY2tlbmQiOiJkamFuZ28uY29udHJpYi5hdXRoLmJhY2tlbmRzLk1vZGVsQmFja2VuZCIsIl9hdXRoX3VzZXJfaWQiOiIxIn0=','2016-06-24 15:58:08'),('1af11kjxrle7qwonsxgciz6t2nnsl6a6','OWE0YjQyMDU4OGNhODNhMTM2MDE1NzQ4OTAzZWFmNTMwOGRmMmY0ODp7Il9hdXRoX3VzZXJfaGFzaCI6IjdiYmY3ODlmZjBjYzYxOTlkMzcwMDA3Yzc4NTc5Y2UyMWFmMjgyN2QiLCJfYXV0aF91c2VyX2JhY2tlbmQiOiJkamFuZ28uY29udHJpYi5hdXRoLmJhY2tlbmRzLk1vZGVsQmFja2VuZCIsIl9hdXRoX3VzZXJfaWQiOiIxIn0=','2018-04-16 17:34:34'),('1j6eykgquk84y5vfnv5l7k5w3zh0xc00','OWE0YjQyMDU4OGNhODNhMTM2MDE1NzQ4OTAzZWFmNTMwOGRmMmY0ODp7Il9hdXRoX3VzZXJfaGFzaCI6IjdiYmY3ODlmZjBjYzYxOTlkMzcwMDA3Yzc4NTc5Y2UyMWFmMjgyN2QiLCJfYXV0aF91c2VyX2JhY2tlbmQiOiJkamFuZ28uY29udHJpYi5hdXRoLmJhY2tlbmRzLk1vZGVsQmFja2VuZCIsIl9hdXRoX3VzZXJfaWQiOiIxIn0=','2017-03-22 09:37:29'),('1mejue3r5zfqzttqpc4nmuf3unax8jsi','OWE0YjQyMDU4OGNhODNhMTM2MDE1NzQ4OTAzZWFmNTMwOGRmMmY0ODp7Il9hdXRoX3VzZXJfaGFzaCI6IjdiYmY3ODlmZjBjYzYxOTlkMzcwMDA3Yzc4NTc5Y2UyMWFmMjgyN2QiLCJfYXV0aF91c2VyX2JhY2tlbmQiOiJkamFuZ28uY29udHJpYi5hdXRoLmJhY2tlbmRzLk1vZGVsQmFja2VuZCIsIl9hdXRoX3VzZXJfaWQiOiIxIn0=','2015-12-25 18:12:18'),('1qs6jrqdjo4khk8taig9te4lzyeb27pi','OWE0YjQyMDU4OGNhODNhMTM2MDE1NzQ4OTAzZWFmNTMwOGRmMmY0ODp7Il9hdXRoX3VzZXJfaGFzaCI6IjdiYmY3ODlmZjBjYzYxOTlkMzcwMDA3Yzc4NTc5Y2UyMWFmMjgyN2QiLCJfYXV0aF91c2VyX2JhY2tlbmQiOiJkamFuZ28uY29udHJpYi5hdXRoLmJhY2tlbmRzLk1vZGVsQmFja2VuZCIsIl9hdXRoX3VzZXJfaWQiOiIxIn0=','2017-05-05 09:42:06'),('1rizk5aauj5ob28vzy5jbfo4dcho2yg5','OWE0YjQyMDU4OGNhODNhMTM2MDE1NzQ4OTAzZWFmNTMwOGRmMmY0ODp7Il9hdXRoX3VzZXJfaGFzaCI6IjdiYmY3ODlmZjBjYzYxOTlkMzcwMDA3Yzc4NTc5Y2UyMWFmMjgyN2QiLCJfYXV0aF91c2VyX2JhY2tlbmQiOiJkamFuZ28uY29udHJpYi5hdXRoLmJhY2tlbmRzLk1vZGVsQmFja2VuZCIsIl9hdXRoX3VzZXJfaWQiOiIxIn0=','2015-10-22 18:21:33'),('1zq8j0hlpjk37mmveixto8tl98wzao1t','OWE0YjQyMDU4OGNhODNhMTM2MDE1NzQ4OTAzZWFmNTMwOGRmMmY0ODp7Il9hdXRoX3VzZXJfaGFzaCI6IjdiYmY3ODlmZjBjYzYxOTlkMzcwMDA3Yzc4NTc5Y2UyMWFmMjgyN2QiLCJfYXV0aF91c2VyX2JhY2tlbmQiOiJkamFuZ28uY29udHJpYi5hdXRoLmJhY2tlbmRzLk1vZGVsQmFja2VuZCIsIl9hdXRoX3VzZXJfaWQiOiIxIn0=','2017-03-06 15:02:29'),('1zy0a5uhmau2uch2vfexqngpb3toug77','OWE0YjQyMDU4OGNhODNhMTM2MDE1NzQ4OTAzZWFmNTMwOGRmMmY0ODp7Il9hdXRoX3VzZXJfaGFzaCI6IjdiYmY3ODlmZjBjYzYxOTlkMzcwMDA3Yzc4NTc5Y2UyMWFmMjgyN2QiLCJfYXV0aF91c2VyX2JhY2tlbmQiOiJkamFuZ28uY29udHJpYi5hdXRoLmJhY2tlbmRzLk1vZGVsQmFja2VuZCIsIl9hdXRoX3VzZXJfaWQiOiIxIn0=','2017-02-02 15:03:28'),('21zc2kmef5dv5o0p4h571wld5lcoppjy','OWE0YjQyMDU4OGNhODNhMTM2MDE1NzQ4OTAzZWFmNTMwOGRmMmY0ODp7Il9hdXRoX3VzZXJfaGFzaCI6IjdiYmY3ODlmZjBjYzYxOTlkMzcwMDA3Yzc4NTc5Y2UyMWFmMjgyN2QiLCJfYXV0aF91c2VyX2JhY2tlbmQiOiJkamFuZ28uY29udHJpYi5hdXRoLmJhY2tlbmRzLk1vZGVsQmFja2VuZCIsIl9hdXRoX3VzZXJfaWQiOiIxIn0=','2016-11-23 11:31:06'),('24til39owlgfcvrkv54lr9azpu7eddnv','OWE0YjQyMDU4OGNhODNhMTM2MDE1NzQ4OTAzZWFmNTMwOGRmMmY0ODp7Il9hdXRoX3VzZXJfaGFzaCI6IjdiYmY3ODlmZjBjYzYxOTlkMzcwMDA3Yzc4NTc5Y2UyMWFmMjgyN2QiLCJfYXV0aF91c2VyX2JhY2tlbmQiOiJkamFuZ28uY29udHJpYi5hdXRoLmJhY2tlbmRzLk1vZGVsQmFja2VuZCIsIl9hdXRoX3VzZXJfaWQiOiIxIn0=','2016-01-05 12:25:03'),('28ynm8u604javcly38ylz0jmdxbkxx8r','OWE0YjQyMDU4OGNhODNhMTM2MDE1NzQ4OTAzZWFmNTMwOGRmMmY0ODp7Il9hdXRoX3VzZXJfaGFzaCI6IjdiYmY3ODlmZjBjYzYxOTlkMzcwMDA3Yzc4NTc5Y2UyMWFmMjgyN2QiLCJfYXV0aF91c2VyX2JhY2tlbmQiOiJkamFuZ28uY29udHJpYi5hdXRoLmJhY2tlbmRzLk1vZGVsQmFja2VuZCIsIl9hdXRoX3VzZXJfaWQiOiIxIn0=','2016-03-10 17:05:39'),('2dbrseinvv3gylzc28f41fp3qkx0ydtt','OWE0YjQyMDU4OGNhODNhMTM2MDE1NzQ4OTAzZWFmNTMwOGRmMmY0ODp7Il9hdXRoX3VzZXJfaGFzaCI6IjdiYmY3ODlmZjBjYzYxOTlkMzcwMDA3Yzc4NTc5Y2UyMWFmMjgyN2QiLCJfYXV0aF91c2VyX2JhY2tlbmQiOiJkamFuZ28uY29udHJpYi5hdXRoLmJhY2tlbmRzLk1vZGVsQmFja2VuZCIsIl9hdXRoX3VzZXJfaWQiOiIxIn0=','2016-09-11 22:35:38'),('2m7vutdl2t1tgajcsd17wz5tmu3eb5yg','OWE0YjQyMDU4OGNhODNhMTM2MDE1NzQ4OTAzZWFmNTMwOGRmMmY0ODp7Il9hdXRoX3VzZXJfaGFzaCI6IjdiYmY3ODlmZjBjYzYxOTlkMzcwMDA3Yzc4NTc5Y2UyMWFmMjgyN2QiLCJfYXV0aF91c2VyX2JhY2tlbmQiOiJkamFuZ28uY29udHJpYi5hdXRoLmJhY2tlbmRzLk1vZGVsQmFja2VuZCIsIl9hdXRoX3VzZXJfaWQiOiIxIn0=','2015-10-27 11:22:39'),('2s98dl1y8y0b91171968v7me1m28p0ek','OWE0YjQyMDU4OGNhODNhMTM2MDE1NzQ4OTAzZWFmNTMwOGRmMmY0ODp7Il9hdXRoX3VzZXJfaGFzaCI6IjdiYmY3ODlmZjBjYzYxOTlkMzcwMDA3Yzc4NTc5Y2UyMWFmMjgyN2QiLCJfYXV0aF91c2VyX2JhY2tlbmQiOiJkamFuZ28uY29udHJpYi5hdXRoLmJhY2tlbmRzLk1vZGVsQmFja2VuZCIsIl9hdXRoX3VzZXJfaWQiOiIxIn0=','2017-05-29 15:54:50'),('2x9kwfjptjiw66y1vnhilfc95zo2h80m','OWE0YjQyMDU4OGNhODNhMTM2MDE1NzQ4OTAzZWFmNTMwOGRmMmY0ODp7Il9hdXRoX3VzZXJfaGFzaCI6IjdiYmY3ODlmZjBjYzYxOTlkMzcwMDA3Yzc4NTc5Y2UyMWFmMjgyN2QiLCJfYXV0aF91c2VyX2JhY2tlbmQiOiJkamFuZ28uY29udHJpYi5hdXRoLmJhY2tlbmRzLk1vZGVsQmFja2VuZCIsIl9hdXRoX3VzZXJfaWQiOiIxIn0=','2017-11-08 15:01:13'),('35xhxfpcj9sconj358m012kjjslpfr5n','OWE0YjQyMDU4OGNhODNhMTM2MDE1NzQ4OTAzZWFmNTMwOGRmMmY0ODp7Il9hdXRoX3VzZXJfaGFzaCI6IjdiYmY3ODlmZjBjYzYxOTlkMzcwMDA3Yzc4NTc5Y2UyMWFmMjgyN2QiLCJfYXV0aF91c2VyX2JhY2tlbmQiOiJkamFuZ28uY29udHJpYi5hdXRoLmJhY2tlbmRzLk1vZGVsQmFja2VuZCIsIl9hdXRoX3VzZXJfaWQiOiIxIn0=','2018-03-30 16:09:40'),('3h3gtq3n1qd3cewe3hfvk6resrxnt0gp','OWE0YjQyMDU4OGNhODNhMTM2MDE1NzQ4OTAzZWFmNTMwOGRmMmY0ODp7Il9hdXRoX3VzZXJfaGFzaCI6IjdiYmY3ODlmZjBjYzYxOTlkMzcwMDA3Yzc4NTc5Y2UyMWFmMjgyN2QiLCJfYXV0aF91c2VyX2JhY2tlbmQiOiJkamFuZ28uY29udHJpYi5hdXRoLmJhY2tlbmRzLk1vZGVsQmFja2VuZCIsIl9hdXRoX3VzZXJfaWQiOiIxIn0=','2015-10-27 11:44:02'),('3j2oq9m4artumd467j1lwpy70yul7l22','OWE0YjQyMDU4OGNhODNhMTM2MDE1NzQ4OTAzZWFmNTMwOGRmMmY0ODp7Il9hdXRoX3VzZXJfaGFzaCI6IjdiYmY3ODlmZjBjYzYxOTlkMzcwMDA3Yzc4NTc5Y2UyMWFmMjgyN2QiLCJfYXV0aF91c2VyX2JhY2tlbmQiOiJkamFuZ28uY29udHJpYi5hdXRoLmJhY2tlbmRzLk1vZGVsQmFja2VuZCIsIl9hdXRoX3VzZXJfaWQiOiIxIn0=','2016-04-21 15:46:26'),('3myjx36mhhke954xbiibkfyw4082cmrh','OWE0YjQyMDU4OGNhODNhMTM2MDE1NzQ4OTAzZWFmNTMwOGRmMmY0ODp7Il9hdXRoX3VzZXJfaGFzaCI6IjdiYmY3ODlmZjBjYzYxOTlkMzcwMDA3Yzc4NTc5Y2UyMWFmMjgyN2QiLCJfYXV0aF91c2VyX2JhY2tlbmQiOiJkamFuZ28uY29udHJpYi5hdXRoLmJhY2tlbmRzLk1vZGVsQmFja2VuZCIsIl9hdXRoX3VzZXJfaWQiOiIxIn0=','2016-10-05 16:48:02'),('3n9rykev8ok2omu27p55w98masibe29b','OWE0YjQyMDU4OGNhODNhMTM2MDE1NzQ4OTAzZWFmNTMwOGRmMmY0ODp7Il9hdXRoX3VzZXJfaGFzaCI6IjdiYmY3ODlmZjBjYzYxOTlkMzcwMDA3Yzc4NTc5Y2UyMWFmMjgyN2QiLCJfYXV0aF91c2VyX2JhY2tlbmQiOiJkamFuZ28uY29udHJpYi5hdXRoLmJhY2tlbmRzLk1vZGVsQmFja2VuZCIsIl9hdXRoX3VzZXJfaWQiOiIxIn0=','2016-03-04 10:30:33'),('3snygmj2btwfnwkkqd1a6xa01oawmtz9','OWE0YjQyMDU4OGNhODNhMTM2MDE1NzQ4OTAzZWFmNTMwOGRmMmY0ODp7Il9hdXRoX3VzZXJfaGFzaCI6IjdiYmY3ODlmZjBjYzYxOTlkMzcwMDA3Yzc4NTc5Y2UyMWFmMjgyN2QiLCJfYXV0aF91c2VyX2JhY2tlbmQiOiJkamFuZ28uY29udHJpYi5hdXRoLmJhY2tlbmRzLk1vZGVsQmFja2VuZCIsIl9hdXRoX3VzZXJfaWQiOiIxIn0=','2016-09-08 09:47:29'),('3uptnm4izxcpjapcnxb21hcr1e2x8tku','OWE0YjQyMDU4OGNhODNhMTM2MDE1NzQ4OTAzZWFmNTMwOGRmMmY0ODp7Il9hdXRoX3VzZXJfaGFzaCI6IjdiYmY3ODlmZjBjYzYxOTlkMzcwMDA3Yzc4NTc5Y2UyMWFmMjgyN2QiLCJfYXV0aF91c2VyX2JhY2tlbmQiOiJkamFuZ28uY29udHJpYi5hdXRoLmJhY2tlbmRzLk1vZGVsQmFja2VuZCIsIl9hdXRoX3VzZXJfaWQiOiIxIn0=','2016-10-24 10:50:13'),('3uqq3f9k3d4mu91yemi4j1w7guchnqlh','OWE0YjQyMDU4OGNhODNhMTM2MDE1NzQ4OTAzZWFmNTMwOGRmMmY0ODp7Il9hdXRoX3VzZXJfaGFzaCI6IjdiYmY3ODlmZjBjYzYxOTlkMzcwMDA3Yzc4NTc5Y2UyMWFmMjgyN2QiLCJfYXV0aF91c2VyX2JhY2tlbmQiOiJkamFuZ28uY29udHJpYi5hdXRoLmJhY2tlbmRzLk1vZGVsQmFja2VuZCIsIl9hdXRoX3VzZXJfaWQiOiIxIn0=','2015-10-24 15:23:28'),('3xz4898cmegufsb96z9e2i662iuegu6l','OWE0YjQyMDU4OGNhODNhMTM2MDE1NzQ4OTAzZWFmNTMwOGRmMmY0ODp7Il9hdXRoX3VzZXJfaGFzaCI6IjdiYmY3ODlmZjBjYzYxOTlkMzcwMDA3Yzc4NTc5Y2UyMWFmMjgyN2QiLCJfYXV0aF91c2VyX2JhY2tlbmQiOiJkamFuZ28uY29udHJpYi5hdXRoLmJhY2tlbmRzLk1vZGVsQmFja2VuZCIsIl9hdXRoX3VzZXJfaWQiOiIxIn0=','2016-11-14 10:33:13'),('3zkt2jgd4bxe2ajg2jtuue2xcjjwka5x','OWE0YjQyMDU4OGNhODNhMTM2MDE1NzQ4OTAzZWFmNTMwOGRmMmY0ODp7Il9hdXRoX3VzZXJfaGFzaCI6IjdiYmY3ODlmZjBjYzYxOTlkMzcwMDA3Yzc4NTc5Y2UyMWFmMjgyN2QiLCJfYXV0aF91c2VyX2JhY2tlbmQiOiJkamFuZ28uY29udHJpYi5hdXRoLmJhY2tlbmRzLk1vZGVsQmFja2VuZCIsIl9hdXRoX3VzZXJfaWQiOiIxIn0=','2016-03-15 11:47:20'),('4nn3h9i7lp0mlb71vh4uo2f06rofh37y','OWE0YjQyMDU4OGNhODNhMTM2MDE1NzQ4OTAzZWFmNTMwOGRmMmY0ODp7Il9hdXRoX3VzZXJfaGFzaCI6IjdiYmY3ODlmZjBjYzYxOTlkMzcwMDA3Yzc4NTc5Y2UyMWFmMjgyN2QiLCJfYXV0aF91c2VyX2JhY2tlbmQiOiJkamFuZ28uY29udHJpYi5hdXRoLmJhY2tlbmRzLk1vZGVsQmFja2VuZCIsIl9hdXRoX3VzZXJfaWQiOiIxIn0=','2016-12-13 15:52:37'),('4p8uc03c0mi5io5npsicxade1ea7wgqp','OWE0YjQyMDU4OGNhODNhMTM2MDE1NzQ4OTAzZWFmNTMwOGRmMmY0ODp7Il9hdXRoX3VzZXJfaGFzaCI6IjdiYmY3ODlmZjBjYzYxOTlkMzcwMDA3Yzc4NTc5Y2UyMWFmMjgyN2QiLCJfYXV0aF91c2VyX2JhY2tlbmQiOiJkamFuZ28uY29udHJpYi5hdXRoLmJhY2tlbmRzLk1vZGVsQmFja2VuZCIsIl9hdXRoX3VzZXJfaWQiOiIxIn0=','2015-10-22 21:22:54'),('4u3zmvommynytmq9r1n3j139y315vmy3','OWE0YjQyMDU4OGNhODNhMTM2MDE1NzQ4OTAzZWFmNTMwOGRmMmY0ODp7Il9hdXRoX3VzZXJfaGFzaCI6IjdiYmY3ODlmZjBjYzYxOTlkMzcwMDA3Yzc4NTc5Y2UyMWFmMjgyN2QiLCJfYXV0aF91c2VyX2JhY2tlbmQiOiJkamFuZ28uY29udHJpYi5hdXRoLmJhY2tlbmRzLk1vZGVsQmFja2VuZCIsIl9hdXRoX3VzZXJfaWQiOiIxIn0=','2016-10-28 10:29:41'),('5623c1d9mft8bemylftarv7fxsuz0r85','OWE0YjQyMDU4OGNhODNhMTM2MDE1NzQ4OTAzZWFmNTMwOGRmMmY0ODp7Il9hdXRoX3VzZXJfaGFzaCI6IjdiYmY3ODlmZjBjYzYxOTlkMzcwMDA3Yzc4NTc5Y2UyMWFmMjgyN2QiLCJfYXV0aF91c2VyX2JhY2tlbmQiOiJkamFuZ28uY29udHJpYi5hdXRoLmJhY2tlbmRzLk1vZGVsQmFja2VuZCIsIl9hdXRoX3VzZXJfaWQiOiIxIn0=','2016-11-01 11:07:44'),('57wofej6mb07pv7p1zqvj7hd97fbhdmz','OWE0YjQyMDU4OGNhODNhMTM2MDE1NzQ4OTAzZWFmNTMwOGRmMmY0ODp7Il9hdXRoX3VzZXJfaGFzaCI6IjdiYmY3ODlmZjBjYzYxOTlkMzcwMDA3Yzc4NTc5Y2UyMWFmMjgyN2QiLCJfYXV0aF91c2VyX2JhY2tlbmQiOiJkamFuZ28uY29udHJpYi5hdXRoLmJhY2tlbmRzLk1vZGVsQmFja2VuZCIsIl9hdXRoX3VzZXJfaWQiOiIxIn0=','2016-11-28 12:17:34'),('5q4uyf8pgcgqxumgy47lsjjogfdmw4nm','OWE0YjQyMDU4OGNhODNhMTM2MDE1NzQ4OTAzZWFmNTMwOGRmMmY0ODp7Il9hdXRoX3VzZXJfaGFzaCI6IjdiYmY3ODlmZjBjYzYxOTlkMzcwMDA3Yzc4NTc5Y2UyMWFmMjgyN2QiLCJfYXV0aF91c2VyX2JhY2tlbmQiOiJkamFuZ28uY29udHJpYi5hdXRoLmJhY2tlbmRzLk1vZGVsQmFja2VuZCIsIl9hdXRoX3VzZXJfaWQiOiIxIn0=','2016-10-18 08:35:48'),('60buqm2dhhwvlfi9hakuanxuhuohlucu','OWE0YjQyMDU4OGNhODNhMTM2MDE1NzQ4OTAzZWFmNTMwOGRmMmY0ODp7Il9hdXRoX3VzZXJfaGFzaCI6IjdiYmY3ODlmZjBjYzYxOTlkMzcwMDA3Yzc4NTc5Y2UyMWFmMjgyN2QiLCJfYXV0aF91c2VyX2JhY2tlbmQiOiJkamFuZ28uY29udHJpYi5hdXRoLmJhY2tlbmRzLk1vZGVsQmFja2VuZCIsIl9hdXRoX3VzZXJfaWQiOiIxIn0=','2016-04-08 17:27:30'),('63jqukcocrixaf73487yyqh67yapuqnk','Nzg3ZDc3MTFiNjU5ZTczNmY5M2NiYzYyOGY0MGZiZTZjMDRjMmZlNjp7Il9hdXRoX3VzZXJfaGFzaCI6ImM5ZDZhYjQyMzNkZGE0ZjM4ODczMThkOGE4MzBlYjQ1ZDk0Yjc3ZTIiLCJfYXV0aF91c2VyX2JhY2tlbmQiOiJkamFuZ28uY29udHJpYi5hdXRoLmJhY2tlbmRzLk1vZGVsQmFja2VuZCIsIl9hdXRoX3VzZXJfaWQiOiIyIn0=','2016-12-12 15:00:52'),('6b6kiv0qmfaz48u628i2k3zab8c90paw','OWE0YjQyMDU4OGNhODNhMTM2MDE1NzQ4OTAzZWFmNTMwOGRmMmY0ODp7Il9hdXRoX3VzZXJfaGFzaCI6IjdiYmY3ODlmZjBjYzYxOTlkMzcwMDA3Yzc4NTc5Y2UyMWFmMjgyN2QiLCJfYXV0aF91c2VyX2JhY2tlbmQiOiJkamFuZ28uY29udHJpYi5hdXRoLmJhY2tlbmRzLk1vZGVsQmFja2VuZCIsIl9hdXRoX3VzZXJfaWQiOiIxIn0=','2016-04-04 14:26:15'),('6fd3uipscf17ezxqwme85k8f2a5pxr9c','OWE0YjQyMDU4OGNhODNhMTM2MDE1NzQ4OTAzZWFmNTMwOGRmMmY0ODp7Il9hdXRoX3VzZXJfaGFzaCI6IjdiYmY3ODlmZjBjYzYxOTlkMzcwMDA3Yzc4NTc5Y2UyMWFmMjgyN2QiLCJfYXV0aF91c2VyX2JhY2tlbmQiOiJkamFuZ28uY29udHJpYi5hdXRoLmJhY2tlbmRzLk1vZGVsQmFja2VuZCIsIl9hdXRoX3VzZXJfaWQiOiIxIn0=','2017-03-06 11:22:07'),('6vr5mhs0sa3xm3j3ujbj33ecfxwfef6p','OWE0YjQyMDU4OGNhODNhMTM2MDE1NzQ4OTAzZWFmNTMwOGRmMmY0ODp7Il9hdXRoX3VzZXJfaGFzaCI6IjdiYmY3ODlmZjBjYzYxOTlkMzcwMDA3Yzc4NTc5Y2UyMWFmMjgyN2QiLCJfYXV0aF91c2VyX2JhY2tlbmQiOiJkamFuZ28uY29udHJpYi5hdXRoLmJhY2tlbmRzLk1vZGVsQmFja2VuZCIsIl9hdXRoX3VzZXJfaWQiOiIxIn0=','2016-10-28 10:14:31'),('72beiijpqs5pq7yzzcwce1ogcr6yaj9n','OWE0YjQyMDU4OGNhODNhMTM2MDE1NzQ4OTAzZWFmNTMwOGRmMmY0ODp7Il9hdXRoX3VzZXJfaGFzaCI6IjdiYmY3ODlmZjBjYzYxOTlkMzcwMDA3Yzc4NTc5Y2UyMWFmMjgyN2QiLCJfYXV0aF91c2VyX2JhY2tlbmQiOiJkamFuZ28uY29udHJpYi5hdXRoLmJhY2tlbmRzLk1vZGVsQmFja2VuZCIsIl9hdXRoX3VzZXJfaWQiOiIxIn0=','2016-11-28 11:55:00'),('72rw4n1gqqbtms1ozlpz5oih0tulf89t','OWE0YjQyMDU4OGNhODNhMTM2MDE1NzQ4OTAzZWFmNTMwOGRmMmY0ODp7Il9hdXRoX3VzZXJfaGFzaCI6IjdiYmY3ODlmZjBjYzYxOTlkMzcwMDA3Yzc4NTc5Y2UyMWFmMjgyN2QiLCJfYXV0aF91c2VyX2JhY2tlbmQiOiJkamFuZ28uY29udHJpYi5hdXRoLmJhY2tlbmRzLk1vZGVsQmFja2VuZCIsIl9hdXRoX3VzZXJfaWQiOiIxIn0=','2015-12-23 15:47:23'),('7mtbnfv1kwa4d1wrw5ci102kq8mdn5ze','OWE0YjQyMDU4OGNhODNhMTM2MDE1NzQ4OTAzZWFmNTMwOGRmMmY0ODp7Il9hdXRoX3VzZXJfaGFzaCI6IjdiYmY3ODlmZjBjYzYxOTlkMzcwMDA3Yzc4NTc5Y2UyMWFmMjgyN2QiLCJfYXV0aF91c2VyX2JhY2tlbmQiOiJkamFuZ28uY29udHJpYi5hdXRoLmJhY2tlbmRzLk1vZGVsQmFja2VuZCIsIl9hdXRoX3VzZXJfaWQiOiIxIn0=','2016-04-14 15:41:33'),('800qepjsq3merk4mysrg6hrwuaxsbmpm','OWE0YjQyMDU4OGNhODNhMTM2MDE1NzQ4OTAzZWFmNTMwOGRmMmY0ODp7Il9hdXRoX3VzZXJfaGFzaCI6IjdiYmY3ODlmZjBjYzYxOTlkMzcwMDA3Yzc4NTc5Y2UyMWFmMjgyN2QiLCJfYXV0aF91c2VyX2JhY2tlbmQiOiJkamFuZ28uY29udHJpYi5hdXRoLmJhY2tlbmRzLk1vZGVsQmFja2VuZCIsIl9hdXRoX3VzZXJfaWQiOiIxIn0=','2017-03-21 15:22:52'),('89u8zkfog9umu5useipf2j5fh3foxs0o','OWE0YjQyMDU4OGNhODNhMTM2MDE1NzQ4OTAzZWFmNTMwOGRmMmY0ODp7Il9hdXRoX3VzZXJfaGFzaCI6IjdiYmY3ODlmZjBjYzYxOTlkMzcwMDA3Yzc4NTc5Y2UyMWFmMjgyN2QiLCJfYXV0aF91c2VyX2JhY2tlbmQiOiJkamFuZ28uY29udHJpYi5hdXRoLmJhY2tlbmRzLk1vZGVsQmFja2VuZCIsIl9hdXRoX3VzZXJfaWQiOiIxIn0=','2016-02-04 17:16:27'),('8f6yk8e70dwx47xpdlnblvq02v9b3iyr','OWE0YjQyMDU4OGNhODNhMTM2MDE1NzQ4OTAzZWFmNTMwOGRmMmY0ODp7Il9hdXRoX3VzZXJfaGFzaCI6IjdiYmY3ODlmZjBjYzYxOTlkMzcwMDA3Yzc4NTc5Y2UyMWFmMjgyN2QiLCJfYXV0aF91c2VyX2JhY2tlbmQiOiJkamFuZ28uY29udHJpYi5hdXRoLmJhY2tlbmRzLk1vZGVsQmFja2VuZCIsIl9hdXRoX3VzZXJfaWQiOiIxIn0=','2016-10-26 16:28:28'),('8fqzi9jgsuav9e7r6ucqcq2ambsirddp','OWE0YjQyMDU4OGNhODNhMTM2MDE1NzQ4OTAzZWFmNTMwOGRmMmY0ODp7Il9hdXRoX3VzZXJfaGFzaCI6IjdiYmY3ODlmZjBjYzYxOTlkMzcwMDA3Yzc4NTc5Y2UyMWFmMjgyN2QiLCJfYXV0aF91c2VyX2JhY2tlbmQiOiJkamFuZ28uY29udHJpYi5hdXRoLmJhY2tlbmRzLk1vZGVsQmFja2VuZCIsIl9hdXRoX3VzZXJfaWQiOiIxIn0=','2017-09-18 10:21:37'),('8ntomh2gsegsem4dnrbzvlsu3c0emv97','OWE0YjQyMDU4OGNhODNhMTM2MDE1NzQ4OTAzZWFmNTMwOGRmMmY0ODp7Il9hdXRoX3VzZXJfaGFzaCI6IjdiYmY3ODlmZjBjYzYxOTlkMzcwMDA3Yzc4NTc5Y2UyMWFmMjgyN2QiLCJfYXV0aF91c2VyX2JhY2tlbmQiOiJkamFuZ28uY29udHJpYi5hdXRoLmJhY2tlbmRzLk1vZGVsQmFja2VuZCIsIl9hdXRoX3VzZXJfaWQiOiIxIn0=','2016-02-18 12:12:09'),('8u0t52zzfge9ljwwbg443vmj10dthazn','OWE0YjQyMDU4OGNhODNhMTM2MDE1NzQ4OTAzZWFmNTMwOGRmMmY0ODp7Il9hdXRoX3VzZXJfaGFzaCI6IjdiYmY3ODlmZjBjYzYxOTlkMzcwMDA3Yzc4NTc5Y2UyMWFmMjgyN2QiLCJfYXV0aF91c2VyX2JhY2tlbmQiOiJkamFuZ28uY29udHJpYi5hdXRoLmJhY2tlbmRzLk1vZGVsQmFja2VuZCIsIl9hdXRoX3VzZXJfaWQiOiIxIn0=','2017-11-30 12:14:23'),('8v0tbe87llttteblenu72pxwvrge1xr1','OWE0YjQyMDU4OGNhODNhMTM2MDE1NzQ4OTAzZWFmNTMwOGRmMmY0ODp7Il9hdXRoX3VzZXJfaGFzaCI6IjdiYmY3ODlmZjBjYzYxOTlkMzcwMDA3Yzc4NTc5Y2UyMWFmMjgyN2QiLCJfYXV0aF91c2VyX2JhY2tlbmQiOiJkamFuZ28uY29udHJpYi5hdXRoLmJhY2tlbmRzLk1vZGVsQmFja2VuZCIsIl9hdXRoX3VzZXJfaWQiOiIxIn0=','2016-03-16 18:04:11'),('8w2mpujzv4lyr4w3r4hr5md3d33okn2q','OWE0YjQyMDU4OGNhODNhMTM2MDE1NzQ4OTAzZWFmNTMwOGRmMmY0ODp7Il9hdXRoX3VzZXJfaGFzaCI6IjdiYmY3ODlmZjBjYzYxOTlkMzcwMDA3Yzc4NTc5Y2UyMWFmMjgyN2QiLCJfYXV0aF91c2VyX2JhY2tlbmQiOiJkamFuZ28uY29udHJpYi5hdXRoLmJhY2tlbmRzLk1vZGVsQmFja2VuZCIsIl9hdXRoX3VzZXJfaWQiOiIxIn0=','2016-09-02 14:01:11'),('93xbmbgaota20eie5bqdw39gilicu4cz','OWE0YjQyMDU4OGNhODNhMTM2MDE1NzQ4OTAzZWFmNTMwOGRmMmY0ODp7Il9hdXRoX3VzZXJfaGFzaCI6IjdiYmY3ODlmZjBjYzYxOTlkMzcwMDA3Yzc4NTc5Y2UyMWFmMjgyN2QiLCJfYXV0aF91c2VyX2JhY2tlbmQiOiJkamFuZ28uY29udHJpYi5hdXRoLmJhY2tlbmRzLk1vZGVsQmFja2VuZCIsIl9hdXRoX3VzZXJfaWQiOiIxIn0=','2016-03-24 17:03:04'),('96sqqnbvcaipzi7mfcdnfbsknbkqryiz','OWE0YjQyMDU4OGNhODNhMTM2MDE1NzQ4OTAzZWFmNTMwOGRmMmY0ODp7Il9hdXRoX3VzZXJfaGFzaCI6IjdiYmY3ODlmZjBjYzYxOTlkMzcwMDA3Yzc4NTc5Y2UyMWFmMjgyN2QiLCJfYXV0aF91c2VyX2JhY2tlbmQiOiJkamFuZ28uY29udHJpYi5hdXRoLmJhY2tlbmRzLk1vZGVsQmFja2VuZCIsIl9hdXRoX3VzZXJfaWQiOiIxIn0=','2015-10-20 13:47:58'),('98k98mwum2bh312b0kovopmm82rjtpj2','OWE0YjQyMDU4OGNhODNhMTM2MDE1NzQ4OTAzZWFmNTMwOGRmMmY0ODp7Il9hdXRoX3VzZXJfaGFzaCI6IjdiYmY3ODlmZjBjYzYxOTlkMzcwMDA3Yzc4NTc5Y2UyMWFmMjgyN2QiLCJfYXV0aF91c2VyX2JhY2tlbmQiOiJkamFuZ28uY29udHJpYi5hdXRoLmJhY2tlbmRzLk1vZGVsQmFja2VuZCIsIl9hdXRoX3VzZXJfaWQiOiIxIn0=','2017-01-18 16:18:14'),('9nz30yrubycdzy5zcqb6nmaywukugsm9','OWE0YjQyMDU4OGNhODNhMTM2MDE1NzQ4OTAzZWFmNTMwOGRmMmY0ODp7Il9hdXRoX3VzZXJfaGFzaCI6IjdiYmY3ODlmZjBjYzYxOTlkMzcwMDA3Yzc4NTc5Y2UyMWFmMjgyN2QiLCJfYXV0aF91c2VyX2JhY2tlbmQiOiJkamFuZ28uY29udHJpYi5hdXRoLmJhY2tlbmRzLk1vZGVsQmFja2VuZCIsIl9hdXRoX3VzZXJfaWQiOiIxIn0=','2016-11-10 10:16:23'),('9rdoprt9wr6usa0n9b585rc702kbovpg','OWE0YjQyMDU4OGNhODNhMTM2MDE1NzQ4OTAzZWFmNTMwOGRmMmY0ODp7Il9hdXRoX3VzZXJfaGFzaCI6IjdiYmY3ODlmZjBjYzYxOTlkMzcwMDA3Yzc4NTc5Y2UyMWFmMjgyN2QiLCJfYXV0aF91c2VyX2JhY2tlbmQiOiJkamFuZ28uY29udHJpYi5hdXRoLmJhY2tlbmRzLk1vZGVsQmFja2VuZCIsIl9hdXRoX3VzZXJfaWQiOiIxIn0=','2017-01-13 18:00:09'),('a1blqrs6bds6j5kiusqylwidanw3uagn','OWE0YjQyMDU4OGNhODNhMTM2MDE1NzQ4OTAzZWFmNTMwOGRmMmY0ODp7Il9hdXRoX3VzZXJfaGFzaCI6IjdiYmY3ODlmZjBjYzYxOTlkMzcwMDA3Yzc4NTc5Y2UyMWFmMjgyN2QiLCJfYXV0aF91c2VyX2JhY2tlbmQiOiJkamFuZ28uY29udHJpYi5hdXRoLmJhY2tlbmRzLk1vZGVsQmFja2VuZCIsIl9hdXRoX3VzZXJfaWQiOiIxIn0=','2016-01-04 22:17:54'),('a9czw8m8bv49dsvimwonlw6yly34dige','OWE0YjQyMDU4OGNhODNhMTM2MDE1NzQ4OTAzZWFmNTMwOGRmMmY0ODp7Il9hdXRoX3VzZXJfaGFzaCI6IjdiYmY3ODlmZjBjYzYxOTlkMzcwMDA3Yzc4NTc5Y2UyMWFmMjgyN2QiLCJfYXV0aF91c2VyX2JhY2tlbmQiOiJkamFuZ28uY29udHJpYi5hdXRoLmJhY2tlbmRzLk1vZGVsQmFja2VuZCIsIl9hdXRoX3VzZXJfaWQiOiIxIn0=','2017-11-13 15:28:43'),('a9mh9eq8psbnzg51qfvlqckuv0oqbofu','OWE0YjQyMDU4OGNhODNhMTM2MDE1NzQ4OTAzZWFmNTMwOGRmMmY0ODp7Il9hdXRoX3VzZXJfaGFzaCI6IjdiYmY3ODlmZjBjYzYxOTlkMzcwMDA3Yzc4NTc5Y2UyMWFmMjgyN2QiLCJfYXV0aF91c2VyX2JhY2tlbmQiOiJkamFuZ28uY29udHJpYi5hdXRoLmJhY2tlbmRzLk1vZGVsQmFja2VuZCIsIl9hdXRoX3VzZXJfaWQiOiIxIn0=','2015-10-19 17:30:12'),('ak8knndlrxgpukh2rmuqh1uxpubc5xn2','OWE0YjQyMDU4OGNhODNhMTM2MDE1NzQ4OTAzZWFmNTMwOGRmMmY0ODp7Il9hdXRoX3VzZXJfaGFzaCI6IjdiYmY3ODlmZjBjYzYxOTlkMzcwMDA3Yzc4NTc5Y2UyMWFmMjgyN2QiLCJfYXV0aF91c2VyX2JhY2tlbmQiOiJkamFuZ28uY29udHJpYi5hdXRoLmJhY2tlbmRzLk1vZGVsQmFja2VuZCIsIl9hdXRoX3VzZXJfaWQiOiIxIn0=','2015-10-28 09:59:31'),('an2ytmpgwlhfydh86nkn1f2icwmdik1k','OWE0YjQyMDU4OGNhODNhMTM2MDE1NzQ4OTAzZWFmNTMwOGRmMmY0ODp7Il9hdXRoX3VzZXJfaGFzaCI6IjdiYmY3ODlmZjBjYzYxOTlkMzcwMDA3Yzc4NTc5Y2UyMWFmMjgyN2QiLCJfYXV0aF91c2VyX2JhY2tlbmQiOiJkamFuZ28uY29udHJpYi5hdXRoLmJhY2tlbmRzLk1vZGVsQmFja2VuZCIsIl9hdXRoX3VzZXJfaWQiOiIxIn0=','2016-09-19 12:00:18'),('au5xm2htjf110ypjv6zmqjeoflci6o0f','OWE0YjQyMDU4OGNhODNhMTM2MDE1NzQ4OTAzZWFmNTMwOGRmMmY0ODp7Il9hdXRoX3VzZXJfaGFzaCI6IjdiYmY3ODlmZjBjYzYxOTlkMzcwMDA3Yzc4NTc5Y2UyMWFmMjgyN2QiLCJfYXV0aF91c2VyX2JhY2tlbmQiOiJkamFuZ28uY29udHJpYi5hdXRoLmJhY2tlbmRzLk1vZGVsQmFja2VuZCIsIl9hdXRoX3VzZXJfaWQiOiIxIn0=','2017-01-09 12:57:56'),('b053uxl0s8drcbinz0vsch775pixwd4m','OWE0YjQyMDU4OGNhODNhMTM2MDE1NzQ4OTAzZWFmNTMwOGRmMmY0ODp7Il9hdXRoX3VzZXJfaGFzaCI6IjdiYmY3ODlmZjBjYzYxOTlkMzcwMDA3Yzc4NTc5Y2UyMWFmMjgyN2QiLCJfYXV0aF91c2VyX2JhY2tlbmQiOiJkamFuZ28uY29udHJpYi5hdXRoLmJhY2tlbmRzLk1vZGVsQmFja2VuZCIsIl9hdXRoX3VzZXJfaWQiOiIxIn0=','2015-10-25 14:40:18'),('btjjioocexrkw9443z10f7d8op6kfcns','OWE0YjQyMDU4OGNhODNhMTM2MDE1NzQ4OTAzZWFmNTMwOGRmMmY0ODp7Il9hdXRoX3VzZXJfaGFzaCI6IjdiYmY3ODlmZjBjYzYxOTlkMzcwMDA3Yzc4NTc5Y2UyMWFmMjgyN2QiLCJfYXV0aF91c2VyX2JhY2tlbmQiOiJkamFuZ28uY29udHJpYi5hdXRoLmJhY2tlbmRzLk1vZGVsQmFja2VuZCIsIl9hdXRoX3VzZXJfaWQiOiIxIn0=','2016-09-01 13:49:44'),('c8bbtjmqcyyhqs5mls7k8uex4lmzwnpz','OWE0YjQyMDU4OGNhODNhMTM2MDE1NzQ4OTAzZWFmNTMwOGRmMmY0ODp7Il9hdXRoX3VzZXJfaGFzaCI6IjdiYmY3ODlmZjBjYzYxOTlkMzcwMDA3Yzc4NTc5Y2UyMWFmMjgyN2QiLCJfYXV0aF91c2VyX2JhY2tlbmQiOiJkamFuZ28uY29udHJpYi5hdXRoLmJhY2tlbmRzLk1vZGVsQmFja2VuZCIsIl9hdXRoX3VzZXJfaWQiOiIxIn0=','2016-08-18 11:19:44'),('crs95c8pdph21o5fcv2ako1j4crd8v80','OWE0YjQyMDU4OGNhODNhMTM2MDE1NzQ4OTAzZWFmNTMwOGRmMmY0ODp7Il9hdXRoX3VzZXJfaGFzaCI6IjdiYmY3ODlmZjBjYzYxOTlkMzcwMDA3Yzc4NTc5Y2UyMWFmMjgyN2QiLCJfYXV0aF91c2VyX2JhY2tlbmQiOiJkamFuZ28uY29udHJpYi5hdXRoLmJhY2tlbmRzLk1vZGVsQmFja2VuZCIsIl9hdXRoX3VzZXJfaWQiOiIxIn0=','2016-08-22 13:48:48'),('cvpuiomwfxa76mbxohqsg69ea3hdlvp2','OWE0YjQyMDU4OGNhODNhMTM2MDE1NzQ4OTAzZWFmNTMwOGRmMmY0ODp7Il9hdXRoX3VzZXJfaGFzaCI6IjdiYmY3ODlmZjBjYzYxOTlkMzcwMDA3Yzc4NTc5Y2UyMWFmMjgyN2QiLCJfYXV0aF91c2VyX2JhY2tlbmQiOiJkamFuZ28uY29udHJpYi5hdXRoLmJhY2tlbmRzLk1vZGVsQmFja2VuZCIsIl9hdXRoX3VzZXJfaWQiOiIxIn0=','2015-10-23 16:14:29'),('cwikrc944egphmdpb6yjycudhimel2mw','OWE0YjQyMDU4OGNhODNhMTM2MDE1NzQ4OTAzZWFmNTMwOGRmMmY0ODp7Il9hdXRoX3VzZXJfaGFzaCI6IjdiYmY3ODlmZjBjYzYxOTlkMzcwMDA3Yzc4NTc5Y2UyMWFmMjgyN2QiLCJfYXV0aF91c2VyX2JhY2tlbmQiOiJkamFuZ28uY29udHJpYi5hdXRoLmJhY2tlbmRzLk1vZGVsQmFja2VuZCIsIl9hdXRoX3VzZXJfaWQiOiIxIn0=','2017-02-10 14:47:09'),('czid3tze4lv6krxtgm4fwzlsbmu2crmq','OWE0YjQyMDU4OGNhODNhMTM2MDE1NzQ4OTAzZWFmNTMwOGRmMmY0ODp7Il9hdXRoX3VzZXJfaGFzaCI6IjdiYmY3ODlmZjBjYzYxOTlkMzcwMDA3Yzc4NTc5Y2UyMWFmMjgyN2QiLCJfYXV0aF91c2VyX2JhY2tlbmQiOiJkamFuZ28uY29udHJpYi5hdXRoLmJhY2tlbmRzLk1vZGVsQmFja2VuZCIsIl9hdXRoX3VzZXJfaWQiOiIxIn0=','2016-12-09 16:37:46'),('czkrmfwii1s039391ep7p4f6qzu146vp','OWE0YjQyMDU4OGNhODNhMTM2MDE1NzQ4OTAzZWFmNTMwOGRmMmY0ODp7Il9hdXRoX3VzZXJfaGFzaCI6IjdiYmY3ODlmZjBjYzYxOTlkMzcwMDA3Yzc4NTc5Y2UyMWFmMjgyN2QiLCJfYXV0aF91c2VyX2JhY2tlbmQiOiJkamFuZ28uY29udHJpYi5hdXRoLmJhY2tlbmRzLk1vZGVsQmFja2VuZCIsIl9hdXRoX3VzZXJfaWQiOiIxIn0=','2015-12-22 16:29:10'),('ddtpb2adv0md0svfq1berippb50777kw','OWE0YjQyMDU4OGNhODNhMTM2MDE1NzQ4OTAzZWFmNTMwOGRmMmY0ODp7Il9hdXRoX3VzZXJfaGFzaCI6IjdiYmY3ODlmZjBjYzYxOTlkMzcwMDA3Yzc4NTc5Y2UyMWFmMjgyN2QiLCJfYXV0aF91c2VyX2JhY2tlbmQiOiJkamFuZ28uY29udHJpYi5hdXRoLmJhY2tlbmRzLk1vZGVsQmFja2VuZCIsIl9hdXRoX3VzZXJfaWQiOiIxIn0=','2016-10-25 13:09:31'),('dtzi55ah96kkvlmnu93ci5bihax9zuxk','OWE0YjQyMDU4OGNhODNhMTM2MDE1NzQ4OTAzZWFmNTMwOGRmMmY0ODp7Il9hdXRoX3VzZXJfaGFzaCI6IjdiYmY3ODlmZjBjYzYxOTlkMzcwMDA3Yzc4NTc5Y2UyMWFmMjgyN2QiLCJfYXV0aF91c2VyX2JhY2tlbmQiOiJkamFuZ28uY29udHJpYi5hdXRoLmJhY2tlbmRzLk1vZGVsQmFja2VuZCIsIl9hdXRoX3VzZXJfaWQiOiIxIn0=','2015-12-28 09:31:08'),('dzcld6jkjnbkg0n1qx0s7y7c3u19dnsw','OWE0YjQyMDU4OGNhODNhMTM2MDE1NzQ4OTAzZWFmNTMwOGRmMmY0ODp7Il9hdXRoX3VzZXJfaGFzaCI6IjdiYmY3ODlmZjBjYzYxOTlkMzcwMDA3Yzc4NTc5Y2UyMWFmMjgyN2QiLCJfYXV0aF91c2VyX2JhY2tlbmQiOiJkamFuZ28uY29udHJpYi5hdXRoLmJhY2tlbmRzLk1vZGVsQmFja2VuZCIsIl9hdXRoX3VzZXJfaWQiOiIxIn0=','2018-04-10 14:15:17'),('e0g7h8sftltmbunyzugg6rlystypp7q1','OWE0YjQyMDU4OGNhODNhMTM2MDE1NzQ4OTAzZWFmNTMwOGRmMmY0ODp7Il9hdXRoX3VzZXJfaGFzaCI6IjdiYmY3ODlmZjBjYzYxOTlkMzcwMDA3Yzc4NTc5Y2UyMWFmMjgyN2QiLCJfYXV0aF91c2VyX2JhY2tlbmQiOiJkamFuZ28uY29udHJpYi5hdXRoLmJhY2tlbmRzLk1vZGVsQmFja2VuZCIsIl9hdXRoX3VzZXJfaWQiOiIxIn0=','2015-11-02 09:01:35'),('e0livjs48ud7ejfpz0qpgktich0ocw0y','OWE0YjQyMDU4OGNhODNhMTM2MDE1NzQ4OTAzZWFmNTMwOGRmMmY0ODp7Il9hdXRoX3VzZXJfaGFzaCI6IjdiYmY3ODlmZjBjYzYxOTlkMzcwMDA3Yzc4NTc5Y2UyMWFmMjgyN2QiLCJfYXV0aF91c2VyX2JhY2tlbmQiOiJkamFuZ28uY29udHJpYi5hdXRoLmJhY2tlbmRzLk1vZGVsQmFja2VuZCIsIl9hdXRoX3VzZXJfaWQiOiIxIn0=','2017-03-21 15:17:46'),('e9par6z43rlmanysmvhy691gcypw9wdx','OWE0YjQyMDU4OGNhODNhMTM2MDE1NzQ4OTAzZWFmNTMwOGRmMmY0ODp7Il9hdXRoX3VzZXJfaGFzaCI6IjdiYmY3ODlmZjBjYzYxOTlkMzcwMDA3Yzc4NTc5Y2UyMWFmMjgyN2QiLCJfYXV0aF91c2VyX2JhY2tlbmQiOiJkamFuZ28uY29udHJpYi5hdXRoLmJhY2tlbmRzLk1vZGVsQmFja2VuZCIsIl9hdXRoX3VzZXJfaWQiOiIxIn0=','2017-01-09 11:22:45'),('edqsjw2fr2on69smax1552nscqfmzzdq','OWE0YjQyMDU4OGNhODNhMTM2MDE1NzQ4OTAzZWFmNTMwOGRmMmY0ODp7Il9hdXRoX3VzZXJfaGFzaCI6IjdiYmY3ODlmZjBjYzYxOTlkMzcwMDA3Yzc4NTc5Y2UyMWFmMjgyN2QiLCJfYXV0aF91c2VyX2JhY2tlbmQiOiJkamFuZ28uY29udHJpYi5hdXRoLmJhY2tlbmRzLk1vZGVsQmFja2VuZCIsIl9hdXRoX3VzZXJfaWQiOiIxIn0=','2017-12-07 11:02:11'),('edudggup9snuirnz4qxolmor3owaqhpt','OWE0YjQyMDU4OGNhODNhMTM2MDE1NzQ4OTAzZWFmNTMwOGRmMmY0ODp7Il9hdXRoX3VzZXJfaGFzaCI6IjdiYmY3ODlmZjBjYzYxOTlkMzcwMDA3Yzc4NTc5Y2UyMWFmMjgyN2QiLCJfYXV0aF91c2VyX2JhY2tlbmQiOiJkamFuZ28uY29udHJpYi5hdXRoLmJhY2tlbmRzLk1vZGVsQmFja2VuZCIsIl9hdXRoX3VzZXJfaWQiOiIxIn0=','2016-03-03 17:56:49'),('eg941cn9md9v0w8xfw07fqna0pv0grmy','OWE0YjQyMDU4OGNhODNhMTM2MDE1NzQ4OTAzZWFmNTMwOGRmMmY0ODp7Il9hdXRoX3VzZXJfaGFzaCI6IjdiYmY3ODlmZjBjYzYxOTlkMzcwMDA3Yzc4NTc5Y2UyMWFmMjgyN2QiLCJfYXV0aF91c2VyX2JhY2tlbmQiOiJkamFuZ28uY29udHJpYi5hdXRoLmJhY2tlbmRzLk1vZGVsQmFja2VuZCIsIl9hdXRoX3VzZXJfaWQiOiIxIn0=','2016-09-01 11:27:59'),('f3tzm505sbnzubvb9c44vzqsfar62rd0','OWE0YjQyMDU4OGNhODNhMTM2MDE1NzQ4OTAzZWFmNTMwOGRmMmY0ODp7Il9hdXRoX3VzZXJfaGFzaCI6IjdiYmY3ODlmZjBjYzYxOTlkMzcwMDA3Yzc4NTc5Y2UyMWFmMjgyN2QiLCJfYXV0aF91c2VyX2JhY2tlbmQiOiJkamFuZ28uY29udHJpYi5hdXRoLmJhY2tlbmRzLk1vZGVsQmFja2VuZCIsIl9hdXRoX3VzZXJfaWQiOiIxIn0=','2016-04-21 15:32:31'),('f547yi8suxd6okessz9n8axalrp1g105','OWE0YjQyMDU4OGNhODNhMTM2MDE1NzQ4OTAzZWFmNTMwOGRmMmY0ODp7Il9hdXRoX3VzZXJfaGFzaCI6IjdiYmY3ODlmZjBjYzYxOTlkMzcwMDA3Yzc4NTc5Y2UyMWFmMjgyN2QiLCJfYXV0aF91c2VyX2JhY2tlbmQiOiJkamFuZ28uY29udHJpYi5hdXRoLmJhY2tlbmRzLk1vZGVsQmFja2VuZCIsIl9hdXRoX3VzZXJfaWQiOiIxIn0=','2017-07-31 14:18:05'),('f79fexj5omqpfi94jm9sdrcew0rvmcay','OWE0YjQyMDU4OGNhODNhMTM2MDE1NzQ4OTAzZWFmNTMwOGRmMmY0ODp7Il9hdXRoX3VzZXJfaGFzaCI6IjdiYmY3ODlmZjBjYzYxOTlkMzcwMDA3Yzc4NTc5Y2UyMWFmMjgyN2QiLCJfYXV0aF91c2VyX2JhY2tlbmQiOiJkamFuZ28uY29udHJpYi5hdXRoLmJhY2tlbmRzLk1vZGVsQmFja2VuZCIsIl9hdXRoX3VzZXJfaWQiOiIxIn0=','2016-06-03 15:18:48'),('f7r549dtbxdorzo0yqvcsjivfa3gnddy','OWE0YjQyMDU4OGNhODNhMTM2MDE1NzQ4OTAzZWFmNTMwOGRmMmY0ODp7Il9hdXRoX3VzZXJfaGFzaCI6IjdiYmY3ODlmZjBjYzYxOTlkMzcwMDA3Yzc4NTc5Y2UyMWFmMjgyN2QiLCJfYXV0aF91c2VyX2JhY2tlbmQiOiJkamFuZ28uY29udHJpYi5hdXRoLmJhY2tlbmRzLk1vZGVsQmFja2VuZCIsIl9hdXRoX3VzZXJfaWQiOiIxIn0=','2016-04-25 11:11:12'),('fb4132y5xnpm32ud38gx5ocwq9jb3jp1','OWE0YjQyMDU4OGNhODNhMTM2MDE1NzQ4OTAzZWFmNTMwOGRmMmY0ODp7Il9hdXRoX3VzZXJfaGFzaCI6IjdiYmY3ODlmZjBjYzYxOTlkMzcwMDA3Yzc4NTc5Y2UyMWFmMjgyN2QiLCJfYXV0aF91c2VyX2JhY2tlbmQiOiJkamFuZ28uY29udHJpYi5hdXRoLmJhY2tlbmRzLk1vZGVsQmFja2VuZCIsIl9hdXRoX3VzZXJfaWQiOiIxIn0=','2016-10-14 11:36:20'),('fm9qwtlrlyrwa7j9ny7tchumxgd6yhqd','OWE0YjQyMDU4OGNhODNhMTM2MDE1NzQ4OTAzZWFmNTMwOGRmMmY0ODp7Il9hdXRoX3VzZXJfaGFzaCI6IjdiYmY3ODlmZjBjYzYxOTlkMzcwMDA3Yzc4NTc5Y2UyMWFmMjgyN2QiLCJfYXV0aF91c2VyX2JhY2tlbmQiOiJkamFuZ28uY29udHJpYi5hdXRoLmJhY2tlbmRzLk1vZGVsQmFja2VuZCIsIl9hdXRoX3VzZXJfaWQiOiIxIn0=','2017-11-07 16:45:31'),('fwxtst8fd503ifeb18yvmoyq67k7iq3i','OWE0YjQyMDU4OGNhODNhMTM2MDE1NzQ4OTAzZWFmNTMwOGRmMmY0ODp7Il9hdXRoX3VzZXJfaGFzaCI6IjdiYmY3ODlmZjBjYzYxOTlkMzcwMDA3Yzc4NTc5Y2UyMWFmMjgyN2QiLCJfYXV0aF91c2VyX2JhY2tlbmQiOiJkamFuZ28uY29udHJpYi5hdXRoLmJhY2tlbmRzLk1vZGVsQmFja2VuZCIsIl9hdXRoX3VzZXJfaWQiOiIxIn0=','2015-10-19 08:20:54'),('g1lihvkpjk9z3zdei3l2d42nfnzqzhaw','OWE0YjQyMDU4OGNhODNhMTM2MDE1NzQ4OTAzZWFmNTMwOGRmMmY0ODp7Il9hdXRoX3VzZXJfaGFzaCI6IjdiYmY3ODlmZjBjYzYxOTlkMzcwMDA3Yzc4NTc5Y2UyMWFmMjgyN2QiLCJfYXV0aF91c2VyX2JhY2tlbmQiOiJkamFuZ28uY29udHJpYi5hdXRoLmJhY2tlbmRzLk1vZGVsQmFja2VuZCIsIl9hdXRoX3VzZXJfaWQiOiIxIn0=','2018-03-28 00:13:01'),('gmbv874puxckf8axomclcqtozsprtkuh','OWE0YjQyMDU4OGNhODNhMTM2MDE1NzQ4OTAzZWFmNTMwOGRmMmY0ODp7Il9hdXRoX3VzZXJfaGFzaCI6IjdiYmY3ODlmZjBjYzYxOTlkMzcwMDA3Yzc4NTc5Y2UyMWFmMjgyN2QiLCJfYXV0aF91c2VyX2JhY2tlbmQiOiJkamFuZ28uY29udHJpYi5hdXRoLmJhY2tlbmRzLk1vZGVsQmFja2VuZCIsIl9hdXRoX3VzZXJfaWQiOiIxIn0=','2018-04-06 16:20:26'),('hm766qceymt39oshkamgtt391y691app','OWE0YjQyMDU4OGNhODNhMTM2MDE1NzQ4OTAzZWFmNTMwOGRmMmY0ODp7Il9hdXRoX3VzZXJfaGFzaCI6IjdiYmY3ODlmZjBjYzYxOTlkMzcwMDA3Yzc4NTc5Y2UyMWFmMjgyN2QiLCJfYXV0aF91c2VyX2JhY2tlbmQiOiJkamFuZ28uY29udHJpYi5hdXRoLmJhY2tlbmRzLk1vZGVsQmFja2VuZCIsIl9hdXRoX3VzZXJfaWQiOiIxIn0=','2017-03-20 16:48:33'),('hqywl2tta7aennu0l9ylbdgd8uyz67lv','OWE0YjQyMDU4OGNhODNhMTM2MDE1NzQ4OTAzZWFmNTMwOGRmMmY0ODp7Il9hdXRoX3VzZXJfaGFzaCI6IjdiYmY3ODlmZjBjYzYxOTlkMzcwMDA3Yzc4NTc5Y2UyMWFmMjgyN2QiLCJfYXV0aF91c2VyX2JhY2tlbmQiOiJkamFuZ28uY29udHJpYi5hdXRoLmJhY2tlbmRzLk1vZGVsQmFja2VuZCIsIl9hdXRoX3VzZXJfaWQiOiIxIn0=','2017-12-08 09:56:01'),('hrnl0gxquwnywtfjr98ojvoz3gku03wv','OWE0YjQyMDU4OGNhODNhMTM2MDE1NzQ4OTAzZWFmNTMwOGRmMmY0ODp7Il9hdXRoX3VzZXJfaGFzaCI6IjdiYmY3ODlmZjBjYzYxOTlkMzcwMDA3Yzc4NTc5Y2UyMWFmMjgyN2QiLCJfYXV0aF91c2VyX2JhY2tlbmQiOiJkamFuZ28uY29udHJpYi5hdXRoLmJhY2tlbmRzLk1vZGVsQmFja2VuZCIsIl9hdXRoX3VzZXJfaWQiOiIxIn0=','2016-06-20 15:08:23'),('i7mwrzw3jz21sj19lu5mn84a1e84l8ya','OWE0YjQyMDU4OGNhODNhMTM2MDE1NzQ4OTAzZWFmNTMwOGRmMmY0ODp7Il9hdXRoX3VzZXJfaGFzaCI6IjdiYmY3ODlmZjBjYzYxOTlkMzcwMDA3Yzc4NTc5Y2UyMWFmMjgyN2QiLCJfYXV0aF91c2VyX2JhY2tlbmQiOiJkamFuZ28uY29udHJpYi5hdXRoLmJhY2tlbmRzLk1vZGVsQmFja2VuZCIsIl9hdXRoX3VzZXJfaWQiOiIxIn0=','2016-03-11 14:17:08'),('ia3kz7vb1unsjbhi6fvc5k1gnrj0a5m9','OWE0YjQyMDU4OGNhODNhMTM2MDE1NzQ4OTAzZWFmNTMwOGRmMmY0ODp7Il9hdXRoX3VzZXJfaGFzaCI6IjdiYmY3ODlmZjBjYzYxOTlkMzcwMDA3Yzc4NTc5Y2UyMWFmMjgyN2QiLCJfYXV0aF91c2VyX2JhY2tlbmQiOiJkamFuZ28uY29udHJpYi5hdXRoLmJhY2tlbmRzLk1vZGVsQmFja2VuZCIsIl9hdXRoX3VzZXJfaWQiOiIxIn0=','2016-11-09 11:50:13'),('iap0ojtiygux5iq8lh9al57m86k5ey1f','OWE0YjQyMDU4OGNhODNhMTM2MDE1NzQ4OTAzZWFmNTMwOGRmMmY0ODp7Il9hdXRoX3VzZXJfaGFzaCI6IjdiYmY3ODlmZjBjYzYxOTlkMzcwMDA3Yzc4NTc5Y2UyMWFmMjgyN2QiLCJfYXV0aF91c2VyX2JhY2tlbmQiOiJkamFuZ28uY29udHJpYi5hdXRoLmJhY2tlbmRzLk1vZGVsQmFja2VuZCIsIl9hdXRoX3VzZXJfaWQiOiIxIn0=','2016-02-19 10:52:32'),('iawz605dyu7wzvrtqdl8auaxfl9nkcrh','OWE0YjQyMDU4OGNhODNhMTM2MDE1NzQ4OTAzZWFmNTMwOGRmMmY0ODp7Il9hdXRoX3VzZXJfaGFzaCI6IjdiYmY3ODlmZjBjYzYxOTlkMzcwMDA3Yzc4NTc5Y2UyMWFmMjgyN2QiLCJfYXV0aF91c2VyX2JhY2tlbmQiOiJkamFuZ28uY29udHJpYi5hdXRoLmJhY2tlbmRzLk1vZGVsQmFja2VuZCIsIl9hdXRoX3VzZXJfaWQiOiIxIn0=','2017-02-02 18:21:48'),('ic8pyxckzzix13mpqcrrsjj1fjbrmpt5','OWE0YjQyMDU4OGNhODNhMTM2MDE1NzQ4OTAzZWFmNTMwOGRmMmY0ODp7Il9hdXRoX3VzZXJfaGFzaCI6IjdiYmY3ODlmZjBjYzYxOTlkMzcwMDA3Yzc4NTc5Y2UyMWFmMjgyN2QiLCJfYXV0aF91c2VyX2JhY2tlbmQiOiJkamFuZ28uY29udHJpYi5hdXRoLmJhY2tlbmRzLk1vZGVsQmFja2VuZCIsIl9hdXRoX3VzZXJfaWQiOiIxIn0=','2016-08-22 16:33:10'),('iei6afnzqs3fjlwfqf6lgh8vi1j7orz8','OWE0YjQyMDU4OGNhODNhMTM2MDE1NzQ4OTAzZWFmNTMwOGRmMmY0ODp7Il9hdXRoX3VzZXJfaGFzaCI6IjdiYmY3ODlmZjBjYzYxOTlkMzcwMDA3Yzc4NTc5Y2UyMWFmMjgyN2QiLCJfYXV0aF91c2VyX2JhY2tlbmQiOiJkamFuZ28uY29udHJpYi5hdXRoLmJhY2tlbmRzLk1vZGVsQmFja2VuZCIsIl9hdXRoX3VzZXJfaWQiOiIxIn0=','2017-12-19 10:22:25'),('ipn2d8ma1ac12lhrvnt1s7grxglz8gb6','OWE0YjQyMDU4OGNhODNhMTM2MDE1NzQ4OTAzZWFmNTMwOGRmMmY0ODp7Il9hdXRoX3VzZXJfaGFzaCI6IjdiYmY3ODlmZjBjYzYxOTlkMzcwMDA3Yzc4NTc5Y2UyMWFmMjgyN2QiLCJfYXV0aF91c2VyX2JhY2tlbmQiOiJkamFuZ28uY29udHJpYi5hdXRoLmJhY2tlbmRzLk1vZGVsQmFja2VuZCIsIl9hdXRoX3VzZXJfaWQiOiIxIn0=','2017-01-16 09:49:57'),('iwqgpy2zb1t7do35vfkdxoic957f8hee','OWE0YjQyMDU4OGNhODNhMTM2MDE1NzQ4OTAzZWFmNTMwOGRmMmY0ODp7Il9hdXRoX3VzZXJfaGFzaCI6IjdiYmY3ODlmZjBjYzYxOTlkMzcwMDA3Yzc4NTc5Y2UyMWFmMjgyN2QiLCJfYXV0aF91c2VyX2JhY2tlbmQiOiJkamFuZ28uY29udHJpYi5hdXRoLmJhY2tlbmRzLk1vZGVsQmFja2VuZCIsIl9hdXRoX3VzZXJfaWQiOiIxIn0=','2017-06-19 09:35:49'),('j5f3tg1ainpj9o4qnbygyqp81zz1gl2x','OWE0YjQyMDU4OGNhODNhMTM2MDE1NzQ4OTAzZWFmNTMwOGRmMmY0ODp7Il9hdXRoX3VzZXJfaGFzaCI6IjdiYmY3ODlmZjBjYzYxOTlkMzcwMDA3Yzc4NTc5Y2UyMWFmMjgyN2QiLCJfYXV0aF91c2VyX2JhY2tlbmQiOiJkamFuZ28uY29udHJpYi5hdXRoLmJhY2tlbmRzLk1vZGVsQmFja2VuZCIsIl9hdXRoX3VzZXJfaWQiOiIxIn0=','2017-05-29 16:37:01'),('j90dk66reb7hf5eidwqlducavg65zokj','OWE0YjQyMDU4OGNhODNhMTM2MDE1NzQ4OTAzZWFmNTMwOGRmMmY0ODp7Il9hdXRoX3VzZXJfaGFzaCI6IjdiYmY3ODlmZjBjYzYxOTlkMzcwMDA3Yzc4NTc5Y2UyMWFmMjgyN2QiLCJfYXV0aF91c2VyX2JhY2tlbmQiOiJkamFuZ28uY29udHJpYi5hdXRoLmJhY2tlbmRzLk1vZGVsQmFja2VuZCIsIl9hdXRoX3VzZXJfaWQiOiIxIn0=','2018-04-16 15:57:11'),('j94879x5vsaul4qgqkfplty9oigbdezt','OWE0YjQyMDU4OGNhODNhMTM2MDE1NzQ4OTAzZWFmNTMwOGRmMmY0ODp7Il9hdXRoX3VzZXJfaGFzaCI6IjdiYmY3ODlmZjBjYzYxOTlkMzcwMDA3Yzc4NTc5Y2UyMWFmMjgyN2QiLCJfYXV0aF91c2VyX2JhY2tlbmQiOiJkamFuZ28uY29udHJpYi5hdXRoLmJhY2tlbmRzLk1vZGVsQmFja2VuZCIsIl9hdXRoX3VzZXJfaWQiOiIxIn0=','2017-01-06 12:04:14'),('jcom6lw7xc8tdhvie08lep7umshck70m','OWE0YjQyMDU4OGNhODNhMTM2MDE1NzQ4OTAzZWFmNTMwOGRmMmY0ODp7Il9hdXRoX3VzZXJfaGFzaCI6IjdiYmY3ODlmZjBjYzYxOTlkMzcwMDA3Yzc4NTc5Y2UyMWFmMjgyN2QiLCJfYXV0aF91c2VyX2JhY2tlbmQiOiJkamFuZ28uY29udHJpYi5hdXRoLmJhY2tlbmRzLk1vZGVsQmFja2VuZCIsIl9hdXRoX3VzZXJfaWQiOiIxIn0=','2015-10-19 13:55:23'),('jeiox4z9w2sptkisflm8jg3dxo2vv5r3','OWE0YjQyMDU4OGNhODNhMTM2MDE1NzQ4OTAzZWFmNTMwOGRmMmY0ODp7Il9hdXRoX3VzZXJfaGFzaCI6IjdiYmY3ODlmZjBjYzYxOTlkMzcwMDA3Yzc4NTc5Y2UyMWFmMjgyN2QiLCJfYXV0aF91c2VyX2JhY2tlbmQiOiJkamFuZ28uY29udHJpYi5hdXRoLmJhY2tlbmRzLk1vZGVsQmFja2VuZCIsIl9hdXRoX3VzZXJfaWQiOiIxIn0=','2017-07-07 15:57:17'),('jf349e09jfwmjo0ye2hl9pjvtzs044ya','OWE0YjQyMDU4OGNhODNhMTM2MDE1NzQ4OTAzZWFmNTMwOGRmMmY0ODp7Il9hdXRoX3VzZXJfaGFzaCI6IjdiYmY3ODlmZjBjYzYxOTlkMzcwMDA3Yzc4NTc5Y2UyMWFmMjgyN2QiLCJfYXV0aF91c2VyX2JhY2tlbmQiOiJkamFuZ28uY29udHJpYi5hdXRoLmJhY2tlbmRzLk1vZGVsQmFja2VuZCIsIl9hdXRoX3VzZXJfaWQiOiIxIn0=','2016-12-09 11:38:44'),('k8pvbyigo26vsw8pjg87zz9ekacrthvb','OWE0YjQyMDU4OGNhODNhMTM2MDE1NzQ4OTAzZWFmNTMwOGRmMmY0ODp7Il9hdXRoX3VzZXJfaGFzaCI6IjdiYmY3ODlmZjBjYzYxOTlkMzcwMDA3Yzc4NTc5Y2UyMWFmMjgyN2QiLCJfYXV0aF91c2VyX2JhY2tlbmQiOiJkamFuZ28uY29udHJpYi5hdXRoLmJhY2tlbmRzLk1vZGVsQmFja2VuZCIsIl9hdXRoX3VzZXJfaWQiOiIxIn0=','2017-06-01 09:20:05'),('k9jend2scgxnqyac4qyuq03cnlb7o9qu','OWE0YjQyMDU4OGNhODNhMTM2MDE1NzQ4OTAzZWFmNTMwOGRmMmY0ODp7Il9hdXRoX3VzZXJfaGFzaCI6IjdiYmY3ODlmZjBjYzYxOTlkMzcwMDA3Yzc4NTc5Y2UyMWFmMjgyN2QiLCJfYXV0aF91c2VyX2JhY2tlbmQiOiJkamFuZ28uY29udHJpYi5hdXRoLmJhY2tlbmRzLk1vZGVsQmFja2VuZCIsIl9hdXRoX3VzZXJfaWQiOiIxIn0=','2016-03-03 11:48:45'),('kcksuavaewvubwz95b2734pol250eu3s','OWE0YjQyMDU4OGNhODNhMTM2MDE1NzQ4OTAzZWFmNTMwOGRmMmY0ODp7Il9hdXRoX3VzZXJfaGFzaCI6IjdiYmY3ODlmZjBjYzYxOTlkMzcwMDA3Yzc4NTc5Y2UyMWFmMjgyN2QiLCJfYXV0aF91c2VyX2JhY2tlbmQiOiJkamFuZ28uY29udHJpYi5hdXRoLmJhY2tlbmRzLk1vZGVsQmFja2VuZCIsIl9hdXRoX3VzZXJfaWQiOiIxIn0=','2017-03-06 11:28:10'),('kkkbahjc8o9q7wvd5abps9w5ftg4tnby','OWE0YjQyMDU4OGNhODNhMTM2MDE1NzQ4OTAzZWFmNTMwOGRmMmY0ODp7Il9hdXRoX3VzZXJfaGFzaCI6IjdiYmY3ODlmZjBjYzYxOTlkMzcwMDA3Yzc4NTc5Y2UyMWFmMjgyN2QiLCJfYXV0aF91c2VyX2JhY2tlbmQiOiJkamFuZ28uY29udHJpYi5hdXRoLmJhY2tlbmRzLk1vZGVsQmFja2VuZCIsIl9hdXRoX3VzZXJfaWQiOiIxIn0=','2015-11-27 14:07:58'),('l2a10h6jkfsxaqqfwzdss9znu2dfd1k0','OWE0YjQyMDU4OGNhODNhMTM2MDE1NzQ4OTAzZWFmNTMwOGRmMmY0ODp7Il9hdXRoX3VzZXJfaGFzaCI6IjdiYmY3ODlmZjBjYzYxOTlkMzcwMDA3Yzc4NTc5Y2UyMWFmMjgyN2QiLCJfYXV0aF91c2VyX2JhY2tlbmQiOiJkamFuZ28uY29udHJpYi5hdXRoLmJhY2tlbmRzLk1vZGVsQmFja2VuZCIsIl9hdXRoX3VzZXJfaWQiOiIxIn0=','2016-08-18 11:26:49'),('lb41k9ojbz5c30x7ld9t4v6ge2ky3pss','OWE0YjQyMDU4OGNhODNhMTM2MDE1NzQ4OTAzZWFmNTMwOGRmMmY0ODp7Il9hdXRoX3VzZXJfaGFzaCI6IjdiYmY3ODlmZjBjYzYxOTlkMzcwMDA3Yzc4NTc5Y2UyMWFmMjgyN2QiLCJfYXV0aF91c2VyX2JhY2tlbmQiOiJkamFuZ28uY29udHJpYi5hdXRoLmJhY2tlbmRzLk1vZGVsQmFja2VuZCIsIl9hdXRoX3VzZXJfaWQiOiIxIn0=','2016-04-07 15:21:21'),('lfcsnaam1v5w32ces4jyj0hj1gqstn4t','OWE0YjQyMDU4OGNhODNhMTM2MDE1NzQ4OTAzZWFmNTMwOGRmMmY0ODp7Il9hdXRoX3VzZXJfaGFzaCI6IjdiYmY3ODlmZjBjYzYxOTlkMzcwMDA3Yzc4NTc5Y2UyMWFmMjgyN2QiLCJfYXV0aF91c2VyX2JhY2tlbmQiOiJkamFuZ28uY29udHJpYi5hdXRoLmJhY2tlbmRzLk1vZGVsQmFja2VuZCIsIl9hdXRoX3VzZXJfaWQiOiIxIn0=','2015-10-22 19:22:30'),('li1zlc3d85fe9yxptd7spqqydzq1jc7f','OWE0YjQyMDU4OGNhODNhMTM2MDE1NzQ4OTAzZWFmNTMwOGRmMmY0ODp7Il9hdXRoX3VzZXJfaGFzaCI6IjdiYmY3ODlmZjBjYzYxOTlkMzcwMDA3Yzc4NTc5Y2UyMWFmMjgyN2QiLCJfYXV0aF91c2VyX2JhY2tlbmQiOiJkamFuZ28uY29udHJpYi5hdXRoLmJhY2tlbmRzLk1vZGVsQmFja2VuZCIsIl9hdXRoX3VzZXJfaWQiOiIxIn0=','2016-09-05 09:36:58'),('m56pg0jckvd8z8ppiczzhh07r6qnrez1','OWE0YjQyMDU4OGNhODNhMTM2MDE1NzQ4OTAzZWFmNTMwOGRmMmY0ODp7Il9hdXRoX3VzZXJfaGFzaCI6IjdiYmY3ODlmZjBjYzYxOTlkMzcwMDA3Yzc4NTc5Y2UyMWFmMjgyN2QiLCJfYXV0aF91c2VyX2JhY2tlbmQiOiJkamFuZ28uY29udHJpYi5hdXRoLmJhY2tlbmRzLk1vZGVsQmFja2VuZCIsIl9hdXRoX3VzZXJfaWQiOiIxIn0=','2017-02-28 16:16:03'),('nvgqjmn2kkeyy8ye7glqngatzuewehim','OWE0YjQyMDU4OGNhODNhMTM2MDE1NzQ4OTAzZWFmNTMwOGRmMmY0ODp7Il9hdXRoX3VzZXJfaGFzaCI6IjdiYmY3ODlmZjBjYzYxOTlkMzcwMDA3Yzc4NTc5Y2UyMWFmMjgyN2QiLCJfYXV0aF91c2VyX2JhY2tlbmQiOiJkamFuZ28uY29udHJpYi5hdXRoLmJhY2tlbmRzLk1vZGVsQmFja2VuZCIsIl9hdXRoX3VzZXJfaWQiOiIxIn0=','2016-03-31 18:26:28'),('nzqukajdn0b5bbb07zc7hsvi7ycb9m7s','OWE0YjQyMDU4OGNhODNhMTM2MDE1NzQ4OTAzZWFmNTMwOGRmMmY0ODp7Il9hdXRoX3VzZXJfaGFzaCI6IjdiYmY3ODlmZjBjYzYxOTlkMzcwMDA3Yzc4NTc5Y2UyMWFmMjgyN2QiLCJfYXV0aF91c2VyX2JhY2tlbmQiOiJkamFuZ28uY29udHJpYi5hdXRoLmJhY2tlbmRzLk1vZGVsQmFja2VuZCIsIl9hdXRoX3VzZXJfaWQiOiIxIn0=','2017-02-28 12:48:13'),('of84bbfhpe1j6l8pdvam7l49rv4ko1co','OWE0YjQyMDU4OGNhODNhMTM2MDE1NzQ4OTAzZWFmNTMwOGRmMmY0ODp7Il9hdXRoX3VzZXJfaGFzaCI6IjdiYmY3ODlmZjBjYzYxOTlkMzcwMDA3Yzc4NTc5Y2UyMWFmMjgyN2QiLCJfYXV0aF91c2VyX2JhY2tlbmQiOiJkamFuZ28uY29udHJpYi5hdXRoLmJhY2tlbmRzLk1vZGVsQmFja2VuZCIsIl9hdXRoX3VzZXJfaWQiOiIxIn0=','2016-05-18 13:23:21'),('omojsc74bhd8ftgl6yicdc10mg3votf9','OWE0YjQyMDU4OGNhODNhMTM2MDE1NzQ4OTAzZWFmNTMwOGRmMmY0ODp7Il9hdXRoX3VzZXJfaGFzaCI6IjdiYmY3ODlmZjBjYzYxOTlkMzcwMDA3Yzc4NTc5Y2UyMWFmMjgyN2QiLCJfYXV0aF91c2VyX2JhY2tlbmQiOiJkamFuZ28uY29udHJpYi5hdXRoLmJhY2tlbmRzLk1vZGVsQmFja2VuZCIsIl9hdXRoX3VzZXJfaWQiOiIxIn0=','2016-10-05 09:43:41'),('omryicimjtgvmy9xt3heynmzi87vvje5','OWE0YjQyMDU4OGNhODNhMTM2MDE1NzQ4OTAzZWFmNTMwOGRmMmY0ODp7Il9hdXRoX3VzZXJfaGFzaCI6IjdiYmY3ODlmZjBjYzYxOTlkMzcwMDA3Yzc4NTc5Y2UyMWFmMjgyN2QiLCJfYXV0aF91c2VyX2JhY2tlbmQiOiJkamFuZ28uY29udHJpYi5hdXRoLmJhY2tlbmRzLk1vZGVsQmFja2VuZCIsIl9hdXRoX3VzZXJfaWQiOiIxIn0=','2016-01-05 17:13:53'),('oo7ysu7huh9uube2z2omhbn9ld0tkqik','OWE0YjQyMDU4OGNhODNhMTM2MDE1NzQ4OTAzZWFmNTMwOGRmMmY0ODp7Il9hdXRoX3VzZXJfaGFzaCI6IjdiYmY3ODlmZjBjYzYxOTlkMzcwMDA3Yzc4NTc5Y2UyMWFmMjgyN2QiLCJfYXV0aF91c2VyX2JhY2tlbmQiOiJkamFuZ28uY29udHJpYi5hdXRoLmJhY2tlbmRzLk1vZGVsQmFja2VuZCIsIl9hdXRoX3VzZXJfaWQiOiIxIn0=','2017-11-23 10:53:05'),('ovcrlsoe6v9b6njpkt4tnly5bk63g2lb','OWE0YjQyMDU4OGNhODNhMTM2MDE1NzQ4OTAzZWFmNTMwOGRmMmY0ODp7Il9hdXRoX3VzZXJfaGFzaCI6IjdiYmY3ODlmZjBjYzYxOTlkMzcwMDA3Yzc4NTc5Y2UyMWFmMjgyN2QiLCJfYXV0aF91c2VyX2JhY2tlbmQiOiJkamFuZ28uY29udHJpYi5hdXRoLmJhY2tlbmRzLk1vZGVsQmFja2VuZCIsIl9hdXRoX3VzZXJfaWQiOiIxIn0=','2016-04-25 14:10:20'),('p323mdde5cxdk6okiu86yzd1etkmi7hn','OWE0YjQyMDU4OGNhODNhMTM2MDE1NzQ4OTAzZWFmNTMwOGRmMmY0ODp7Il9hdXRoX3VzZXJfaGFzaCI6IjdiYmY3ODlmZjBjYzYxOTlkMzcwMDA3Yzc4NTc5Y2UyMWFmMjgyN2QiLCJfYXV0aF91c2VyX2JhY2tlbmQiOiJkamFuZ28uY29udHJpYi5hdXRoLmJhY2tlbmRzLk1vZGVsQmFja2VuZCIsIl9hdXRoX3VzZXJfaWQiOiIxIn0=','2017-06-02 11:32:39'),('p7uh7mz98g0se5i0041d2zubnao04711','OWE0YjQyMDU4OGNhODNhMTM2MDE1NzQ4OTAzZWFmNTMwOGRmMmY0ODp7Il9hdXRoX3VzZXJfaGFzaCI6IjdiYmY3ODlmZjBjYzYxOTlkMzcwMDA3Yzc4NTc5Y2UyMWFmMjgyN2QiLCJfYXV0aF91c2VyX2JhY2tlbmQiOiJkamFuZ28uY29udHJpYi5hdXRoLmJhY2tlbmRzLk1vZGVsQmFja2VuZCIsIl9hdXRoX3VzZXJfaWQiOiIxIn0=','2016-04-04 15:06:09'),('p9jjhjk3d71m8ocd4pwk7rb71uuqvvde','OWE0YjQyMDU4OGNhODNhMTM2MDE1NzQ4OTAzZWFmNTMwOGRmMmY0ODp7Il9hdXRoX3VzZXJfaGFzaCI6IjdiYmY3ODlmZjBjYzYxOTlkMzcwMDA3Yzc4NTc5Y2UyMWFmMjgyN2QiLCJfYXV0aF91c2VyX2JhY2tlbmQiOiJkamFuZ28uY29udHJpYi5hdXRoLmJhY2tlbmRzLk1vZGVsQmFja2VuZCIsIl9hdXRoX3VzZXJfaWQiOiIxIn0=','2017-11-23 10:38:51'),('psf030z19ba54zsbi4wcj7tsoqt225lu','OWE0YjQyMDU4OGNhODNhMTM2MDE1NzQ4OTAzZWFmNTMwOGRmMmY0ODp7Il9hdXRoX3VzZXJfaGFzaCI6IjdiYmY3ODlmZjBjYzYxOTlkMzcwMDA3Yzc4NTc5Y2UyMWFmMjgyN2QiLCJfYXV0aF91c2VyX2JhY2tlbmQiOiJkamFuZ28uY29udHJpYi5hdXRoLmJhY2tlbmRzLk1vZGVsQmFja2VuZCIsIl9hdXRoX3VzZXJfaWQiOiIxIn0=','2017-06-19 09:46:30'),('pyhz0avuhiupx59zfaxpnny1cue0juhi','OWE0YjQyMDU4OGNhODNhMTM2MDE1NzQ4OTAzZWFmNTMwOGRmMmY0ODp7Il9hdXRoX3VzZXJfaGFzaCI6IjdiYmY3ODlmZjBjYzYxOTlkMzcwMDA3Yzc4NTc5Y2UyMWFmMjgyN2QiLCJfYXV0aF91c2VyX2JhY2tlbmQiOiJkamFuZ28uY29udHJpYi5hdXRoLmJhY2tlbmRzLk1vZGVsQmFja2VuZCIsIl9hdXRoX3VzZXJfaWQiOiIxIn0=','2016-03-30 16:37:20'),('q9eh7tmoom3wzher49umbwdomwh3s7nv','OWE0YjQyMDU4OGNhODNhMTM2MDE1NzQ4OTAzZWFmNTMwOGRmMmY0ODp7Il9hdXRoX3VzZXJfaGFzaCI6IjdiYmY3ODlmZjBjYzYxOTlkMzcwMDA3Yzc4NTc5Y2UyMWFmMjgyN2QiLCJfYXV0aF91c2VyX2JhY2tlbmQiOiJkamFuZ28uY29udHJpYi5hdXRoLmJhY2tlbmRzLk1vZGVsQmFja2VuZCIsIl9hdXRoX3VzZXJfaWQiOiIxIn0=','2015-11-09 17:42:38'),('qa743cecrley91nly37u5hqy0p0ini2u','OWE0YjQyMDU4OGNhODNhMTM2MDE1NzQ4OTAzZWFmNTMwOGRmMmY0ODp7Il9hdXRoX3VzZXJfaGFzaCI6IjdiYmY3ODlmZjBjYzYxOTlkMzcwMDA3Yzc4NTc5Y2UyMWFmMjgyN2QiLCJfYXV0aF91c2VyX2JhY2tlbmQiOiJkamFuZ28uY29udHJpYi5hdXRoLmJhY2tlbmRzLk1vZGVsQmFja2VuZCIsIl9hdXRoX3VzZXJfaWQiOiIxIn0=','2016-03-09 14:27:55'),('qi6gt06pjhs19y026qho647flm4di8gk','OWE0YjQyMDU4OGNhODNhMTM2MDE1NzQ4OTAzZWFmNTMwOGRmMmY0ODp7Il9hdXRoX3VzZXJfaGFzaCI6IjdiYmY3ODlmZjBjYzYxOTlkMzcwMDA3Yzc4NTc5Y2UyMWFmMjgyN2QiLCJfYXV0aF91c2VyX2JhY2tlbmQiOiJkamFuZ28uY29udHJpYi5hdXRoLmJhY2tlbmRzLk1vZGVsQmFja2VuZCIsIl9hdXRoX3VzZXJfaWQiOiIxIn0=','2016-09-12 13:58:22'),('qpdv26sxrghp2erw6cunjrefr7yd872a','OWE0YjQyMDU4OGNhODNhMTM2MDE1NzQ4OTAzZWFmNTMwOGRmMmY0ODp7Il9hdXRoX3VzZXJfaGFzaCI6IjdiYmY3ODlmZjBjYzYxOTlkMzcwMDA3Yzc4NTc5Y2UyMWFmMjgyN2QiLCJfYXV0aF91c2VyX2JhY2tlbmQiOiJkamFuZ28uY29udHJpYi5hdXRoLmJhY2tlbmRzLk1vZGVsQmFja2VuZCIsIl9hdXRoX3VzZXJfaWQiOiIxIn0=','2017-11-15 12:22:33'),('qvarkzk8wgyb04txwprr6zpdbugt0b84','OWE0YjQyMDU4OGNhODNhMTM2MDE1NzQ4OTAzZWFmNTMwOGRmMmY0ODp7Il9hdXRoX3VzZXJfaGFzaCI6IjdiYmY3ODlmZjBjYzYxOTlkMzcwMDA3Yzc4NTc5Y2UyMWFmMjgyN2QiLCJfYXV0aF91c2VyX2JhY2tlbmQiOiJkamFuZ28uY29udHJpYi5hdXRoLmJhY2tlbmRzLk1vZGVsQmFja2VuZCIsIl9hdXRoX3VzZXJfaWQiOiIxIn0=','2015-11-23 11:29:42'),('rb95jau4a0m04trh4c276d9hc30hju8v','OWE0YjQyMDU4OGNhODNhMTM2MDE1NzQ4OTAzZWFmNTMwOGRmMmY0ODp7Il9hdXRoX3VzZXJfaGFzaCI6IjdiYmY3ODlmZjBjYzYxOTlkMzcwMDA3Yzc4NTc5Y2UyMWFmMjgyN2QiLCJfYXV0aF91c2VyX2JhY2tlbmQiOiJkamFuZ28uY29udHJpYi5hdXRoLmJhY2tlbmRzLk1vZGVsQmFja2VuZCIsIl9hdXRoX3VzZXJfaWQiOiIxIn0=','2018-04-11 10:30:01'),('rg3sgalapuez838txygxjcaat0w2elub','OWE0YjQyMDU4OGNhODNhMTM2MDE1NzQ4OTAzZWFmNTMwOGRmMmY0ODp7Il9hdXRoX3VzZXJfaGFzaCI6IjdiYmY3ODlmZjBjYzYxOTlkMzcwMDA3Yzc4NTc5Y2UyMWFmMjgyN2QiLCJfYXV0aF91c2VyX2JhY2tlbmQiOiJkamFuZ28uY29udHJpYi5hdXRoLmJhY2tlbmRzLk1vZGVsQmFja2VuZCIsIl9hdXRoX3VzZXJfaWQiOiIxIn0=','2017-01-23 14:45:26'),('rn1pm2kf8c8bbz47tmiu1950b939r47d','OWE0YjQyMDU4OGNhODNhMTM2MDE1NzQ4OTAzZWFmNTMwOGRmMmY0ODp7Il9hdXRoX3VzZXJfaGFzaCI6IjdiYmY3ODlmZjBjYzYxOTlkMzcwMDA3Yzc4NTc5Y2UyMWFmMjgyN2QiLCJfYXV0aF91c2VyX2JhY2tlbmQiOiJkamFuZ28uY29udHJpYi5hdXRoLmJhY2tlbmRzLk1vZGVsQmFja2VuZCIsIl9hdXRoX3VzZXJfaWQiOiIxIn0=','2016-09-02 11:34:58'),('rtyg98bjmz604xpsq3jrbq138k4ioztk','OWE0YjQyMDU4OGNhODNhMTM2MDE1NzQ4OTAzZWFmNTMwOGRmMmY0ODp7Il9hdXRoX3VzZXJfaGFzaCI6IjdiYmY3ODlmZjBjYzYxOTlkMzcwMDA3Yzc4NTc5Y2UyMWFmMjgyN2QiLCJfYXV0aF91c2VyX2JhY2tlbmQiOiJkamFuZ28uY29udHJpYi5hdXRoLmJhY2tlbmRzLk1vZGVsQmFja2VuZCIsIl9hdXRoX3VzZXJfaWQiOiIxIn0=','2017-07-24 14:36:09'),('sao92loiyvtmmceef9ee1ai5c0wmefd4','OWE0YjQyMDU4OGNhODNhMTM2MDE1NzQ4OTAzZWFmNTMwOGRmMmY0ODp7Il9hdXRoX3VzZXJfaGFzaCI6IjdiYmY3ODlmZjBjYzYxOTlkMzcwMDA3Yzc4NTc5Y2UyMWFmMjgyN2QiLCJfYXV0aF91c2VyX2JhY2tlbmQiOiJkamFuZ28uY29udHJpYi5hdXRoLmJhY2tlbmRzLk1vZGVsQmFja2VuZCIsIl9hdXRoX3VzZXJfaWQiOiIxIn0=','2018-03-28 10:29:55'),('sgyedhpmacknnipwqtufwvlyhae49m2i','OWE0YjQyMDU4OGNhODNhMTM2MDE1NzQ4OTAzZWFmNTMwOGRmMmY0ODp7Il9hdXRoX3VzZXJfaGFzaCI6IjdiYmY3ODlmZjBjYzYxOTlkMzcwMDA3Yzc4NTc5Y2UyMWFmMjgyN2QiLCJfYXV0aF91c2VyX2JhY2tlbmQiOiJkamFuZ28uY29udHJpYi5hdXRoLmJhY2tlbmRzLk1vZGVsQmFja2VuZCIsIl9hdXRoX3VzZXJfaWQiOiIxIn0=','2016-03-01 09:21:23'),('slt2gqm2cdihpct4zleihav0ic08g3c8','OWE0YjQyMDU4OGNhODNhMTM2MDE1NzQ4OTAzZWFmNTMwOGRmMmY0ODp7Il9hdXRoX3VzZXJfaGFzaCI6IjdiYmY3ODlmZjBjYzYxOTlkMzcwMDA3Yzc4NTc5Y2UyMWFmMjgyN2QiLCJfYXV0aF91c2VyX2JhY2tlbmQiOiJkamFuZ28uY29udHJpYi5hdXRoLmJhY2tlbmRzLk1vZGVsQmFja2VuZCIsIl9hdXRoX3VzZXJfaWQiOiIxIn0=','2018-04-16 16:08:43'),('t1pqo56csxx4lbxne9iym8lj3zyhheth','OWE0YjQyMDU4OGNhODNhMTM2MDE1NzQ4OTAzZWFmNTMwOGRmMmY0ODp7Il9hdXRoX3VzZXJfaGFzaCI6IjdiYmY3ODlmZjBjYzYxOTlkMzcwMDA3Yzc4NTc5Y2UyMWFmMjgyN2QiLCJfYXV0aF91c2VyX2JhY2tlbmQiOiJkamFuZ28uY29udHJpYi5hdXRoLmJhY2tlbmRzLk1vZGVsQmFja2VuZCIsIl9hdXRoX3VzZXJfaWQiOiIxIn0=','2016-08-01 09:15:12'),('t2hg7pgw3l67nc0nbni1kuks60xwlqix','OWE0YjQyMDU4OGNhODNhMTM2MDE1NzQ4OTAzZWFmNTMwOGRmMmY0ODp7Il9hdXRoX3VzZXJfaGFzaCI6IjdiYmY3ODlmZjBjYzYxOTlkMzcwMDA3Yzc4NTc5Y2UyMWFmMjgyN2QiLCJfYXV0aF91c2VyX2JhY2tlbmQiOiJkamFuZ28uY29udHJpYi5hdXRoLmJhY2tlbmRzLk1vZGVsQmFja2VuZCIsIl9hdXRoX3VzZXJfaWQiOiIxIn0=','2017-06-22 15:15:11'),('t9dljfl2txb690h3ee9hl56ofqkmrlk7','OWE0YjQyMDU4OGNhODNhMTM2MDE1NzQ4OTAzZWFmNTMwOGRmMmY0ODp7Il9hdXRoX3VzZXJfaGFzaCI6IjdiYmY3ODlmZjBjYzYxOTlkMzcwMDA3Yzc4NTc5Y2UyMWFmMjgyN2QiLCJfYXV0aF91c2VyX2JhY2tlbmQiOiJkamFuZ28uY29udHJpYi5hdXRoLmJhY2tlbmRzLk1vZGVsQmFja2VuZCIsIl9hdXRoX3VzZXJfaWQiOiIxIn0=','2016-10-27 10:59:19'),('tpx5o2f4rvxe25ewry3y8bw56duzl32n','OWE0YjQyMDU4OGNhODNhMTM2MDE1NzQ4OTAzZWFmNTMwOGRmMmY0ODp7Il9hdXRoX3VzZXJfaGFzaCI6IjdiYmY3ODlmZjBjYzYxOTlkMzcwMDA3Yzc4NTc5Y2UyMWFmMjgyN2QiLCJfYXV0aF91c2VyX2JhY2tlbmQiOiJkamFuZ28uY29udHJpYi5hdXRoLmJhY2tlbmRzLk1vZGVsQmFja2VuZCIsIl9hdXRoX3VzZXJfaWQiOiIxIn0=','2016-10-13 15:11:19'),('tq15uv4u44e0xf5pgtgy2pxbk38y4sff','OWE0YjQyMDU4OGNhODNhMTM2MDE1NzQ4OTAzZWFmNTMwOGRmMmY0ODp7Il9hdXRoX3VzZXJfaGFzaCI6IjdiYmY3ODlmZjBjYzYxOTlkMzcwMDA3Yzc4NTc5Y2UyMWFmMjgyN2QiLCJfYXV0aF91c2VyX2JhY2tlbmQiOiJkamFuZ28uY29udHJpYi5hdXRoLmJhY2tlbmRzLk1vZGVsQmFja2VuZCIsIl9hdXRoX3VzZXJfaWQiOiIxIn0=','2016-08-01 14:47:44'),('tqlf4iqcx52qcrg5nqpzlzg2rjgrn12a','OWE0YjQyMDU4OGNhODNhMTM2MDE1NzQ4OTAzZWFmNTMwOGRmMmY0ODp7Il9hdXRoX3VzZXJfaGFzaCI6IjdiYmY3ODlmZjBjYzYxOTlkMzcwMDA3Yzc4NTc5Y2UyMWFmMjgyN2QiLCJfYXV0aF91c2VyX2JhY2tlbmQiOiJkamFuZ28uY29udHJpYi5hdXRoLmJhY2tlbmRzLk1vZGVsQmFja2VuZCIsIl9hdXRoX3VzZXJfaWQiOiIxIn0=','2016-11-08 08:49:47'),('tqrs3xtdaz5tlkhp31n245oxwnoe56z6','OWE0YjQyMDU4OGNhODNhMTM2MDE1NzQ4OTAzZWFmNTMwOGRmMmY0ODp7Il9hdXRoX3VzZXJfaGFzaCI6IjdiYmY3ODlmZjBjYzYxOTlkMzcwMDA3Yzc4NTc5Y2UyMWFmMjgyN2QiLCJfYXV0aF91c2VyX2JhY2tlbmQiOiJkamFuZ28uY29udHJpYi5hdXRoLmJhY2tlbmRzLk1vZGVsQmFja2VuZCIsIl9hdXRoX3VzZXJfaWQiOiIxIn0=','2015-10-22 22:53:15'),('tsw4601jt450cfqo7g2w7yh1y1qvn8mx','OWE0YjQyMDU4OGNhODNhMTM2MDE1NzQ4OTAzZWFmNTMwOGRmMmY0ODp7Il9hdXRoX3VzZXJfaGFzaCI6IjdiYmY3ODlmZjBjYzYxOTlkMzcwMDA3Yzc4NTc5Y2UyMWFmMjgyN2QiLCJfYXV0aF91c2VyX2JhY2tlbmQiOiJkamFuZ28uY29udHJpYi5hdXRoLmJhY2tlbmRzLk1vZGVsQmFja2VuZCIsIl9hdXRoX3VzZXJfaWQiOiIxIn0=','2016-05-06 14:14:45'),('u9dqpwckw3nho82kk9yzr45glq8xs6nq','OWE0YjQyMDU4OGNhODNhMTM2MDE1NzQ4OTAzZWFmNTMwOGRmMmY0ODp7Il9hdXRoX3VzZXJfaGFzaCI6IjdiYmY3ODlmZjBjYzYxOTlkMzcwMDA3Yzc4NTc5Y2UyMWFmMjgyN2QiLCJfYXV0aF91c2VyX2JhY2tlbmQiOiJkamFuZ28uY29udHJpYi5hdXRoLmJhY2tlbmRzLk1vZGVsQmFja2VuZCIsIl9hdXRoX3VzZXJfaWQiOiIxIn0=','2016-12-13 17:02:33'),('ua6vsv6rrtre6xuc8hla4c7kfem29ae4','OWE0YjQyMDU4OGNhODNhMTM2MDE1NzQ4OTAzZWFmNTMwOGRmMmY0ODp7Il9hdXRoX3VzZXJfaGFzaCI6IjdiYmY3ODlmZjBjYzYxOTlkMzcwMDA3Yzc4NTc5Y2UyMWFmMjgyN2QiLCJfYXV0aF91c2VyX2JhY2tlbmQiOiJkamFuZ28uY29udHJpYi5hdXRoLmJhY2tlbmRzLk1vZGVsQmFja2VuZCIsIl9hdXRoX3VzZXJfaWQiOiIxIn0=','2017-07-26 14:04:11'),('uzqbg4t3hzqb2kavn8jr4mw8yaa7fnep','OWE0YjQyMDU4OGNhODNhMTM2MDE1NzQ4OTAzZWFmNTMwOGRmMmY0ODp7Il9hdXRoX3VzZXJfaGFzaCI6IjdiYmY3ODlmZjBjYzYxOTlkMzcwMDA3Yzc4NTc5Y2UyMWFmMjgyN2QiLCJfYXV0aF91c2VyX2JhY2tlbmQiOiJkamFuZ28uY29udHJpYi5hdXRoLmJhY2tlbmRzLk1vZGVsQmFja2VuZCIsIl9hdXRoX3VzZXJfaWQiOiIxIn0=','2017-03-20 17:43:10'),('v0zg8xqpy8s2xf1p8due7mtbknpry81g','OWE0YjQyMDU4OGNhODNhMTM2MDE1NzQ4OTAzZWFmNTMwOGRmMmY0ODp7Il9hdXRoX3VzZXJfaGFzaCI6IjdiYmY3ODlmZjBjYzYxOTlkMzcwMDA3Yzc4NTc5Y2UyMWFmMjgyN2QiLCJfYXV0aF91c2VyX2JhY2tlbmQiOiJkamFuZ28uY29udHJpYi5hdXRoLmJhY2tlbmRzLk1vZGVsQmFja2VuZCIsIl9hdXRoX3VzZXJfaWQiOiIxIn0=','2017-02-28 15:23:16'),('v52hs6c3jdovwlruk5oqkc2q9hr3s7t2','OWE0YjQyMDU4OGNhODNhMTM2MDE1NzQ4OTAzZWFmNTMwOGRmMmY0ODp7Il9hdXRoX3VzZXJfaGFzaCI6IjdiYmY3ODlmZjBjYzYxOTlkMzcwMDA3Yzc4NTc5Y2UyMWFmMjgyN2QiLCJfYXV0aF91c2VyX2JhY2tlbmQiOiJkamFuZ28uY29udHJpYi5hdXRoLmJhY2tlbmRzLk1vZGVsQmFja2VuZCIsIl9hdXRoX3VzZXJfaWQiOiIxIn0=','2016-08-22 11:50:48'),('v9caal3c6w1c3smjqzvba0j39ezfps4d','OWE0YjQyMDU4OGNhODNhMTM2MDE1NzQ4OTAzZWFmNTMwOGRmMmY0ODp7Il9hdXRoX3VzZXJfaGFzaCI6IjdiYmY3ODlmZjBjYzYxOTlkMzcwMDA3Yzc4NTc5Y2UyMWFmMjgyN2QiLCJfYXV0aF91c2VyX2JhY2tlbmQiOiJkamFuZ28uY29udHJpYi5hdXRoLmJhY2tlbmRzLk1vZGVsQmFja2VuZCIsIl9hdXRoX3VzZXJfaWQiOiIxIn0=','2016-04-15 10:14:41'),('vdnte0gasot08lli4p4aswgglp8b5ds9','OWE0YjQyMDU4OGNhODNhMTM2MDE1NzQ4OTAzZWFmNTMwOGRmMmY0ODp7Il9hdXRoX3VzZXJfaGFzaCI6IjdiYmY3ODlmZjBjYzYxOTlkMzcwMDA3Yzc4NTc5Y2UyMWFmMjgyN2QiLCJfYXV0aF91c2VyX2JhY2tlbmQiOiJkamFuZ28uY29udHJpYi5hdXRoLmJhY2tlbmRzLk1vZGVsQmFja2VuZCIsIl9hdXRoX3VzZXJfaWQiOiIxIn0=','2017-11-14 15:06:41'),('vp4ei8rouvbw5r15d0ooi356e76a9irn','OWE0YjQyMDU4OGNhODNhMTM2MDE1NzQ4OTAzZWFmNTMwOGRmMmY0ODp7Il9hdXRoX3VzZXJfaGFzaCI6IjdiYmY3ODlmZjBjYzYxOTlkMzcwMDA3Yzc4NTc5Y2UyMWFmMjgyN2QiLCJfYXV0aF91c2VyX2JhY2tlbmQiOiJkamFuZ28uY29udHJpYi5hdXRoLmJhY2tlbmRzLk1vZGVsQmFja2VuZCIsIl9hdXRoX3VzZXJfaWQiOiIxIn0=','2015-12-22 12:23:52'),('w68m1aoejtdw4vhmfmy2u2j2yoy33j9l','OWE0YjQyMDU4OGNhODNhMTM2MDE1NzQ4OTAzZWFmNTMwOGRmMmY0ODp7Il9hdXRoX3VzZXJfaGFzaCI6IjdiYmY3ODlmZjBjYzYxOTlkMzcwMDA3Yzc4NTc5Y2UyMWFmMjgyN2QiLCJfYXV0aF91c2VyX2JhY2tlbmQiOiJkamFuZ28uY29udHJpYi5hdXRoLmJhY2tlbmRzLk1vZGVsQmFja2VuZCIsIl9hdXRoX3VzZXJfaWQiOiIxIn0=','2015-12-25 15:09:37'),('webyj1wf7gt8hemo0cjmvc30ejq7skcs','OWE0YjQyMDU4OGNhODNhMTM2MDE1NzQ4OTAzZWFmNTMwOGRmMmY0ODp7Il9hdXRoX3VzZXJfaGFzaCI6IjdiYmY3ODlmZjBjYzYxOTlkMzcwMDA3Yzc4NTc5Y2UyMWFmMjgyN2QiLCJfYXV0aF91c2VyX2JhY2tlbmQiOiJkamFuZ28uY29udHJpYi5hdXRoLmJhY2tlbmRzLk1vZGVsQmFja2VuZCIsIl9hdXRoX3VzZXJfaWQiOiIxIn0=','2016-04-07 10:36:52'),('weysqtz1zfd2dnr2xqvm2u7cznlo4s2i','OWE0YjQyMDU4OGNhODNhMTM2MDE1NzQ4OTAzZWFmNTMwOGRmMmY0ODp7Il9hdXRoX3VzZXJfaGFzaCI6IjdiYmY3ODlmZjBjYzYxOTlkMzcwMDA3Yzc4NTc5Y2UyMWFmMjgyN2QiLCJfYXV0aF91c2VyX2JhY2tlbmQiOiJkamFuZ28uY29udHJpYi5hdXRoLmJhY2tlbmRzLk1vZGVsQmFja2VuZCIsIl9hdXRoX3VzZXJfaWQiOiIxIn0=','2016-10-04 08:44:24'),('wl09fvyycitdgy97audjyszolvhnvfsn','OWE0YjQyMDU4OGNhODNhMTM2MDE1NzQ4OTAzZWFmNTMwOGRmMmY0ODp7Il9hdXRoX3VzZXJfaGFzaCI6IjdiYmY3ODlmZjBjYzYxOTlkMzcwMDA3Yzc4NTc5Y2UyMWFmMjgyN2QiLCJfYXV0aF91c2VyX2JhY2tlbmQiOiJkamFuZ28uY29udHJpYi5hdXRoLmJhY2tlbmRzLk1vZGVsQmFja2VuZCIsIl9hdXRoX3VzZXJfaWQiOiIxIn0=','2016-06-20 15:26:59'),('x70txn3svu126ktmttkolhbs9jnyw3ub','OWE0YjQyMDU4OGNhODNhMTM2MDE1NzQ4OTAzZWFmNTMwOGRmMmY0ODp7Il9hdXRoX3VzZXJfaGFzaCI6IjdiYmY3ODlmZjBjYzYxOTlkMzcwMDA3Yzc4NTc5Y2UyMWFmMjgyN2QiLCJfYXV0aF91c2VyX2JhY2tlbmQiOiJkamFuZ28uY29udHJpYi5hdXRoLmJhY2tlbmRzLk1vZGVsQmFja2VuZCIsIl9hdXRoX3VzZXJfaWQiOiIxIn0=','2015-12-01 20:16:57'),('xh2fo74q8m4ryywb1gy8sla4yf74a6uz','OWE0YjQyMDU4OGNhODNhMTM2MDE1NzQ4OTAzZWFmNTMwOGRmMmY0ODp7Il9hdXRoX3VzZXJfaGFzaCI6IjdiYmY3ODlmZjBjYzYxOTlkMzcwMDA3Yzc4NTc5Y2UyMWFmMjgyN2QiLCJfYXV0aF91c2VyX2JhY2tlbmQiOiJkamFuZ28uY29udHJpYi5hdXRoLmJhY2tlbmRzLk1vZGVsQmFja2VuZCIsIl9hdXRoX3VzZXJfaWQiOiIxIn0=','2015-11-10 15:01:36'),('xio7eikk9sbhhg5aoht4l6iva3ea5eqh','OWE0YjQyMDU4OGNhODNhMTM2MDE1NzQ4OTAzZWFmNTMwOGRmMmY0ODp7Il9hdXRoX3VzZXJfaGFzaCI6IjdiYmY3ODlmZjBjYzYxOTlkMzcwMDA3Yzc4NTc5Y2UyMWFmMjgyN2QiLCJfYXV0aF91c2VyX2JhY2tlbmQiOiJkamFuZ28uY29udHJpYi5hdXRoLmJhY2tlbmRzLk1vZGVsQmFja2VuZCIsIl9hdXRoX3VzZXJfaWQiOiIxIn0=','2016-11-28 12:24:04'),('xnei5kpfuppj84rgvr1bfzg54mzjuoa1','OWE0YjQyMDU4OGNhODNhMTM2MDE1NzQ4OTAzZWFmNTMwOGRmMmY0ODp7Il9hdXRoX3VzZXJfaGFzaCI6IjdiYmY3ODlmZjBjYzYxOTlkMzcwMDA3Yzc4NTc5Y2UyMWFmMjgyN2QiLCJfYXV0aF91c2VyX2JhY2tlbmQiOiJkamFuZ28uY29udHJpYi5hdXRoLmJhY2tlbmRzLk1vZGVsQmFja2VuZCIsIl9hdXRoX3VzZXJfaWQiOiIxIn0=','2015-12-22 16:44:45'),('xttquas001x5bivyrrh8q5i3y9wu1z1d','OWE0YjQyMDU4OGNhODNhMTM2MDE1NzQ4OTAzZWFmNTMwOGRmMmY0ODp7Il9hdXRoX3VzZXJfaGFzaCI6IjdiYmY3ODlmZjBjYzYxOTlkMzcwMDA3Yzc4NTc5Y2UyMWFmMjgyN2QiLCJfYXV0aF91c2VyX2JhY2tlbmQiOiJkamFuZ28uY29udHJpYi5hdXRoLmJhY2tlbmRzLk1vZGVsQmFja2VuZCIsIl9hdXRoX3VzZXJfaWQiOiIxIn0=','2016-11-23 15:41:51'),('y4cxqd85unbpxmw2ny9dsk66cp5x5d26','OWE0YjQyMDU4OGNhODNhMTM2MDE1NzQ4OTAzZWFmNTMwOGRmMmY0ODp7Il9hdXRoX3VzZXJfaGFzaCI6IjdiYmY3ODlmZjBjYzYxOTlkMzcwMDA3Yzc4NTc5Y2UyMWFmMjgyN2QiLCJfYXV0aF91c2VyX2JhY2tlbmQiOiJkamFuZ28uY29udHJpYi5hdXRoLmJhY2tlbmRzLk1vZGVsQmFja2VuZCIsIl9hdXRoX3VzZXJfaWQiOiIxIn0=','2017-10-31 13:28:43'),('y4kj9venj25uzii4j60u1hv6dyjxtxl3','OWE0YjQyMDU4OGNhODNhMTM2MDE1NzQ4OTAzZWFmNTMwOGRmMmY0ODp7Il9hdXRoX3VzZXJfaGFzaCI6IjdiYmY3ODlmZjBjYzYxOTlkMzcwMDA3Yzc4NTc5Y2UyMWFmMjgyN2QiLCJfYXV0aF91c2VyX2JhY2tlbmQiOiJkamFuZ28uY29udHJpYi5hdXRoLmJhY2tlbmRzLk1vZGVsQmFja2VuZCIsIl9hdXRoX3VzZXJfaWQiOiIxIn0=','2017-07-26 13:52:50'),('y5vxmtoy2yl07rhuw22ra94qhbmelf9f','OWE0YjQyMDU4OGNhODNhMTM2MDE1NzQ4OTAzZWFmNTMwOGRmMmY0ODp7Il9hdXRoX3VzZXJfaGFzaCI6IjdiYmY3ODlmZjBjYzYxOTlkMzcwMDA3Yzc4NTc5Y2UyMWFmMjgyN2QiLCJfYXV0aF91c2VyX2JhY2tlbmQiOiJkamFuZ28uY29udHJpYi5hdXRoLmJhY2tlbmRzLk1vZGVsQmFja2VuZCIsIl9hdXRoX3VzZXJfaWQiOiIxIn0=','2016-08-31 12:46:40'),('yq4k4k8q93qqvjabvz7onx7f5b82y4vj','OWE0YjQyMDU4OGNhODNhMTM2MDE1NzQ4OTAzZWFmNTMwOGRmMmY0ODp7Il9hdXRoX3VzZXJfaGFzaCI6IjdiYmY3ODlmZjBjYzYxOTlkMzcwMDA3Yzc4NTc5Y2UyMWFmMjgyN2QiLCJfYXV0aF91c2VyX2JhY2tlbmQiOiJkamFuZ28uY29udHJpYi5hdXRoLmJhY2tlbmRzLk1vZGVsQmFja2VuZCIsIl9hdXRoX3VzZXJfaWQiOiIxIn0=','2016-12-13 15:47:15'),('z3bo93z2w0ty834gw0pvrpsq51yegqye','OWE0YjQyMDU4OGNhODNhMTM2MDE1NzQ4OTAzZWFmNTMwOGRmMmY0ODp7Il9hdXRoX3VzZXJfaGFzaCI6IjdiYmY3ODlmZjBjYzYxOTlkMzcwMDA3Yzc4NTc5Y2UyMWFmMjgyN2QiLCJfYXV0aF91c2VyX2JhY2tlbmQiOiJkamFuZ28uY29udHJpYi5hdXRoLmJhY2tlbmRzLk1vZGVsQmFja2VuZCIsIl9hdXRoX3VzZXJfaWQiOiIxIn0=','2016-07-27 14:57:57'),('z9dipbdklkt9zf6fcl9uii3j33c8j1e0','OWE0YjQyMDU4OGNhODNhMTM2MDE1NzQ4OTAzZWFmNTMwOGRmMmY0ODp7Il9hdXRoX3VzZXJfaGFzaCI6IjdiYmY3ODlmZjBjYzYxOTlkMzcwMDA3Yzc4NTc5Y2UyMWFmMjgyN2QiLCJfYXV0aF91c2VyX2JhY2tlbmQiOiJkamFuZ28uY29udHJpYi5hdXRoLmJhY2tlbmRzLk1vZGVsQmFja2VuZCIsIl9hdXRoX3VzZXJfaWQiOiIxIn0=','2016-12-30 15:13:17'),('zo01omwvvcvxh538346x6xmvxmhr4lh8','OWE0YjQyMDU4OGNhODNhMTM2MDE1NzQ4OTAzZWFmNTMwOGRmMmY0ODp7Il9hdXRoX3VzZXJfaGFzaCI6IjdiYmY3ODlmZjBjYzYxOTlkMzcwMDA3Yzc4NTc5Y2UyMWFmMjgyN2QiLCJfYXV0aF91c2VyX2JhY2tlbmQiOiJkamFuZ28uY29udHJpYi5hdXRoLmJhY2tlbmRzLk1vZGVsQmFja2VuZCIsIl9hdXRoX3VzZXJfaWQiOiIxIn0=','2016-04-26 09:41:19'),('zo80z7v4gs29260dsfw4rx5zrgvb54k8','OWE0YjQyMDU4OGNhODNhMTM2MDE1NzQ4OTAzZWFmNTMwOGRmMmY0ODp7Il9hdXRoX3VzZXJfaGFzaCI6IjdiYmY3ODlmZjBjYzYxOTlkMzcwMDA3Yzc4NTc5Y2UyMWFmMjgyN2QiLCJfYXV0aF91c2VyX2JhY2tlbmQiOiJkamFuZ28uY29udHJpYi5hdXRoLmJhY2tlbmRzLk1vZGVsQmFja2VuZCIsIl9hdXRoX3VzZXJfaWQiOiIxIn0=','2016-03-03 11:52:28'),('zshpm51o4s6gdf29gh8w72wmewn6zvuo','OWE0YjQyMDU4OGNhODNhMTM2MDE1NzQ4OTAzZWFmNTMwOGRmMmY0ODp7Il9hdXRoX3VzZXJfaGFzaCI6IjdiYmY3ODlmZjBjYzYxOTlkMzcwMDA3Yzc4NTc5Y2UyMWFmMjgyN2QiLCJfYXV0aF91c2VyX2JhY2tlbmQiOiJkamFuZ28uY29udHJpYi5hdXRoLmJhY2tlbmRzLk1vZGVsQmFja2VuZCIsIl9hdXRoX3VzZXJfaWQiOiIxIn0=','2015-12-28 15:53:41');

--
-- Table structure for table `documentation_categorie_documentation`
--

CREATE TABLE `documentation_categorie_documentation` (
  `id` int(11) NOT NULL AUTO_INCREMENT,
  `nom` varchar(350) NOT NULL,
  `nom_fr` varchar(350) DEFAULT NULL,
  `nom_ar` varchar(350) DEFAULT NULL,
  `image` varchar(100) NOT NULL,
  PRIMARY KEY (`id`)
) ENGINE=InnoDB AUTO_INCREMENT=2 DEFAULT CHARSET=utf8;

--
-- Dumping data for table `documentation_categorie_documentation`
--

INSERT INTO `documentation_categorie_documentation` VALUES (1,'Documentation','Documentation','وثائقنا‎','documentation/docs.jpg');

--
-- Table structure for table `documentation_documentation`
--

CREATE TABLE `documentation_documentation` (
  `id` int(11) NOT NULL AUTO_INCREMENT,
  `titre` varchar(350) NOT NULL,
  `titre_fr` varchar(350) DEFAULT NULL,
  `titre_ar` varchar(350) DEFAULT NULL,
  `pdf` varchar(100) NOT NULL,
  `date` datetime NOT NULL,
  `image` varchar(100) DEFAULT NULL,
  `active` tinyint(1) NOT NULL,
  `categorie_id` int(11) DEFAULT NULL,
  `ordre` int(11) DEFAULT NULL,
  `pdf_ar` varchar(100) DEFAULT NULL,
  `pdf_fr` varchar(100) DEFAULT NULL,
  PRIMARY KEY (`id`),
  KEY `D63078874d48e3a117688c6722f1e50a` (`categorie_id`),
  CONSTRAINT `D63078874d48e3a117688c6722f1e50a` FOREIGN KEY (`categorie_id`) REFERENCES `documentation_categorie_documentation` (`id`)
) ENGINE=InnoDB AUTO_INCREMENT=8 DEFAULT CHARSET=utf8;

--
-- Dumping data for table `documentation_documentation`
--

INSERT INTO `documentation_documentation` VALUES (2,'Présentation institutionnelle SOREC','Présentation institutionnelle SOREC','تقديم الشركة الملكية لتشجيع الفرس','pdf_documentation/1-_Depliant_instit_SOREC_gh1Jzyx_4SbPrsa.pdf','2015-10-06 17:08:11','images_documentations/doc1_3ZGkRdQ.png',1,1,6,'','pdf_documentation/1-_Depliant_instit_SOREC_gh1Jzyx_4SbPrsa.pdf'),(3,'Les races de chevaux','Les races de chevaux','سلالات الخيول ','pdf_documentation/3-_depliant_des_races_H9RTJU5_dc6gaHE.pdf','2015-10-06 17:09:27','images_documentations/doc2_aTjnPwg.png',1,1,5,'','pdf_documentation/3-_depliant_des_races_H9RTJU5_dc6gaHE.pdf'),(4,'Tbourida','Tbourida','التبوريدة','pdf_documentation/2_-_depliant_Tbourida_def_r3SHBdU_45taCls.pdf','2015-10-06 17:09:59','images_documentations/doc3_dQLBhes.png',1,1,3,'','pdf_documentation/2_-_depliant_Tbourida_def_r3SHBdU_45taCls.pdf'),(5,'Formation des cavaliers d’entraînement','Formation des cavaliers d’entraînement','تكوين فرسان التدريب','pdf_documentation/Brochure_Formation_Cavaliers_UQw7bMH_Clfcn5b.pdf','2015-10-06 17:18:38','images_documentations/doc4_McjSGEM.png',1,1,4,'','pdf_documentation/Brochure_Formation_Cavaliers_UQw7bMH_Clfcn5b.pdf'),(6,'L’univers des courses hippiques','L’univers des courses hippiques','فضاء سباقات الخيول','pdf_documentation/Lunivers_des_courses_hippiques_iwNG37k_t8fnmsq.pdf','2015-10-06 17:20:25','images_documentations/doc5_XlHYoFR.png',1,1,2,'','pdf_documentation/Lunivers_des_courses_hippiques_iwNG37k_t8fnmsq.pdf'),(7,'Calendrier des Courses 2016','Calendrier des Courses 2016','برنامج السباقات 2016','pdf_documentation/Calendrier_des_courses_2016_0j1Bemy.pdf','2016-03-21 17:15:21','images_documentations/prise_decran2_-_calendrier_des_courses.png',1,1,1,'','pdf_documentation/Calendrier_des_courses_2016_0j1Bemy.pdf');

--
-- Table structure for table `easy_thumbnails_source`
--

CREATE TABLE `easy_thumbnails_source` (
  `id` int(11) NOT NULL AUTO_INCREMENT,
  `storage_hash` varchar(40) NOT NULL,
  `name` varchar(255) NOT NULL,
  `modified` datetime NOT NULL,
  PRIMARY KEY (`id`),
  UNIQUE KEY `easy_thumbnails_source_storage_hash_40116450c1e4f2ed_uniq` (`storage_hash`,`name`),
  KEY `easy_thumbnails_source_b454e115` (`storage_hash`),
  KEY `easy_thumbnails_source_b068931c` (`name`)
) ENGINE=InnoDB AUTO_INCREMENT=296 DEFAULT CHARSET=utf8;

--
-- Dumping data for table `easy_thumbnails_source`
--

INSERT INTO `easy_thumbnails_source` VALUES (1,'f9bde26a1556cd667f742bd34ec7c55e','./Logo_Equidia.png','2015-10-07 08:51:43'),(2,'f9bde26a1556cd667f742bd34ec7c55e','./g5j8w1apitz2oepbi52b.jpeg','2015-10-07 08:51:43'),(3,'f9bde26a1556cd667f742bd34ec7c55e','./telechargement.jpg','2015-10-07 08:51:43'),(4,'f9bde26a1556cd667f742bd34ec7c55e','./logo_radio_mars.jpg','2015-10-08 18:12:47'),(5,'f9bde26a1556cd667f742bd34ec7c55e','logo/Equidia.gif','2015-10-07 13:51:52'),(6,'f9bde26a1556cd667f742bd34ec7c55e','logo/paris.gif','2015-10-07 13:53:15'),(7,'f9bde26a1556cd667f742bd34ec7c55e','photos/_DSC7805-2.jpg','2015-10-07 14:30:48'),(8,'f9bde26a1556cd667f742bd34ec7c55e','photos/_MG_7218.jpg','2015-12-22 10:56:15'),(9,'f9bde26a1556cd667f742bd34ec7c55e','photos/_MG_9369.jpg','2015-10-07 14:30:49'),(10,'f9bde26a1556cd667f742bd34ec7c55e','photos/MRC_040315_6427D.jpg','2015-10-07 14:30:49'),(11,'f9bde26a1556cd667f742bd34ec7c55e','photos/_B9Q1580.jpg','2015-10-07 14:30:49'),(12,'f9bde26a1556cd667f742bd34ec7c55e','photos/19XX_Prix_du_Grand_Maghreb_2.jpg','2015-10-07 14:31:53'),(13,'f9bde26a1556cd667f742bd34ec7c55e','photos/1918_Jumenterie_de_Meknes.jpg','2015-10-07 14:31:53'),(14,'f9bde26a1556cd667f742bd34ec7c55e','photos/19XX_SM_Mohammed_VI.jpg','2015-10-07 14:31:53'),(15,'f9bde26a1556cd667f742bd34ec7c55e','photos/1935_SM_MV_a_lhippodrome_de_Rabat.jpg','2015-10-07 14:31:53'),(16,'f9bde26a1556cd667f742bd34ec7c55e','photos/19XX_Sorec_021.jpg','2015-10-07 14:31:53'),(17,'f9bde26a1556cd667f742bd34ec7c55e','photos/Adapt_site_web_Sorec_Generique.jpg','2015-10-07 14:34:35'),(18,'f9bde26a1556cd667f742bd34ec7c55e','photos/BANNIERE_ART_EQUEST_1920X580.jpg','2015-10-08 13:06:04'),(19,'f9bde26a1556cd667f742bd34ec7c55e','photos/_DSC7805-2_emzKSFe.jpg','2015-10-08 16:47:57'),(20,'f9bde26a1556cd667f742bd34ec7c55e','photos/BANNIERE_ART_EQUEST_1920X580_EGPqS1u.jpg','2015-10-08 16:47:57'),(21,'f9bde26a1556cd667f742bd34ec7c55e','photos/BANNIERE_BARBE_1920X580_.jpg','2015-10-08 16:47:57'),(22,'f9bde26a1556cd667f742bd34ec7c55e','photos/BANNIERE_PLFRENIER_1920X580.jpg','2015-10-08 16:47:57'),(23,'f9bde26a1556cd667f742bd34ec7c55e','photos/group_of_youngsters_.jpg','2015-10-08 16:47:57'),(24,'f9bde26a1556cd667f742bd34ec7c55e','logo/Derby_logo.png','2015-12-21 18:10:45'),(25,'f9bde26a1556cd667f742bd34ec7c55e','photos/_B9Q0923_GP_SM_Med_V_PSA.jpg','2016-04-14 14:28:06'),(26,'f9bde26a1556cd667f742bd34ec7c55e','photos/_B9Q0580.JPG','2015-12-21 18:09:45'),(27,'f9bde26a1556cd667f742bd34ec7c55e','photos/_B9Q0920_Depart_GP_Med_V.jpg','2016-04-14 14:28:07'),(28,'f9bde26a1556cd667f742bd34ec7c55e','photos/_B9Q0923_GP_SM_Med_V.jpg','2015-12-21 18:09:46'),(29,'f9bde26a1556cd667f742bd34ec7c55e','photos/_B9Q0944.JPG','2015-12-21 18:09:47'),(30,'f9bde26a1556cd667f742bd34ec7c55e','photos/_B9Q5831.JPG','2016-07-17 09:56:15'),(31,'f9bde26a1556cd667f742bd34ec7c55e','photos/10385484_1529864027251987_1987798474278127713_n.jpg','2016-04-14 14:28:08'),(32,'f9bde26a1556cd667f742bd34ec7c55e','photos/_B9Q1051.JPG','2015-10-08 19:40:00'),(33,'f9bde26a1556cd667f742bd34ec7c55e','photos/P15.jpg','2016-07-17 09:56:16'),(34,'f9bde26a1556cd667f742bd34ec7c55e','photos/_MG_6974.JPG','2015-12-21 18:09:50'),(35,'f9bde26a1556cd667f742bd34ec7c55e','photos/MRC_040215_1121B.jpg','2015-12-21 18:09:50'),(36,'f9bde26a1556cd667f742bd34ec7c55e','photos/_MG_5857.JPG','2016-04-14 14:28:09'),(37,'f9bde26a1556cd667f742bd34ec7c55e','photos/in_2.jpg','2016-04-14 14:28:09'),(38,'f9bde26a1556cd667f742bd34ec7c55e','photos/STAND_GOO_3.jpg','2016-04-14 14:28:09'),(39,'f9bde26a1556cd667f742bd34ec7c55e','./IFHA.jpg','2015-10-09 11:07:51'),(40,'f9bde26a1556cd667f742bd34ec7c55e','./IFAHR.gif','2015-12-21 18:08:01'),(41,'f9bde26a1556cd667f742bd34ec7c55e','./waho.jpg','2015-10-09 11:07:51'),(42,'f9bde26a1556cd667f742bd34ec7c55e','./poulain_barbe_arabe.jpg','2015-10-19 12:21:37'),(43,'f9bde26a1556cd667f742bd34ec7c55e','./EMHF_logo.jpg','2015-10-09 11:07:51'),(44,'f9bde26a1556cd667f742bd34ec7c55e','./Capture.PNG','2015-12-21 18:08:01'),(45,'f9bde26a1556cd667f742bd34ec7c55e','logo/logo.jpg','2015-12-21 18:08:01'),(46,'f9bde26a1556cd667f742bd34ec7c55e','logo/logo2.jpg','2015-12-21 18:08:01'),(47,'f9bde26a1556cd667f742bd34ec7c55e','logo/equidia.jpg','2015-10-09 13:13:09'),(48,'f9bde26a1556cd667f742bd34ec7c55e','logo/parif.jpg','2016-04-08 20:07:49'),(49,'f9bde26a1556cd667f742bd34ec7c55e','logo/course.jpg','2016-11-28 14:29:20'),(50,'f9bde26a1556cd667f742bd34ec7c55e','logo/mars.jpg','2015-12-21 18:10:45'),(51,'f9bde26a1556cd667f742bd34ec7c55e','logo/epma.jpg','2015-12-21 18:08:01'),(52,'f9bde26a1556cd667f742bd34ec7c55e','logo/xs0fxgas.jpg','2015-12-21 18:08:01'),(53,'f9bde26a1556cd667f742bd34ec7c55e','logo/NAOUARIM___411.JPG','2015-11-02 14:28:48'),(54,'f9bde26a1556cd667f742bd34ec7c55e','logo/logo.png','2015-11-16 10:05:59'),(55,'f9bde26a1556cd667f742bd34ec7c55e','logo/equidia_yV037A4.jpg','2015-12-21 18:10:45'),(56,'f9bde26a1556cd667f742bd34ec7c55e','logo/test.jpg','2015-11-17 20:28:18'),(57,'f9bde26a1556cd667f742bd34ec7c55e','logo/test_TPshDYW.jpg','2015-12-21 18:08:01'),(58,'f9bde26a1556cd667f742bd34ec7c55e','actualites/Jument_suitee.jpg','2016-04-10 05:11:51'),(59,'f9bde26a1556cd667f742bd34ec7c55e','actualites/Rassembment_barbe_et_arabe_barbe_EzrRF0O.jpg','2016-04-09 02:23:37'),(60,'f9bde26a1556cd667f742bd34ec7c55e','actualites/Trio_v2_resultat.jpg','2015-12-22 09:36:04'),(61,'f9bde26a1556cd667f742bd34ec7c55e','./_MG_5441.jpg','2015-12-21 18:08:26'),(62,'f9bde26a1556cd667f742bd34ec7c55e','metiers/linseminateur.jpg','2015-12-21 18:08:26'),(63,'f9bde26a1556cd667f742bd34ec7c55e','metiers/chef_de_centre.jpg','2016-11-28 16:42:03'),(64,'f9bde26a1556cd667f742bd34ec7c55e','photos/roi.jpg','2016-04-14 14:28:08'),(65,'f9bde26a1556cd667f742bd34ec7c55e','photos/vid3.png','2015-12-21 18:10:33'),(66,'f9bde26a1556cd667f742bd34ec7c55e','photos/barbe.png','2015-12-21 18:10:33'),(67,'f9bde26a1556cd667f742bd34ec7c55e','photos/vid2.png','2015-12-21 18:10:34'),(68,'f9bde26a1556cd667f742bd34ec7c55e','images_documentations/doc5.png','2015-12-21 18:29:49'),(69,'f9bde26a1556cd667f742bd34ec7c55e','images_documentations/doc4.png','2015-12-21 18:29:49'),(70,'f9bde26a1556cd667f742bd34ec7c55e','images_documentations/doc3.png','2015-12-21 18:29:49'),(71,'f9bde26a1556cd667f742bd34ec7c55e','images_documentations/doc2.png','2015-12-21 18:29:49'),(72,'f9bde26a1556cd667f742bd34ec7c55e','images_documentations/doc1.png','2015-12-21 18:29:49'),(73,'f9bde26a1556cd667f742bd34ec7c55e','images_documentations/doc1_3ZGkRdQ.png','2016-11-29 15:01:07'),(74,'f9bde26a1556cd667f742bd34ec7c55e','images_documentations/doc2_aTjnPwg.png','2016-11-29 15:01:06'),(75,'f9bde26a1556cd667f742bd34ec7c55e','images_documentations/doc3_dQLBhes.png','2016-11-29 15:01:06'),(76,'f9bde26a1556cd667f742bd34ec7c55e','images_documentations/doc4_McjSGEM.png','2015-12-21 18:30:25'),(77,'f9bde26a1556cd667f742bd34ec7c55e','images_documentations/doc5_XlHYoFR.png','2016-11-29 15:01:06'),(78,'f9bde26a1556cd667f742bd34ec7c55e','logo/3.jpg','2016-11-28 14:26:12'),(79,'f9bde26a1556cd667f742bd34ec7c55e','logo/1.png','2016-04-08 16:18:17'),(80,'f9bde26a1556cd667f742bd34ec7c55e','logo/2.PNG','2015-12-21 22:39:06'),(81,'f9bde26a1556cd667f742bd34ec7c55e','logo/poulain_barbe_arabe.jpg','2016-11-28 14:26:12'),(82,'f9bde26a1556cd667f742bd34ec7c55e','./_MG_3215.jpg','2016-11-29 12:25:15'),(83,'f9bde26a1556cd667f742bd34ec7c55e','metiers/Palefrenier.jpg','2015-12-22 05:46:41'),(84,'f9bde26a1556cd667f742bd34ec7c55e','metiers/ct.jpg','2015-12-22 05:46:41'),(85,'f9bde26a1556cd667f742bd34ec7c55e','./DSC_1683.jpg','2016-11-29 12:25:16'),(86,'f9bde26a1556cd667f742bd34ec7c55e','metiers/moniteur.jpg','2016-11-29 12:25:16'),(87,'f9bde26a1556cd667f742bd34ec7c55e','actualites/Formation_croisement_raisonne_YZ4YJfy.jpg','2016-04-08 16:43:26'),(88,'f9bde26a1556cd667f742bd34ec7c55e','actualites/Concours_delevage.jpg','2016-12-27 15:04:36'),(89,'f9bde26a1556cd667f742bd34ec7c55e','actualites/haras_del_jadida_2.JPG','2016-04-08 16:44:24'),(90,'f9bde26a1556cd667f742bd34ec7c55e','actualites/IMG_2433.JPG','2016-04-09 16:59:53'),(91,'f9bde26a1556cd667f742bd34ec7c55e','actualites/Trio_v2_resultat_rGJ7AXS.jpg','2015-12-23 16:18:19'),(92,'f9bde26a1556cd667f742bd34ec7c55e','photos/1_0faB6y0.jpg','2015-12-22 10:13:33'),(93,'f9bde26a1556cd667f742bd34ec7c55e','photos/2_0K11MkP.jpg','2015-12-22 10:13:33'),(94,'f9bde26a1556cd667f742bd34ec7c55e','photos/3_swB8WDD.jpg','2015-12-22 10:13:33'),(95,'f9bde26a1556cd667f742bd34ec7c55e','photos/4_cYNldfC.jpg','2015-12-22 10:13:33'),(96,'f9bde26a1556cd667f742bd34ec7c55e','photos/5_h9wj773.jpg','2015-12-22 10:13:33'),(97,'f9bde26a1556cd667f742bd34ec7c55e','photos/6.jpg','2015-12-22 10:13:34'),(98,'f9bde26a1556cd667f742bd34ec7c55e','photos/_B9Q0916.JPG','2016-04-10 02:22:01'),(99,'f9bde26a1556cd667f742bd34ec7c55e','photos/_MG_3656_-_copie.JPG','2016-04-12 03:08:30'),(100,'f9bde26a1556cd667f742bd34ec7c55e','photos/_B9Q0580_gPuYmOx.JPG','2017-01-02 10:01:44'),(101,'f9bde26a1556cd667f742bd34ec7c55e','photos/_B9Q0920_Depart_GP_Med_V_Ln4Sbot.jpg','2017-01-02 10:01:45'),(102,'f9bde26a1556cd667f742bd34ec7c55e','photos/_B9Q0923_GP_SM_Med_V_6fqAKZo.jpg','2017-01-02 10:01:45'),(103,'f9bde26a1556cd667f742bd34ec7c55e','photos/_B9Q0944_kcvbdiR.JPG','2017-01-02 10:01:46'),(104,'f9bde26a1556cd667f742bd34ec7c55e','photos/_B9Q5831_DeFosWl.JPG','2016-04-10 02:22:03'),(105,'f9bde26a1556cd667f742bd34ec7c55e','photos/_MG_3838_-_copie.JPG','2016-04-12 03:08:30'),(106,'f9bde26a1556cd667f742bd34ec7c55e','photos/_MG_4121_-_copie.JPG','2016-04-12 03:08:30'),(107,'f9bde26a1556cd667f742bd34ec7c55e','photos/_MG_4799.JPG','2016-04-12 03:08:31'),(108,'f9bde26a1556cd667f742bd34ec7c55e','photos/_MG_7555.JPG','2016-04-12 03:08:32'),(109,'f9bde26a1556cd667f742bd34ec7c55e','photos/_B9Q3579_Arrivee_GP_SCH_Casa_.jpg','2015-12-22 11:12:08'),(110,'f9bde26a1556cd667f742bd34ec7c55e','photos/_B9Q3797.JPG','2017-01-02 10:01:52'),(111,'f9bde26a1556cd667f742bd34ec7c55e','photos/_B9Q3954.JPG','2017-01-02 10:01:53'),(112,'f9bde26a1556cd667f742bd34ec7c55e','photos/_B9Q3969_Remise_GP_SM_Le_Roi_Med_VI_.JPG','2017-01-02 10:01:54'),(113,'f9bde26a1556cd667f742bd34ec7c55e','./_MG_3765.jpg','2016-11-29 11:55:31'),(114,'f9bde26a1556cd667f742bd34ec7c55e','./_B9Q9918.jpg','2016-04-09 11:09:58'),(115,'f9bde26a1556cd667f742bd34ec7c55e','./_B9Q7293.jpg','2016-11-29 11:55:31'),(116,'f9bde26a1556cd667f742bd34ec7c55e','./_B9Q0675_Jaouad_Khayat.jpg','2016-11-29 11:55:31'),(117,'f9bde26a1556cd667f742bd34ec7c55e','photos/carousel2.jpg','2015-12-22 11:44:50'),(118,'f9bde26a1556cd667f742bd34ec7c55e','photos/carousel3.jpg','2015-12-22 11:44:51'),(119,'f9bde26a1556cd667f742bd34ec7c55e','photos/carousel4_VTfw1od.jpg','2015-12-22 11:44:51'),(120,'f9bde26a1556cd667f742bd34ec7c55e','photos/carousel5.jpg','2015-12-22 11:44:51'),(121,'f9bde26a1556cd667f742bd34ec7c55e','photos/carousel4_3zmaRJI.jpg','2015-12-22 12:28:47'),(122,'f9bde26a1556cd667f742bd34ec7c55e','photos/carousel5_OVffCiq.jpg','2015-12-22 12:30:22'),(123,'f9bde26a1556cd667f742bd34ec7c55e','photos/carousel1_R2qA72T.jpg','2015-12-22 12:33:05'),(124,'f9bde26a1556cd667f742bd34ec7c55e','photos/carousel2_fx8xRfn.jpg','2015-12-22 12:33:58'),(125,'f9bde26a1556cd667f742bd34ec7c55e','photos/47.PNG','2017-05-15 20:04:53'),(126,'f9bde26a1556cd667f742bd34ec7c55e','photos/v3.PNG','2016-04-09 13:41:16'),(127,'f9bde26a1556cd667f742bd34ec7c55e','photos/v4.PNG','2017-05-15 20:04:53'),(128,'f9bde26a1556cd667f742bd34ec7c55e','photos/v5.PNG','2017-05-15 20:04:53'),(129,'f9bde26a1556cd667f742bd34ec7c55e','photos/Sans_titre.png','2016-12-26 12:46:30'),(130,'f9bde26a1556cd667f742bd34ec7c55e','photos/v8.PNG','2017-05-15 20:04:54'),(131,'f9bde26a1556cd667f742bd34ec7c55e','actualites/Carlos_Pinto.jpg','2016-02-16 14:13:25'),(132,'f9bde26a1556cd667f742bd34ec7c55e','actualites/Carlos_Pinto_2.jpg','2016-02-16 14:15:57'),(133,'f9bde26a1556cd667f742bd34ec7c55e','actualites/Carlos_Pinto_2_PQDQ3aY.jpg','2016-04-08 10:14:28'),(134,'f9bde26a1556cd667f742bd34ec7c55e','images_documentations/prise_decran2_-_calendrier_des_courses.png','2016-03-25 18:27:31'),(135,'f9bde26a1556cd667f742bd34ec7c55e','actualites/prise_decran2_-_calendrier_des_courses.png','2016-12-10 00:25:15'),(136,'f9bde26a1556cd667f742bd34ec7c55e','actualites/Ouaddar_2.jpg.jpg','2016-03-30 21:40:59'),(137,'f9bde26a1556cd667f742bd34ec7c55e','actualites/Caravane_2016.jpg','2016-04-08 14:12:02'),(138,'f9bde26a1556cd667f742bd34ec7c55e','actualites/13256090_1714147538823634_578848294445560122_n.jpg','2016-06-07 15:05:14'),(139,'f9bde26a1556cd667f742bd34ec7c55e','actualites/600x414_site_SOREC_MOBILE.jpg','2016-06-07 21:14:52'),(140,'f9bde26a1556cd667f742bd34ec7c55e','photos/1_Qt0werI.jpg','2016-10-20 21:37:43'),(141,'f9bde26a1556cd667f742bd34ec7c55e','photos/1_Cours_dethologie_scientifique_Rp8BqxI.jpg','2016-08-08 15:38:29'),(142,'f9bde26a1556cd667f742bd34ec7c55e','photos/2_Dadda_Be_4_ans_-_Formation_a_pied_Savoir_3_FFE_qX1L7E0.jpg','2016-08-08 15:49:17'),(143,'f9bde26a1556cd667f742bd34ec7c55e','photos/4_Dadda_Be_4_ans_et_Driss_Korbi_kfzEi1f.jpg','2016-08-08 15:49:17'),(144,'f9bde26a1556cd667f742bd34ec7c55e','photos/5_Dadda_Be_4_ans_et_Driss_Korbi.jpg','2016-08-08 15:49:17'),(145,'f9bde26a1556cd667f742bd34ec7c55e','photos/6_Dadda_Be_4_ans_et_Driss_Korbi.jpg','2016-08-08 15:49:18'),(146,'f9bde26a1556cd667f742bd34ec7c55e','photos/12_Damam_JM_ArBe_4_ans_et_Mohcine_El_Kelch.jpg','2016-08-08 15:49:18'),(147,'f9bde26a1556cd667f742bd34ec7c55e','photos/29_Dikken_Be_4_ans_et_Adil_Rdif.jpg','2016-08-08 15:49:18'),(148,'f9bde26a1556cd667f742bd34ec7c55e','photos/1.jpg','2016-12-10 07:32:19'),(149,'f9bde26a1556cd667f742bd34ec7c55e','photos/2.jpg','2016-08-19 16:48:04'),(150,'f9bde26a1556cd667f742bd34ec7c55e','photos/3.jpg','2016-08-19 16:48:04'),(151,'f9bde26a1556cd667f742bd34ec7c55e','photos/30_Dikken_Be_4_ans_et_Adil_Rdif.jpg','2016-08-08 16:23:44'),(152,'f9bde26a1556cd667f742bd34ec7c55e','photos/31_Dikken_Be_4_ans_et_Adil_Rdif.jpg','2016-08-08 16:23:44'),(153,'f9bde26a1556cd667f742bd34ec7c55e','photos/32_Dikken_Be_4_ans_et_Adil_Rdif.jpg','2016-08-08 16:23:45'),(154,'f9bde26a1556cd667f742bd34ec7c55e','photos/33_Dikken_Be_4_ans_et_Gwladys_Lecarpentier.jpg','2016-08-08 16:23:45'),(155,'f9bde26a1556cd667f742bd34ec7c55e','photos/38_Dloul_ArBe_4_ans_et_Hicham_Hamda.jpg','2016-08-08 16:23:45'),(156,'f9bde26a1556cd667f742bd34ec7c55e','photos/39_Dloul_ArBe_4_ans_et_Hicham_Hamda_MpRovRJ.jpg','2016-08-08 16:23:45'),(157,'f9bde26a1556cd667f742bd34ec7c55e','photos/40_Dloul_ArBe_4_ans_et_Hicham_Hamda.jpg','2016-08-08 16:23:45'),(158,'f9bde26a1556cd667f742bd34ec7c55e','photos/41_Dloul_ArBe_4_ans_et_Hicham_Hamda_9w37ods.jpg','2016-08-08 16:23:46'),(159,'f9bde26a1556cd667f742bd34ec7c55e','photos/59_Traduction_de_supports_pedagogiques.jpg','2016-08-08 16:23:46'),(160,'f9bde26a1556cd667f742bd34ec7c55e','photos/62_Mohsine_et_Damam.jpg','2016-08-08 16:23:46'),(161,'f9bde26a1556cd667f742bd34ec7c55e','photos/63_Mohsine_et_Damam.jpg','2016-08-08 16:23:46'),(162,'f9bde26a1556cd667f742bd34ec7c55e','photos/64_Gwladys.jpg','2016-08-08 16:23:47'),(163,'f9bde26a1556cd667f742bd34ec7c55e','photos/65_Gwladys_t0sTpcR.jpg','2016-08-08 16:23:47'),(164,'f9bde26a1556cd667f742bd34ec7c55e','actualites/1_Cours_dethologie_scientifique.jpg','2016-08-08 16:28:26'),(165,'f9bde26a1556cd667f742bd34ec7c55e','actualites/1_Cours_dethologie_scientifique_Oho6GJR.jpg','2016-08-09 09:59:59'),(166,'f9bde26a1556cd667f742bd34ec7c55e','photos/5eme_edition_des_Journees_Portes_Ouvertes_aux_Haras_Nationaux.jpg','2016-08-08 21:01:45'),(167,'f9bde26a1556cd667f742bd34ec7c55e','photos/Haras_National_de_Bouznika_-_Concours_de_marechalerie_chevaux_montes_et_entretien_ZTC2n0W.jpg','2016-12-02 08:10:39'),(168,'f9bde26a1556cd667f742bd34ec7c55e','photos/Haras_National_de_Bouznika_-_Edition_2016_des_JPO.jpg','2016-12-02 08:10:39'),(169,'f9bde26a1556cd667f742bd34ec7c55e','photos/Haras_National_de_Marrakech_-_Concours_de_marechalerie_chevaux_montes_et_entretie_sMDBRqS.jpg','2016-12-02 08:10:40'),(170,'f9bde26a1556cd667f742bd34ec7c55e','photos/Haras_National_de_Marrakech_-_Edition_2016_des_JPO.jpg','2016-08-08 21:01:46'),(171,'f9bde26a1556cd667f742bd34ec7c55e','photos/Haras_National_de_Meknes_-_Edition_2016_des_JPO.jpg','2016-12-02 08:10:40'),(172,'f9bde26a1556cd667f742bd34ec7c55e','photos/Haras_National_de_Meknes-_Concours_de_marechalerie_chevaux_montes_et_entretien_du_cheval.jpg','2016-08-08 21:01:47'),(173,'f9bde26a1556cd667f742bd34ec7c55e','photos/Haras_National_dEl_Jadida_-_Concours_de_marechalerie_chevaux_montes_et_entretien__gSGIYdb.jpg','2016-08-08 21:01:47'),(174,'f9bde26a1556cd667f742bd34ec7c55e','photos/Haras_National_dEl_Jadida_-_Edition_2016_des_JPO.jpg','2016-08-08 21:01:47'),(175,'f9bde26a1556cd667f742bd34ec7c55e','photos/5eme_edition_des_Journees_Portes_Ouvertes_aux_Haras_Nationaux_1WXtqNI.jpg','2016-12-02 08:10:39'),(176,'f9bde26a1556cd667f742bd34ec7c55e','photos/Haras_National_dOujda_-_Edition_2016_des_JPO.jpg','2016-12-02 08:10:40'),(177,'f9bde26a1556cd667f742bd34ec7c55e','photos/Haras_National_dOujda-_Concours_de_marechalerie_chevaux_montes_et_entretien_du_cheval.jpg','2016-12-02 08:10:40'),(178,'f9bde26a1556cd667f742bd34ec7c55e','photos/5eme_edition_des_Journees_Portes_Ouvertes_aux_Haras_Nationaux_QAqV1DY.jpg','2017-01-02 17:46:02'),(179,'f9bde26a1556cd667f742bd34ec7c55e','photos/Haras_National_de_Bouznika_-_Concours_de_marechalerie_chevaux_montes_et_entretien_MOIJuvu.jpg','2016-08-08 21:12:22'),(180,'f9bde26a1556cd667f742bd34ec7c55e','photos/Haras_National_de_Bouznika_-_Edition_2016_des_JPO_g1rrn9B.jpg','2016-08-08 21:12:23'),(181,'f9bde26a1556cd667f742bd34ec7c55e','photos/Haras_National_de_Marrakech_-_Concours_de_marechalerie_chevaux_montes_et_entretie_KEMEGO6.jpg','2016-08-08 21:12:23'),(182,'f9bde26a1556cd667f742bd34ec7c55e','photos/Haras_National_de_Marrakech_-_Edition_2016_des_JPO_YgQkFfd.jpg','2016-12-02 08:09:16'),(183,'f9bde26a1556cd667f742bd34ec7c55e','photos/Haras_National_de_Meknes_-_Edition_2016_des_JPO_1PL2TAt.jpg','2016-12-02 08:09:16'),(184,'f9bde26a1556cd667f742bd34ec7c55e','photos/Haras_National_de_Meknes-_Concours_de_marechalerie_chevaux_montes_et_entretien_du_OLl61EB.jpg','2016-12-02 08:09:16'),(185,'f9bde26a1556cd667f742bd34ec7c55e','photos/Haras_National_dEl_Jadida_-_Concours_de_marechalerie_chevaux_montes_et_entretien__8kQF5jN.jpg','2016-12-02 08:09:17'),(186,'f9bde26a1556cd667f742bd34ec7c55e','photos/Haras_National_dEl_Jadida_-_Edition_2016_des_JPO_ynSP3ev.jpg','2016-08-08 21:12:24'),(187,'f9bde26a1556cd667f742bd34ec7c55e','photos/Haras_National_dOujda_-_Edition_2016_des_JPO_kut0Czl.jpg','2016-12-02 08:09:17'),(188,'f9bde26a1556cd667f742bd34ec7c55e','photos/Haras_National_dOujda-_Concours_de_marechalerie_chevaux_montes_et_entretien_du_ch_jWjyjEa.jpg','2016-08-08 21:12:24'),(189,'f9bde26a1556cd667f742bd34ec7c55e','photos/2_TzcvHNd.jpg','2016-08-09 22:32:21'),(190,'f9bde26a1556cd667f742bd34ec7c55e','photos/3_gikVwB9.jpg','2016-08-09 22:32:22'),(191,'f9bde26a1556cd667f742bd34ec7c55e','photos/4.jpg','2016-08-19 16:48:05'),(192,'f9bde26a1556cd667f742bd34ec7c55e','photos/5.jpg','2016-08-19 16:48:05'),(193,'f9bde26a1556cd667f742bd34ec7c55e','actualites/Affiche_Karacena.png','2016-08-11 10:59:08'),(194,'f9bde26a1556cd667f742bd34ec7c55e','actualites/Affiche_Karacena_2.png','2016-08-11 11:06:17'),(195,'f9bde26a1556cd667f742bd34ec7c55e','actualites/Affiche_Karacena_2_tEMWNvN.png','2016-08-11 11:14:47'),(196,'f9bde26a1556cd667f742bd34ec7c55e','actualites/Affiche_Karacena_2_yHTrDHb.png','2016-08-11 12:51:22'),(197,'f9bde26a1556cd667f742bd34ec7c55e','actualites/Protocole_de_Partenariat.png','2016-08-16 21:58:25'),(198,'f9bde26a1556cd667f742bd34ec7c55e','actualites/Protocole_de_Partenariat_mixkCps.png','2016-08-16 22:02:57'),(199,'f9bde26a1556cd667f742bd34ec7c55e','actualites/Protocole_de_Partenariat_R8dvOtL.png','2016-08-16 22:23:02'),(200,'f9bde26a1556cd667f742bd34ec7c55e','actualites/P2.jpg','2016-08-17 12:48:01'),(201,'f9bde26a1556cd667f742bd34ec7c55e','actualites/Protocole_de_Partenariat_PuZrwnZ.png','2016-08-17 14:35:31'),(202,'f9bde26a1556cd667f742bd34ec7c55e','actualites/Protocole_de_Partenariat_yB70F8e.png','2016-08-17 17:13:55'),(203,'f9bde26a1556cd667f742bd34ec7c55e','actualites/Protocole_de_Partenariat_KTTfHz9.png','2016-08-17 18:14:56'),(204,'f9bde26a1556cd667f742bd34ec7c55e','actualites/Protocole_de_Partenariat_qZwCm4n.png','2016-08-17 17:51:35'),(205,'f9bde26a1556cd667f742bd34ec7c55e','actualites/Protocole_de_Partenariat_MdhPHIJ.png','2016-08-17 17:54:25'),(206,'f9bde26a1556cd667f742bd34ec7c55e','categorie_agenda/images.jpeg','2016-08-19 15:08:23'),(207,'f9bde26a1556cd667f742bd34ec7c55e','actualites/Randonnee_jeunes_chevaux.jpg','2016-08-19 15:17:19'),(208,'f9bde26a1556cd667f742bd34ec7c55e','categorie_agenda/tbourida.png','2016-12-02 17:41:48'),(209,'f9bde26a1556cd667f742bd34ec7c55e','categorie_agenda/salon.jpg','2016-08-19 15:23:01'),(210,'f9bde26a1556cd667f742bd34ec7c55e','categorie_agenda/concours_elev.jpg','2016-08-19 15:23:56'),(211,'f9bde26a1556cd667f742bd34ec7c55e','categorie_agenda/meeting_4.jpg','2016-08-19 15:24:19'),(212,'f9bde26a1556cd667f742bd34ec7c55e','categorie_agenda/part.jpg','2016-12-09 13:06:53'),(213,'f9bde26a1556cd667f742bd34ec7c55e','categorie_agenda/jpo.jpg','2016-08-19 15:25:00'),(214,'f9bde26a1556cd667f742bd34ec7c55e','categorie_agenda/grand-prix.jpg','2016-08-19 15:25:12'),(215,'f9bde26a1556cd667f742bd34ec7c55e','photos/1_WU6Dcpo.JPG','2016-08-19 17:02:56'),(216,'f9bde26a1556cd667f742bd34ec7c55e','photos/2_TKs1alF.JPG','2016-08-19 17:02:56'),(217,'f9bde26a1556cd667f742bd34ec7c55e','photos/3_PSg0mpX.JPG','2016-08-19 17:02:56'),(218,'f9bde26a1556cd667f742bd34ec7c55e','photos/4_MRrw7ph.JPG','2016-08-19 17:02:57'),(219,'f9bde26a1556cd667f742bd34ec7c55e','photos/5_bylJwHX.JPG','2016-08-19 17:02:57'),(220,'f9bde26a1556cd667f742bd34ec7c55e','categorie_agenda/Coucours_1_VA.jpg','2016-08-25 11:50:09'),(221,'f9bde26a1556cd667f742bd34ec7c55e','photos/IMG_5891.JPG','2016-08-27 14:09:44'),(222,'f9bde26a1556cd667f742bd34ec7c55e','photos/IMG_5891_30Lys7y.JPG','2016-08-27 14:00:47'),(223,'f9bde26a1556cd667f742bd34ec7c55e','photos/IMG_5892_0ncZXw1.JPG','2016-08-27 14:00:47'),(224,'f9bde26a1556cd667f742bd34ec7c55e','photos/IMG_5893_zihnAGC.JPG','2016-08-27 14:00:48'),(225,'f9bde26a1556cd667f742bd34ec7c55e','photos/IMG_5894_PPnjeZx.JPG','2016-08-27 14:00:48'),(226,'f9bde26a1556cd667f742bd34ec7c55e','photos/IMG_5895_zYG7Vev.JPG','2016-08-27 14:00:48'),(227,'f9bde26a1556cd667f742bd34ec7c55e','photos/IMG_5897_UjHgiYB.JPG','2016-08-27 14:00:49'),(228,'f9bde26a1556cd667f742bd34ec7c55e','photos/IMG_5902_VaxjcwU.JPG','2016-08-27 14:00:49'),(229,'f9bde26a1556cd667f742bd34ec7c55e','photos/IMG_5904_ECJrCZl.JPG','2016-08-27 14:00:49'),(230,'f9bde26a1556cd667f742bd34ec7c55e','photos/IMG_5905_clm8inJ.JPG','2016-08-27 14:00:50'),(231,'f9bde26a1556cd667f742bd34ec7c55e','photos/IMG_5892.JPG','2016-08-27 14:09:44'),(232,'f9bde26a1556cd667f742bd34ec7c55e','photos/IMG_5893.JPG','2016-08-27 14:09:45'),(233,'f9bde26a1556cd667f742bd34ec7c55e','photos/IMG_5894.JPG','2016-08-27 14:09:45'),(234,'f9bde26a1556cd667f742bd34ec7c55e','photos/IMG_5895.JPG','2016-08-27 14:09:45'),(235,'f9bde26a1556cd667f742bd34ec7c55e','photos/IMG_5897.JPG','2016-08-27 14:09:45'),(236,'f9bde26a1556cd667f742bd34ec7c55e','photos/IMG_5902.JPG','2016-08-27 14:09:46'),(237,'f9bde26a1556cd667f742bd34ec7c55e','photos/IMG_5904.JPG','2016-08-27 14:09:46'),(238,'f9bde26a1556cd667f742bd34ec7c55e','photos/IMG_5905.JPG','2016-08-27 14:09:46'),(239,'f9bde26a1556cd667f742bd34ec7c55e','photos/IMG_5893_Do7ckxH.JPG','2016-08-27 14:11:43'),(240,'f9bde26a1556cd667f742bd34ec7c55e','photos/IMG_5893_IFDBfKC.JPG','2016-08-27 14:27:59'),(241,'f9bde26a1556cd667f742bd34ec7c55e','photos/IMG_5892_hLWhpXb.JPG','2016-08-27 14:41:49'),(242,'f9bde26a1556cd667f742bd34ec7c55e','photos/IMG_5893_ZfY716i.JPG','2016-08-27 14:41:49'),(243,'f9bde26a1556cd667f742bd34ec7c55e','photos/IMG_5895_gaiOoH4.JPG','2016-08-27 14:41:50'),(244,'f9bde26a1556cd667f742bd34ec7c55e','photos/IMG_5896.JPG','2016-08-27 14:41:50'),(245,'f9bde26a1556cd667f742bd34ec7c55e','photos/IMG_5898.JPG','2016-08-27 14:41:50'),(246,'f9bde26a1556cd667f742bd34ec7c55e','photos/IMG_5899.JPG','2016-08-27 14:41:51'),(247,'f9bde26a1556cd667f742bd34ec7c55e','photos/IMG_5900.JPG','2016-08-27 14:41:51'),(248,'f9bde26a1556cd667f742bd34ec7c55e','photos/IMG_5901.JPG','2016-08-27 14:41:51'),(249,'f9bde26a1556cd667f742bd34ec7c55e','photos/IMG_5902_HDosCXk.JPG','2016-08-27 14:41:51'),(250,'f9bde26a1556cd667f742bd34ec7c55e','photos/IMG_5903.JPG','2016-08-27 14:41:52'),(251,'f9bde26a1556cd667f742bd34ec7c55e','photos/IMG_5904_8PwGmbM.JPG','2016-08-27 14:41:52'),(252,'f9bde26a1556cd667f742bd34ec7c55e','photos/IMG_5905_yD9ZvZD.JPG','2016-08-27 14:41:52'),(253,'f9bde26a1556cd667f742bd34ec7c55e','photos/IMG_5892_NjYHZIz.JPG','2016-08-27 14:44:14'),(254,'f9bde26a1556cd667f742bd34ec7c55e','photos/IMG_5893_Wa1KEM3.JPG','2016-08-27 14:44:15'),(255,'f9bde26a1556cd667f742bd34ec7c55e','photos/IMG_5895_EadtdwR.JPG','2016-08-27 14:44:15'),(256,'f9bde26a1556cd667f742bd34ec7c55e','photos/IMG_5896_wMTDoLz.JPG','2016-08-27 14:44:15'),(257,'f9bde26a1556cd667f742bd34ec7c55e','photos/IMG_5898_0E5tFs6.JPG','2016-08-27 14:44:15'),(258,'f9bde26a1556cd667f742bd34ec7c55e','photos/IMG_5899_XlGAdvI.JPG','2016-08-27 14:44:16'),(259,'f9bde26a1556cd667f742bd34ec7c55e','photos/IMG_5900_Lj1IxTc.JPG','2016-08-27 14:44:16'),(260,'f9bde26a1556cd667f742bd34ec7c55e','photos/IMG_5901_7czR3H1.JPG','2016-08-27 14:44:16'),(261,'f9bde26a1556cd667f742bd34ec7c55e','photos/IMG_5902_pVLjxjm.JPG','2016-08-27 14:44:17'),(262,'f9bde26a1556cd667f742bd34ec7c55e','photos/IMG_5903_jtbFlmJ.JPG','2016-08-27 14:44:17'),(263,'f9bde26a1556cd667f742bd34ec7c55e','photos/IMG_5904_qw7Xp54.JPG','2016-08-27 14:44:17'),(264,'f9bde26a1556cd667f742bd34ec7c55e','photos/IMG_5905_hjo0SJ8.JPG','2016-08-27 14:44:18'),(265,'f9bde26a1556cd667f742bd34ec7c55e','actualites/Morocco_Cup_By_SOREC.jpg','2016-08-29 11:29:01'),(266,'f9bde26a1556cd667f742bd34ec7c55e','actualites/Morocco_Cup_By_SOREC_2.jpg.png','2016-08-29 11:38:09'),(267,'f9bde26a1556cd667f742bd34ec7c55e','actualites/Morocco_Cup_By_SOREC_3.jpg','2016-08-29 11:40:53'),(268,'f9bde26a1556cd667f742bd34ec7c55e','actualites/Morocco_Cup_By_SOREC_2.jpg_dvrNTmr.png','2016-08-29 11:41:17'),(269,'f9bde26a1556cd667f742bd34ec7c55e','actualites/Morocco_Cup_By_SOREC_4.jpg','2016-08-29 11:45:23'),(270,'f9bde26a1556cd667f742bd34ec7c55e','actualites/Morocco_Cup_By_SOREC_5.jpg','2016-12-06 10:47:49'),(271,'f9bde26a1556cd667f742bd34ec7c55e','logo/histo_3.jpg','2016-10-26 09:59:48'),(272,'f9bde26a1556cd667f742bd34ec7c55e','logo/1_DBbnQ0f.png','2016-11-28 14:26:12'),(273,'f9bde26a1556cd667f742bd34ec7c55e','metiers/reg_UllDt5b.jpg','2016-10-26 11:04:05'),(274,'f9bde26a1556cd667f742bd34ec7c55e','metiers/tbourida_1.jpg','2016-10-26 11:04:05'),(275,'f9bde26a1556cd667f742bd34ec7c55e','metiers/histo_3.jpg','2016-10-26 11:04:05'),(276,'f9bde26a1556cd667f742bd34ec7c55e','metiers/_MG_5441.jpg','2016-10-26 11:05:48'),(277,'f9bde26a1556cd667f742bd34ec7c55e','metiers/linseminateur_IEBlJLP.jpg','2016-11-28 16:42:03'),(278,'f9bde26a1556cd667f742bd34ec7c55e','metiers/linseminateur_B0AX2Hd.jpg','2016-10-26 11:07:49'),(279,'f9bde26a1556cd667f742bd34ec7c55e','metiers/linseminateur_wHG9Og0.jpg','2016-10-26 11:12:22'),(280,'f9bde26a1556cd667f742bd34ec7c55e','metiers/_B9Q9918.jpg','2016-11-29 11:55:31'),(281,'f9bde26a1556cd667f742bd34ec7c55e','metiers/linseminateur_rIzvuM4.jpg','2016-10-26 11:16:38'),(282,'f9bde26a1556cd667f742bd34ec7c55e','photos/P4.jpg','2016-11-09 16:28:29'),(283,'f9bde26a1556cd667f742bd34ec7c55e','photos/P4_zuyZOkY.jpg','2016-11-09 16:34:43'),(284,'f9bde26a1556cd667f742bd34ec7c55e','photos/P4_Rtap7yN.jpg','2016-11-09 16:35:09'),(285,'f9bde26a1556cd667f742bd34ec7c55e','photos/IMG_5892_hLWhpXb_ZIc9ec5.JPG','2016-11-09 16:38:20'),(286,'f9bde26a1556cd667f742bd34ec7c55e','photos/IMG_5892_hLWhpXb_3hlaVqz.JPG','2016-11-09 16:38:35'),(287,'f9bde26a1556cd667f742bd34ec7c55e','photos/IMG_5892_hLWhpXb_HndPcng.JPG','2016-11-09 16:38:35'),(288,'f9bde26a1556cd667f742bd34ec7c55e','photos/IMG_5892_hLWhpXb_N87l8DH.JPG','2017-01-02 17:46:02'),(289,'f9bde26a1556cd667f742bd34ec7c55e','photos/IMG_5892_hLWhpXb_i8OPgrQ.JPG','2016-11-09 16:38:49'),(290,'f9bde26a1556cd667f742bd34ec7c55e','photos/IMG_5892_hLWhpXb_SF44FTM.JPG','2016-11-09 16:38:49'),(291,'f9bde26a1556cd667f742bd34ec7c55e','logo/IMG_5892_hLWhpXb.JPG','2016-11-09 16:55:14'),(292,'f9bde26a1556cd667f742bd34ec7c55e','logo/IMG_5892_hLWhpXb_u76gwRZ.JPG','2016-11-09 16:55:14'),(293,'f9bde26a1556cd667f742bd34ec7c55e','metiers/Palefrenier_x6D60g3.jpg','2016-11-29 12:25:16'),(294,'f9bde26a1556cd667f742bd34ec7c55e','actualites/chev1.jpg','2016-12-26 15:11:56'),(295,'f9bde26a1556cd667f742bd34ec7c55e','actualites/MIM_Cover_1.png','2017-11-29 10:46:12');

--
-- Table structure for table `easy_thumbnails_thumbnail`
--

CREATE TABLE `easy_thumbnails_thumbnail` (
  `id` int(11) NOT NULL AUTO_INCREMENT,
  `storage_hash` varchar(40) NOT NULL,
  `name` varchar(255) NOT NULL,
  `modified` datetime NOT NULL,
  `source_id` int(11) NOT NULL,
  PRIMARY KEY (`id`),
  UNIQUE KEY `easy_thumbnails_thumbnail_storage_hash_66cc758d07ef9fce_uniq` (`storage_hash`,`name`,`source_id`),
  KEY `easy_thu_source_id_50b260de7106e1b7_fk_easy_thumbnails_source_id` (`source_id`),
  KEY `easy_thumbnails_thumbnail_b454e115` (`storage_hash`),
  KEY `easy_thumbnails_thumbnail_b068931c` (`name`),
  CONSTRAINT `easy_thu_source_id_50b260de7106e1b7_fk_easy_thumbnails_source_id` FOREIGN KEY (`source_id`) REFERENCES `easy_thumbnails_source` (`id`)
) ENGINE=InnoDB AUTO_INCREMENT=561 DEFAULT CHARSET=utf8;

--
-- Dumping data for table `easy_thumbnails_thumbnail`
--

INSERT INTO `easy_thumbnails_thumbnail` VALUES (1,'d26becbf46ac48eda79c7a39a13a02dd','./Logo_Equidia.png.450x300_q85.png','2015-10-07 08:51:43',1),(2,'d26becbf46ac48eda79c7a39a13a02dd','./g5j8w1apitz2oepbi52b.jpeg.450x300_q85.jpg','2015-10-07 08:51:43',2),(3,'d26becbf46ac48eda79c7a39a13a02dd','./telechargement.jpg.450x300_q85.jpg','2015-10-07 08:51:43',3),(4,'d26becbf46ac48eda79c7a39a13a02dd','./logo_radio_mars.jpg.450x300_q85.jpg','2015-10-08 18:12:47',4),(5,'d26becbf46ac48eda79c7a39a13a02dd','logo/Equidia.gif.450x300_q85.jpg','2015-10-07 13:51:52',5),(6,'d26becbf46ac48eda79c7a39a13a02dd','logo/paris.gif.450x300_q85.jpg','2015-10-07 13:53:15',6),(7,'d26becbf46ac48eda79c7a39a13a02dd','photos/_DSC7805-2.jpg.1920x400_q85.jpg','2015-10-07 14:30:49',7),(8,'d26becbf46ac48eda79c7a39a13a02dd','photos/_MG_7218.jpg.1920x400_q85.jpg','2015-10-07 14:30:49',8),(9,'d26becbf46ac48eda79c7a39a13a02dd','photos/_MG_9369.jpg.1920x400_q85.jpg','2015-10-07 14:30:49',9),(10,'d26becbf46ac48eda79c7a39a13a02dd','photos/MRC_040315_6427D.jpg.1920x400_q85.jpg','2015-10-07 14:30:49',10),(11,'d26becbf46ac48eda79c7a39a13a02dd','photos/_B9Q1580.jpg.1920x400_q85.jpg','2015-10-07 14:30:49',11),(12,'d26becbf46ac48eda79c7a39a13a02dd','photos/19XX_Prix_du_Grand_Maghreb_2.jpg.1920x400_q85.jpg','2015-10-07 14:31:53',12),(13,'d26becbf46ac48eda79c7a39a13a02dd','photos/1918_Jumenterie_de_Meknes.jpg.1920x400_q85.jpg','2015-10-07 14:31:53',13),(14,'d26becbf46ac48eda79c7a39a13a02dd','photos/19XX_SM_Mohammed_VI.jpg.1920x400_q85.jpg','2015-10-07 14:31:53',14),(15,'d26becbf46ac48eda79c7a39a13a02dd','photos/1935_SM_MV_a_lhippodrome_de_Rabat.jpg.1920x400_q85.jpg','2015-10-07 14:31:53',15),(16,'d26becbf46ac48eda79c7a39a13a02dd','photos/19XX_Sorec_021.jpg.1920x400_q85.jpg','2015-10-07 14:31:53',16),(17,'d26becbf46ac48eda79c7a39a13a02dd','photos/Adapt_site_web_Sorec_Generique.jpg.1920x400_q85.jpg','2015-10-07 14:34:35',17),(18,'d26becbf46ac48eda79c7a39a13a02dd','photos/BANNIERE_ART_EQUEST_1920X580.jpg.1920x400_q85.jpg','2015-10-08 13:06:04',18),(19,'d26becbf46ac48eda79c7a39a13a02dd','photos/_DSC7805-2_emzKSFe.jpg.1920x400_q85.jpg','2015-10-08 16:47:57',19),(20,'d26becbf46ac48eda79c7a39a13a02dd','photos/BANNIERE_ART_EQUEST_1920X580_EGPqS1u.jpg.1920x400_q85.jpg','2015-10-08 16:47:57',20),(21,'d26becbf46ac48eda79c7a39a13a02dd','photos/BANNIERE_BARBE_1920X580_.jpg.1920x400_q85.jpg','2015-10-08 16:47:57',21),(22,'d26becbf46ac48eda79c7a39a13a02dd','photos/BANNIERE_PLFRENIER_1920X580.jpg.1920x400_q85.jpg','2015-10-08 16:47:57',22),(23,'d26becbf46ac48eda79c7a39a13a02dd','photos/group_of_youngsters_.jpg.1920x400_q85.jpg','2015-10-08 16:47:57',23),(24,'d26becbf46ac48eda79c7a39a13a02dd','logo/Derby_logo.png.450x300_q85.png','2015-10-08 18:12:48',24),(25,'d26becbf46ac48eda79c7a39a13a02dd','photos/_B9Q0923_GP_SM_Med_V_PSA.jpg.740x330_q85.jpg','2015-10-08 19:25:53',25),(26,'d26becbf46ac48eda79c7a39a13a02dd','photos/_B9Q0923_GP_SM_Med_V_PSA.jpg.300x250_q85.jpg','2015-10-08 19:25:53',25),(27,'d26becbf46ac48eda79c7a39a13a02dd','photos/_B9Q0580.JPG.300x250_q85.jpg','2015-10-08 19:29:47',26),(28,'d26becbf46ac48eda79c7a39a13a02dd','photos/_B9Q0920_Depart_GP_Med_V.jpg.300x250_q85.jpg','2015-10-08 19:30:52',27),(29,'d26becbf46ac48eda79c7a39a13a02dd','photos/_B9Q0923_GP_SM_Med_V.jpg.300x250_q85.jpg','2015-10-08 19:30:53',28),(30,'d26becbf46ac48eda79c7a39a13a02dd','photos/_B9Q0944.JPG.300x250_q85.jpg','2015-10-08 19:32:57',29),(31,'d26becbf46ac48eda79c7a39a13a02dd','photos/_B9Q5831.JPG.300x250_q85.jpg','2015-10-08 19:35:23',30),(32,'d26becbf46ac48eda79c7a39a13a02dd','photos/10385484_1529864027251987_1987798474278127713_n.jpg.300x250_q85.jpg','2015-10-08 19:36:36',31),(33,'d26becbf46ac48eda79c7a39a13a02dd','photos/_B9Q1051.JPG.300x250_q85.jpg','2015-10-08 19:40:00',32),(34,'d26becbf46ac48eda79c7a39a13a02dd','photos/P15.jpg.300x250_q85.jpg','2015-10-08 19:41:05',33),(35,'d26becbf46ac48eda79c7a39a13a02dd','photos/_MG_6974.JPG.300x250_q85.jpg','2015-10-08 19:41:06',34),(36,'d26becbf46ac48eda79c7a39a13a02dd','photos/MRC_040215_1121B.jpg.300x250_q85.jpg','2015-10-08 19:44:09',35),(37,'d26becbf46ac48eda79c7a39a13a02dd','photos/_MG_5857.JPG.300x250_q85.jpg','2015-10-08 19:44:10',36),(38,'d26becbf46ac48eda79c7a39a13a02dd','photos/in_2.jpg.300x250_q85.jpg','2015-10-08 19:44:10',37),(39,'d26becbf46ac48eda79c7a39a13a02dd','photos/STAND_GOO_3.jpg.300x250_q85.jpg','2015-10-08 19:45:11',38),(40,'d26becbf46ac48eda79c7a39a13a02dd','./IFHA.jpg.450x300_q85.jpg','2015-10-09 11:07:51',39),(41,'d26becbf46ac48eda79c7a39a13a02dd','./IFAHR.gif.450x300_q85.png','2015-10-09 11:07:51',40),(42,'d26becbf46ac48eda79c7a39a13a02dd','./waho.jpg.450x300_q85.jpg','2015-10-09 11:07:51',41),(43,'d26becbf46ac48eda79c7a39a13a02dd','./poulain_barbe_arabe.jpg.450x300_q85.jpg','2015-10-19 12:21:37',42),(44,'d26becbf46ac48eda79c7a39a13a02dd','./EMHF_logo.jpg.450x300_q85.jpg','2015-10-09 11:07:51',43),(45,'d26becbf46ac48eda79c7a39a13a02dd','./Capture.PNG.450x300_q85.png','2015-10-09 11:07:52',44),(46,'d26becbf46ac48eda79c7a39a13a02dd','logo/logo.jpg.450x300_q85.jpg','2015-10-09 12:45:55',45),(47,'d26becbf46ac48eda79c7a39a13a02dd','logo/logo2.jpg.450x300_q85.jpg','2015-10-09 12:46:40',46),(48,'d26becbf46ac48eda79c7a39a13a02dd','logo/equidia.jpg.450x300_q85.jpg','2015-10-09 13:13:09',47),(49,'d26becbf46ac48eda79c7a39a13a02dd','logo/parif.jpg.450x300_q85.jpg','2015-10-09 13:13:33',48),(50,'d26becbf46ac48eda79c7a39a13a02dd','logo/course.jpg.450x300_q85.jpg','2015-10-09 13:14:03',49),(51,'d26becbf46ac48eda79c7a39a13a02dd','logo/mars.jpg.450x300_q85.jpg','2015-10-09 14:12:56',50),(52,'d26becbf46ac48eda79c7a39a13a02dd','logo/epma.jpg.450x300_q85.jpg','2015-10-27 16:14:02',51),(53,'d26becbf46ac48eda79c7a39a13a02dd','logo/xs0fxgas.jpg.450x300_q85.jpg','2015-10-27 16:14:02',52),(54,'d26becbf46ac48eda79c7a39a13a02dd','logo/NAOUARIM___411.JPG.450x300_q85.jpg','2015-11-02 14:28:48',53),(55,'d26becbf46ac48eda79c7a39a13a02dd','logo/logo.png.450x300_q85.png','2015-11-16 10:05:59',54),(56,'d26becbf46ac48eda79c7a39a13a02dd','logo/equidia_yV037A4.jpg.450x300_q85.jpg','2015-11-16 10:06:14',55),(57,'d26becbf46ac48eda79c7a39a13a02dd','logo/test.jpg.450x300_q85.jpg','2015-11-17 20:28:18',56),(58,'d26becbf46ac48eda79c7a39a13a02dd','logo/test_TPshDYW.jpg.450x300_q85.jpg','2015-11-17 20:29:27',57),(59,'d26becbf46ac48eda79c7a39a13a02dd','actualites/Jument_suitee.jpg.900x900_q85.jpg','2015-12-21 18:06:51',58),(60,'d26becbf46ac48eda79c7a39a13a02dd','actualites/Jument_suitee.jpg.350x200_q85_crop-center.jpg','2016-04-10 05:11:51',58),(61,'d26becbf46ac48eda79c7a39a13a02dd','actualites/Rassembment_barbe_et_arabe_barbe_EzrRF0O.jpg.900x900_q85.jpg','2015-12-21 18:07:05',59),(62,'d26becbf46ac48eda79c7a39a13a02dd','actualites/Rassembment_barbe_et_arabe_barbe_EzrRF0O.jpg.350x200_q85_crop-center.jpg','2015-12-21 18:07:06',59),(63,'d26becbf46ac48eda79c7a39a13a02dd','actualites/Trio_v2_resultat.jpg.900x900_q85.jpg','2015-12-21 18:07:06',60),(64,'d26becbf46ac48eda79c7a39a13a02dd','actualites/Trio_v2_resultat.jpg.350x200_q85_crop-center.jpg','2015-12-21 18:07:06',60),(65,'d26becbf46ac48eda79c7a39a13a02dd','logo/logo.jpg.450x300_q85_crop-center.jpg','2015-12-21 18:08:01',45),(66,'d26becbf46ac48eda79c7a39a13a02dd','./IFAHR.gif.450x300_q85_crop-center.png','2015-12-21 18:08:01',40),(67,'d26becbf46ac48eda79c7a39a13a02dd','logo/epma.jpg.450x300_q85_crop-center.jpg','2015-12-21 18:08:01',51),(68,'d26becbf46ac48eda79c7a39a13a02dd','./Capture.PNG.450x300_q85_crop-center.png','2015-12-21 18:08:01',44),(69,'d26becbf46ac48eda79c7a39a13a02dd','logo/logo2.jpg.450x300_q85_crop-center.jpg','2015-12-21 18:08:01',46),(70,'d26becbf46ac48eda79c7a39a13a02dd','logo/test_TPshDYW.jpg.450x300_q85_crop-center.jpg','2015-12-21 18:08:01',57),(71,'d26becbf46ac48eda79c7a39a13a02dd','logo/xs0fxgas.jpg.450x300_q85_crop-center.jpg','2015-12-21 18:08:01',52),(72,'d26becbf46ac48eda79c7a39a13a02dd','./_MG_5441.jpg.270x163_q85_crop-center.jpg','2015-12-21 18:08:26',61),(73,'d26becbf46ac48eda79c7a39a13a02dd','metiers/linseminateur.jpg.270x163_q85_crop-center.jpg','2015-12-21 18:08:26',62),(74,'d26becbf46ac48eda79c7a39a13a02dd','metiers/chef_de_centre.jpg.270x163_q85_crop-center.jpg','2016-11-28 16:42:03',63),(75,'d26becbf46ac48eda79c7a39a13a02dd','photos/_B9Q0923_GP_SM_Med_V_PSA.jpg.361x195_q85_crop.jpg','2015-12-21 18:09:38',25),(76,'d26becbf46ac48eda79c7a39a13a02dd','photos/_B9Q0923_GP_SM_Med_V_PSA.jpg.800x533_q85_crop.jpg','2016-04-14 14:28:07',25),(77,'d26becbf46ac48eda79c7a39a13a02dd','photos/_B9Q0923_GP_SM_Med_V_PSA.jpg.192x128_q85_crop.jpg','2015-12-21 18:09:44',25),(78,'d26becbf46ac48eda79c7a39a13a02dd','photos/_B9Q0580.JPG.800x533_q85_crop.jpg','2015-12-21 18:09:44',26),(79,'d26becbf46ac48eda79c7a39a13a02dd','photos/_B9Q0580.JPG.192x128_q85_crop.jpg','2015-12-21 18:09:45',26),(80,'d26becbf46ac48eda79c7a39a13a02dd','photos/_B9Q0920_Depart_GP_Med_V.jpg.800x533_q85_crop.jpg','2016-04-14 14:28:07',27),(81,'d26becbf46ac48eda79c7a39a13a02dd','photos/_B9Q0920_Depart_GP_Med_V.jpg.192x128_q85_crop.jpg','2016-04-14 14:28:07',27),(82,'d26becbf46ac48eda79c7a39a13a02dd','photos/_B9Q0923_GP_SM_Med_V.jpg.800x533_q85_crop.jpg','2015-12-21 18:09:46',28),(83,'d26becbf46ac48eda79c7a39a13a02dd','photos/_B9Q0923_GP_SM_Med_V.jpg.192x128_q85_crop.jpg','2015-12-21 18:09:46',28),(84,'d26becbf46ac48eda79c7a39a13a02dd','photos/_B9Q0944.JPG.800x533_q85_crop.jpg','2015-12-21 18:09:47',29),(85,'d26becbf46ac48eda79c7a39a13a02dd','photos/_B9Q0944.JPG.192x128_q85_crop.jpg','2015-12-21 18:09:47',29),(86,'d26becbf46ac48eda79c7a39a13a02dd','photos/_B9Q5831.JPG.800x533_q85_crop.jpg','2016-07-17 09:56:15',30),(87,'d26becbf46ac48eda79c7a39a13a02dd','photos/_B9Q5831.JPG.192x128_q85_crop.jpg','2016-07-17 09:56:16',30),(88,'d26becbf46ac48eda79c7a39a13a02dd','photos/10385484_1529864027251987_1987798474278127713_n.jpg.800x533_q85_crop.jpg','2015-12-21 18:09:49',31),(89,'d26becbf46ac48eda79c7a39a13a02dd','photos/10385484_1529864027251987_1987798474278127713_n.jpg.192x128_q85_crop.jpg','2016-04-14 14:28:08',31),(90,'d26becbf46ac48eda79c7a39a13a02dd','photos/roi.jpg.800x533_q85_crop.jpg','2015-12-21 18:09:49',64),(91,'d26becbf46ac48eda79c7a39a13a02dd','photos/roi.jpg.192x128_q85_crop.jpg','2016-04-14 14:28:08',64),(92,'d26becbf46ac48eda79c7a39a13a02dd','photos/P15.jpg.800x533_q85_crop.jpg','2016-07-17 09:56:16',33),(93,'d26becbf46ac48eda79c7a39a13a02dd','photos/P15.jpg.192x128_q85_crop.jpg','2016-07-17 09:56:16',33),(94,'d26becbf46ac48eda79c7a39a13a02dd','photos/_MG_6974.JPG.800x533_q85_crop.jpg','2015-12-21 18:09:50',34),(95,'d26becbf46ac48eda79c7a39a13a02dd','photos/_MG_6974.JPG.192x128_q85_crop.jpg','2015-12-21 18:09:50',34),(96,'d26becbf46ac48eda79c7a39a13a02dd','photos/MRC_040215_1121B.jpg.800x533_q85_crop.jpg','2015-12-21 18:09:50',35),(97,'d26becbf46ac48eda79c7a39a13a02dd','photos/MRC_040215_1121B.jpg.192x128_q85_crop.jpg','2015-12-21 18:09:50',35),(98,'d26becbf46ac48eda79c7a39a13a02dd','photos/_MG_5857.JPG.800x533_q85_crop.jpg','2015-12-21 18:09:50',36),(99,'d26becbf46ac48eda79c7a39a13a02dd','photos/_MG_5857.JPG.192x128_q85_crop.jpg','2016-04-14 14:28:09',36),(100,'d26becbf46ac48eda79c7a39a13a02dd','photos/in_2.jpg.800x533_q85_crop.jpg','2016-04-14 14:28:09',37),(101,'d26becbf46ac48eda79c7a39a13a02dd','photos/in_2.jpg.192x128_q85_crop.jpg','2015-12-21 18:09:51',37),(102,'d26becbf46ac48eda79c7a39a13a02dd','photos/STAND_GOO_3.jpg.800x533_q85_crop.jpg','2015-12-21 18:09:51',38),(103,'d26becbf46ac48eda79c7a39a13a02dd','photos/STAND_GOO_3.jpg.192x128_q85_crop.jpg','2016-04-14 14:28:09',38),(104,'d26becbf46ac48eda79c7a39a13a02dd','photos/vid3.png.240x125_q85_crop-center.jpg','2015-12-21 18:10:33',65),(105,'d26becbf46ac48eda79c7a39a13a02dd','photos/barbe.png.240x125_q85_crop-center.jpg','2015-12-21 18:10:34',66),(106,'d26becbf46ac48eda79c7a39a13a02dd','photos/vid2.png.240x125_q85_crop-center.jpg','2015-12-21 18:10:34',67),(107,'d26becbf46ac48eda79c7a39a13a02dd','logo/equidia_yV037A4.jpg.450x300_q85_crop-center.jpg','2015-12-21 18:10:45',55),(108,'d26becbf46ac48eda79c7a39a13a02dd','logo/parif.jpg.450x300_q85_crop-center.jpg','2016-04-08 20:07:49',48),(109,'d26becbf46ac48eda79c7a39a13a02dd','logo/course.jpg.450x300_q85_crop-center.jpg','2016-11-28 14:29:20',49),(110,'d26becbf46ac48eda79c7a39a13a02dd','logo/mars.jpg.450x300_q85_crop-center.jpg','2015-12-21 18:10:45',50),(111,'d26becbf46ac48eda79c7a39a13a02dd','logo/Derby_logo.png.450x300_q85_crop-center.png','2015-12-21 18:10:45',24),(112,'d26becbf46ac48eda79c7a39a13a02dd','images_documentations/doc5.png.150x100_q85_crop-center.jpg','2015-12-21 18:29:49',68),(113,'d26becbf46ac48eda79c7a39a13a02dd','images_documentations/doc4.png.150x100_q85_crop-center.jpg','2015-12-21 18:29:49',69),(114,'d26becbf46ac48eda79c7a39a13a02dd','images_documentations/doc3.png.150x100_q85_crop-center.jpg','2015-12-21 18:29:49',70),(115,'d26becbf46ac48eda79c7a39a13a02dd','images_documentations/doc2.png.150x100_q85_crop-center.jpg','2015-12-21 18:29:49',71),(116,'d26becbf46ac48eda79c7a39a13a02dd','images_documentations/doc1.png.150x100_q85_crop-center.jpg','2015-12-21 18:29:49',72),(117,'d26becbf46ac48eda79c7a39a13a02dd','images_documentations/doc1_3ZGkRdQ.png.150x100_q85_crop-center.jpg','2016-11-29 15:01:07',73),(118,'d26becbf46ac48eda79c7a39a13a02dd','images_documentations/doc2_aTjnPwg.png.150x100_q85_crop-center.jpg','2016-11-29 15:01:06',74),(119,'d26becbf46ac48eda79c7a39a13a02dd','images_documentations/doc3_dQLBhes.png.150x100_q85_crop-center.jpg','2016-11-29 15:01:06',75),(120,'d26becbf46ac48eda79c7a39a13a02dd','images_documentations/doc4_McjSGEM.png.150x100_q85_crop-center.jpg','2015-12-21 18:30:25',76),(121,'d26becbf46ac48eda79c7a39a13a02dd','images_documentations/doc5_XlHYoFR.png.150x100_q85_crop-center.jpg','2016-11-29 15:01:06',77),(122,'d26becbf46ac48eda79c7a39a13a02dd','logo/3.jpg.450x300_q85.jpg','2015-12-21 22:36:44',78),(123,'d26becbf46ac48eda79c7a39a13a02dd','logo/3.jpg.450x300_q85_crop-center.jpg','2016-11-28 14:26:12',78),(124,'d26becbf46ac48eda79c7a39a13a02dd','logo/1.png.450x300_q85.png','2016-04-08 16:18:17',79),(125,'d26becbf46ac48eda79c7a39a13a02dd','logo/1.png.450x300_q85_crop-center.png','2016-04-08 16:18:17',79),(126,'d26becbf46ac48eda79c7a39a13a02dd','logo/2.PNG.450x300_q85.png','2015-12-21 22:39:06',80),(127,'d26becbf46ac48eda79c7a39a13a02dd','logo/2.PNG.450x300_q85_crop-center.png','2015-12-21 22:39:06',80),(128,'d26becbf46ac48eda79c7a39a13a02dd','logo/poulain_barbe_arabe.jpg.450x300_q85.jpg','2015-12-21 22:40:58',81),(129,'d26becbf46ac48eda79c7a39a13a02dd','logo/poulain_barbe_arabe.jpg.450x300_q85_crop-center.jpg','2016-11-28 14:26:12',81),(130,'d26becbf46ac48eda79c7a39a13a02dd','./_MG_3215.jpg.270x163_q85_crop-center.jpg','2016-11-29 12:25:15',82),(131,'d26becbf46ac48eda79c7a39a13a02dd','metiers/Palefrenier.jpg.270x163_q85_crop-center.jpg','2015-12-22 05:46:41',83),(132,'d26becbf46ac48eda79c7a39a13a02dd','metiers/ct.jpg.270x163_q85_crop-center.jpg','2015-12-22 05:46:41',84),(133,'d26becbf46ac48eda79c7a39a13a02dd','./DSC_1683.jpg.270x163_q85_crop-center.jpg','2016-11-29 12:25:16',85),(134,'d26becbf46ac48eda79c7a39a13a02dd','metiers/moniteur.jpg.270x163_q85_crop-center.jpg','2016-11-29 12:25:16',86),(135,'d26becbf46ac48eda79c7a39a13a02dd','actualites/Trio_v2_resultat.jpg.250x166_q85_crop-center.jpg','2015-12-22 09:36:04',60),(136,'d26becbf46ac48eda79c7a39a13a02dd','actualites/Jument_suitee.jpg.250x166_q85_crop-center.jpg','2016-04-08 14:12:03',58),(137,'d26becbf46ac48eda79c7a39a13a02dd','actualites/Rassembment_barbe_et_arabe_barbe_EzrRF0O.jpg.250x166_q85_crop-center.jpg','2015-12-22 09:36:05',59),(138,'d26becbf46ac48eda79c7a39a13a02dd','actualites/Formation_croisement_raisonne_YZ4YJfy.jpg.250x166_q85_crop-center.jpg','2016-04-08 14:12:03',87),(139,'d26becbf46ac48eda79c7a39a13a02dd','actualites/Concours_delevage.jpg.250x166_q85_crop-center.jpg','2016-04-08 14:12:03',88),(140,'d26becbf46ac48eda79c7a39a13a02dd','actualites/haras_del_jadida_2.JPG.250x166_q85_crop-center.jpg','2015-12-22 09:36:05',89),(141,'d26becbf46ac48eda79c7a39a13a02dd','actualites/IMG_2433.JPG.250x166_q85_crop-center.jpg','2016-04-08 14:12:03',90),(142,'d26becbf46ac48eda79c7a39a13a02dd','actualites/Trio_v2_resultat_rGJ7AXS.jpg.250x166_q85_crop-center.jpg','2015-12-22 09:40:30',91),(143,'d26becbf46ac48eda79c7a39a13a02dd','photos/1_0faB6y0.jpg.361x195_q85_crop.jpg','2015-12-22 10:13:27',92),(144,'d26becbf46ac48eda79c7a39a13a02dd','photos/1_0faB6y0.jpg.800x533_q85_crop.jpg','2015-12-22 10:13:32',92),(145,'d26becbf46ac48eda79c7a39a13a02dd','photos/1_0faB6y0.jpg.192x128_q85_crop.jpg','2015-12-22 10:13:33',92),(146,'d26becbf46ac48eda79c7a39a13a02dd','photos/2_0K11MkP.jpg.800x533_q85_crop.jpg','2015-12-22 10:13:33',93),(147,'d26becbf46ac48eda79c7a39a13a02dd','photos/2_0K11MkP.jpg.192x128_q85_crop.jpg','2015-12-22 10:13:33',93),(148,'d26becbf46ac48eda79c7a39a13a02dd','photos/3_swB8WDD.jpg.800x533_q85_crop.jpg','2015-12-22 10:13:33',94),(149,'d26becbf46ac48eda79c7a39a13a02dd','photos/3_swB8WDD.jpg.192x128_q85_crop.jpg','2015-12-22 10:13:33',94),(150,'d26becbf46ac48eda79c7a39a13a02dd','photos/4_cYNldfC.jpg.800x533_q85_crop.jpg','2015-12-22 10:13:33',95),(151,'d26becbf46ac48eda79c7a39a13a02dd','photos/4_cYNldfC.jpg.192x128_q85_crop.jpg','2015-12-22 10:13:33',95),(152,'d26becbf46ac48eda79c7a39a13a02dd','photos/5_h9wj773.jpg.800x533_q85_crop.jpg','2015-12-22 10:13:33',96),(153,'d26becbf46ac48eda79c7a39a13a02dd','photos/5_h9wj773.jpg.192x128_q85_crop.jpg','2015-12-22 10:13:33',96),(154,'d26becbf46ac48eda79c7a39a13a02dd','photos/6.jpg.800x533_q85_crop.jpg','2015-12-22 10:13:33',97),(155,'d26becbf46ac48eda79c7a39a13a02dd','photos/6.jpg.192x128_q85_crop.jpg','2015-12-22 10:13:34',97),(156,'d26becbf46ac48eda79c7a39a13a02dd','photos/_B9Q0916.JPG.361x195_q85_crop.jpg','2015-12-22 10:48:41',98),(157,'d26becbf46ac48eda79c7a39a13a02dd','photos/_MG_3656_-_copie.JPG.361x195_q85_crop.jpg','2015-12-22 10:55:39',99),(158,'d26becbf46ac48eda79c7a39a13a02dd','photos/_B9Q0916.JPG.800x533_q85_crop.jpg','2015-12-22 10:55:54',98),(159,'d26becbf46ac48eda79c7a39a13a02dd','photos/_B9Q0916.JPG.192x128_q85_crop.jpg','2016-04-10 02:22:01',98),(160,'d26becbf46ac48eda79c7a39a13a02dd','photos/_B9Q0580_gPuYmOx.JPG.800x533_q85_crop.jpg','2017-01-02 10:01:44',100),(161,'d26becbf46ac48eda79c7a39a13a02dd','photos/_B9Q0580_gPuYmOx.JPG.192x128_q85_crop.jpg','2017-01-02 10:01:44',100),(162,'d26becbf46ac48eda79c7a39a13a02dd','photos/_B9Q0920_Depart_GP_Med_V_Ln4Sbot.jpg.800x533_q85_crop.jpg','2017-01-02 10:01:45',101),(163,'d26becbf46ac48eda79c7a39a13a02dd','photos/_B9Q0920_Depart_GP_Med_V_Ln4Sbot.jpg.192x128_q85_crop.jpg','2017-01-02 10:01:45',101),(164,'d26becbf46ac48eda79c7a39a13a02dd','photos/_B9Q0923_GP_SM_Med_V_6fqAKZo.jpg.800x533_q85_crop.jpg','2017-01-02 10:01:45',102),(165,'d26becbf46ac48eda79c7a39a13a02dd','photos/_B9Q0923_GP_SM_Med_V_6fqAKZo.jpg.192x128_q85_crop.jpg','2017-01-02 10:01:45',102),(166,'d26becbf46ac48eda79c7a39a13a02dd','photos/_B9Q0944_kcvbdiR.JPG.800x533_q85_crop.jpg','2017-01-02 10:01:46',103),(167,'d26becbf46ac48eda79c7a39a13a02dd','photos/_B9Q0944_kcvbdiR.JPG.192x128_q85_crop.jpg','2017-01-02 10:01:47',103),(168,'d26becbf46ac48eda79c7a39a13a02dd','photos/_B9Q5831_DeFosWl.JPG.800x533_q85_crop.jpg','2016-04-10 02:22:02',104),(169,'d26becbf46ac48eda79c7a39a13a02dd','photos/_B9Q5831_DeFosWl.JPG.192x128_q85_crop.jpg','2016-04-10 02:22:03',104),(170,'d26becbf46ac48eda79c7a39a13a02dd','photos/_MG_3656_-_copie.JPG.800x533_q85_crop.jpg','2016-04-12 03:08:29',99),(171,'d26becbf46ac48eda79c7a39a13a02dd','photos/_MG_3656_-_copie.JPG.192x128_q85_crop.jpg','2016-04-12 03:08:30',99),(172,'d26becbf46ac48eda79c7a39a13a02dd','photos/_MG_3838_-_copie.JPG.800x533_q85_crop.jpg','2015-12-22 10:56:13',105),(173,'d26becbf46ac48eda79c7a39a13a02dd','photos/_MG_3838_-_copie.JPG.192x128_q85_crop.jpg','2016-04-12 03:08:30',105),(174,'d26becbf46ac48eda79c7a39a13a02dd','photos/_MG_4121_-_copie.JPG.800x533_q85_crop.jpg','2016-04-12 03:08:30',106),(175,'d26becbf46ac48eda79c7a39a13a02dd','photos/_MG_4121_-_copie.JPG.192x128_q85_crop.jpg','2015-12-22 10:56:14',106),(176,'d26becbf46ac48eda79c7a39a13a02dd','photos/_MG_4799.JPG.800x533_q85_crop.jpg','2016-04-12 03:08:31',107),(177,'d26becbf46ac48eda79c7a39a13a02dd','photos/_MG_4799.JPG.192x128_q85_crop.jpg','2016-04-12 03:08:31',107),(178,'d26becbf46ac48eda79c7a39a13a02dd','photos/_MG_7218.JPG.800x533_q85_crop.jpg','2015-12-22 10:56:15',8),(179,'d26becbf46ac48eda79c7a39a13a02dd','photos/_MG_7218.JPG.192x128_q85_crop.jpg','2015-12-22 10:56:15',8),(180,'d26becbf46ac48eda79c7a39a13a02dd','photos/_MG_7555.JPG.800x533_q85_crop.jpg','2016-04-12 03:08:31',108),(181,'d26becbf46ac48eda79c7a39a13a02dd','photos/_MG_7555.JPG.192x128_q85_crop.jpg','2016-04-12 03:08:32',108),(182,'d26becbf46ac48eda79c7a39a13a02dd','actualites/Trio_v2_resultat_rGJ7AXS.jpg.900x900_q85.jpg','2015-12-22 11:01:54',91),(183,'d26becbf46ac48eda79c7a39a13a02dd','actualites/Trio_v2_resultat_rGJ7AXS.jpg.350x200_q85_crop-center.jpg','2015-12-22 11:01:54',91),(184,'d26becbf46ac48eda79c7a39a13a02dd','photos/_B9Q3579_Arrivee_GP_SCH_Casa_.jpg.361x195_q85_crop.jpg','2015-12-22 11:11:51',109),(185,'d26becbf46ac48eda79c7a39a13a02dd','photos/_B9Q3579_Arrivee_GP_SCH_Casa_.jpg.800x533_q85_crop.jpg','2015-12-22 11:12:08',109),(186,'d26becbf46ac48eda79c7a39a13a02dd','photos/_B9Q3579_Arrivee_GP_SCH_Casa_.jpg.192x128_q85_crop.jpg','2015-12-22 11:12:08',109),(187,'d26becbf46ac48eda79c7a39a13a02dd','photos/_B9Q3797.JPG.800x533_q85_crop.jpg','2017-01-02 10:01:52',110),(188,'d26becbf46ac48eda79c7a39a13a02dd','photos/_B9Q3797.JPG.192x128_q85_crop.jpg','2016-04-08 09:25:38',110),(189,'d26becbf46ac48eda79c7a39a13a02dd','photos/_B9Q3954.JPG.800x533_q85_crop.jpg','2017-01-02 10:01:53',111),(190,'d26becbf46ac48eda79c7a39a13a02dd','photos/_B9Q3954.JPG.192x128_q85_crop.jpg','2017-01-02 10:01:53',111),(191,'d26becbf46ac48eda79c7a39a13a02dd','photos/_B9Q3969_Remise_GP_SM_Le_Roi_Med_VI_.JPG.800x533_q85_crop.jpg','2017-01-02 10:01:54',112),(192,'d26becbf46ac48eda79c7a39a13a02dd','photos/_B9Q3969_Remise_GP_SM_Le_Roi_Med_VI_.JPG.192x128_q85_crop.jpg','2017-01-02 10:01:54',112),(193,'d26becbf46ac48eda79c7a39a13a02dd','actualites/Formation_croisement_raisonne_YZ4YJfy.jpg.900x900_q85.jpg','2015-12-22 11:30:50',87),(194,'d26becbf46ac48eda79c7a39a13a02dd','actualites/Formation_croisement_raisonne_YZ4YJfy.jpg.350x200_q85_crop-center.jpg','2016-04-08 16:43:26',87),(195,'d26becbf46ac48eda79c7a39a13a02dd','actualites/haras_del_jadida_2.JPG.900x900_q85.jpg','2015-12-22 11:31:29',89),(196,'d26becbf46ac48eda79c7a39a13a02dd','actualites/haras_del_jadida_2.JPG.350x200_q85_crop-center.jpg','2016-04-08 16:44:24',89),(197,'d26becbf46ac48eda79c7a39a13a02dd','./_MG_3765.jpg.270x163_q85_crop-center.jpg','2016-11-29 11:55:31',113),(198,'d26becbf46ac48eda79c7a39a13a02dd','./_B9Q9918.jpg.270x163_q85_crop-center.jpg','2016-04-09 11:09:58',114),(199,'d26becbf46ac48eda79c7a39a13a02dd','./_B9Q7293.jpg.270x163_q85_crop-center.jpg','2016-11-29 11:55:31',115),(200,'d26becbf46ac48eda79c7a39a13a02dd','./_B9Q0675_Jaouad_Khayat.jpg.270x163_q85_crop-center.jpg','2016-11-29 11:55:31',116),(201,'d26becbf46ac48eda79c7a39a13a02dd','photos/carousel2.jpg.600x270_q85_crop-center.jpg','2015-12-22 11:44:50',117),(202,'d26becbf46ac48eda79c7a39a13a02dd','photos/carousel3.jpg.600x270_q85_crop-center.jpg','2015-12-22 11:44:51',118),(203,'d26becbf46ac48eda79c7a39a13a02dd','photos/carousel4_VTfw1od.jpg.600x270_q85_crop-center.jpg','2015-12-22 11:44:51',119),(204,'d26becbf46ac48eda79c7a39a13a02dd','photos/carousel5.jpg.600x270_q85_crop-center.jpg','2015-12-22 11:44:51',120),(205,'d26becbf46ac48eda79c7a39a13a02dd','photos/carousel4_3zmaRJI.jpg.600x270_q85_crop-center.jpg','2015-12-22 12:28:47',121),(206,'d26becbf46ac48eda79c7a39a13a02dd','photos/carousel5_OVffCiq.jpg.600x270_q85_crop-center.jpg','2015-12-22 12:30:22',122),(207,'d26becbf46ac48eda79c7a39a13a02dd','photos/carousel1_R2qA72T.jpg.600x270_q85_crop-center.jpg','2015-12-22 12:33:05',123),(208,'d26becbf46ac48eda79c7a39a13a02dd','photos/carousel2_fx8xRfn.jpg.600x270_q85_crop-center.jpg','2015-12-22 12:33:58',124),(209,'d26becbf46ac48eda79c7a39a13a02dd','photos/47.PNG.240x125_q85_crop-center.png','2017-05-15 20:04:53',125),(210,'d26becbf46ac48eda79c7a39a13a02dd','photos/v3.PNG.240x125_q85_crop-center.png','2016-04-09 13:41:16',126),(211,'d26becbf46ac48eda79c7a39a13a02dd','photos/v4.PNG.240x125_q85_crop-center.png','2017-05-15 20:04:53',127),(212,'d26becbf46ac48eda79c7a39a13a02dd','photos/v5.PNG.240x125_q85_crop-center.png','2017-05-15 20:04:53',128),(213,'d26becbf46ac48eda79c7a39a13a02dd','photos/Sans_titre.png.240x125_q85_crop-center.jpg','2016-12-26 12:46:30',129),(214,'d26becbf46ac48eda79c7a39a13a02dd','photos/v8.PNG.240x125_q85_crop-center.png','2017-05-15 20:04:54',130),(215,'d26becbf46ac48eda79c7a39a13a02dd','actualites/Jument_suitee.jpg.900x900_q85_crop-center.jpg','2015-12-23 16:18:02',58),(216,'d26becbf46ac48eda79c7a39a13a02dd','actualites/Trio_v2_resultat_rGJ7AXS.jpg.900x900_q85_crop-center.jpg','2015-12-23 16:18:19',91),(217,'d26becbf46ac48eda79c7a39a13a02dd','actualites/Formation_croisement_raisonne_YZ4YJfy.jpg.900x900_q85_crop-center.jpg','2016-04-08 16:43:26',87),(218,'d26becbf46ac48eda79c7a39a13a02dd','actualites/IMG_2433.JPG.900x900_q85_crop-center.jpg','2016-04-09 16:59:52',90),(219,'d26becbf46ac48eda79c7a39a13a02dd','actualites/IMG_2433.JPG.350x200_q85_crop-center.jpg','2016-04-09 16:59:53',90),(220,'d26becbf46ac48eda79c7a39a13a02dd','actualites/Rassembment_barbe_et_arabe_barbe_EzrRF0O.jpg.900x900_q85_crop-center.jpg','2016-04-09 02:23:37',59),(221,'d26becbf46ac48eda79c7a39a13a02dd','actualites/Concours_delevage.jpg.900x900_q85_crop-center.jpg','2016-12-27 15:04:36',88),(222,'d26becbf46ac48eda79c7a39a13a02dd','actualites/Concours_delevage.jpg.350x200_q85_crop-center.jpg','2016-12-27 15:04:36',88),(223,'d26becbf46ac48eda79c7a39a13a02dd','actualites/haras_del_jadida_2.JPG.900x900_q85_crop-center.jpg','2015-12-29 20:01:47',89),(224,'d26becbf46ac48eda79c7a39a13a02dd','actualites/Carlos_Pinto.jpg.900x900_q85_crop-center.jpg','2016-02-16 13:55:45',131),(225,'d26becbf46ac48eda79c7a39a13a02dd','actualites/Carlos_Pinto.jpg.350x200_q85_crop-center.jpg','2016-02-16 13:55:45',131),(226,'d26becbf46ac48eda79c7a39a13a02dd','actualites/Carlos_Pinto.jpg.250x166_q85_crop-center.jpg','2016-02-16 14:13:25',131),(227,'d26becbf46ac48eda79c7a39a13a02dd','actualites/Carlos_Pinto_2.jpg.900x900_q85_crop-center.jpg','2016-02-16 14:15:56',132),(228,'d26becbf46ac48eda79c7a39a13a02dd','actualites/Carlos_Pinto_2.jpg.350x200_q85_crop-center.jpg','2016-02-16 14:15:57',132),(229,'d26becbf46ac48eda79c7a39a13a02dd','actualites/Carlos_Pinto_2_PQDQ3aY.jpg.900x900_q85_crop-center.jpg','2016-04-08 10:14:28',133),(230,'d26becbf46ac48eda79c7a39a13a02dd','actualites/Carlos_Pinto_2_PQDQ3aY.jpg.350x200_q85_crop-center.jpg','2016-04-08 10:14:28',133),(231,'d26becbf46ac48eda79c7a39a13a02dd','actualites/Carlos_Pinto_2_PQDQ3aY.jpg.250x166_q85_crop-center.jpg','2016-02-16 15:31:06',133),(232,'d26becbf46ac48eda79c7a39a13a02dd','images_documentations/prise_decran2_-_calendrier_des_courses.png.150x100_q85_crop-center.jpg','2016-03-25 18:27:31',134),(233,'d26becbf46ac48eda79c7a39a13a02dd','actualites/prise_decran2_-_calendrier_des_courses.png.900x900_q85_crop-center.jpg','2016-03-27 03:19:03',135),(234,'d26becbf46ac48eda79c7a39a13a02dd','actualites/prise_decran2_-_calendrier_des_courses.png.350x200_q85_crop-center.jpg','2016-12-10 00:25:15',135),(235,'d26becbf46ac48eda79c7a39a13a02dd','actualites/Ouaddar_2.jpg.jpg.900x900_q85_crop-center.jpg','2016-03-27 03:21:09',136),(236,'d26becbf46ac48eda79c7a39a13a02dd','actualites/Ouaddar_2.jpg.jpg.350x200_q85_crop-center.jpg','2016-03-27 03:21:09',136),(237,'d26becbf46ac48eda79c7a39a13a02dd','actualites/Caravane_2016.jpg.900x900_q85_crop-center.jpg','2016-04-08 13:43:46',137),(238,'d26becbf46ac48eda79c7a39a13a02dd','actualites/Caravane_2016.jpg.350x200_q85_crop-center.jpg','2016-03-27 03:22:26',137),(239,'d26becbf46ac48eda79c7a39a13a02dd','actualites/Ouaddar_2.jpg.jpg.250x166_q85_crop-center.jpg','2016-03-30 21:40:59',136),(240,'d26becbf46ac48eda79c7a39a13a02dd','actualites/Caravane_2016.jpg.250x166_q85_crop-center.jpg','2016-04-08 14:12:02',137),(241,'d26becbf46ac48eda79c7a39a13a02dd','actualites/prise_decran2_-_calendrier_des_courses.png.250x166_q85_crop-center.jpg','2016-03-30 21:40:59',135),(242,'d26becbf46ac48eda79c7a39a13a02dd','actualites/13256090_1714147538823634_578848294445560122_n.jpg.250x166_q85_crop-center.jpg','2016-06-07 15:05:02',138),(243,'d26becbf46ac48eda79c7a39a13a02dd','actualites/13256090_1714147538823634_578848294445560122_n.jpg.900x900_q85_crop-center.jpg','2016-06-07 15:05:14',138),(244,'d26becbf46ac48eda79c7a39a13a02dd','actualites/13256090_1714147538823634_578848294445560122_n.jpg.350x200_q85_crop-center.jpg','2016-06-07 15:05:14',138),(245,'d26becbf46ac48eda79c7a39a13a02dd','actualites/600x414_site_SOREC_MOBILE.jpg.900x900_q85_crop-center.jpg','2016-06-07 15:15:04',139),(246,'d26becbf46ac48eda79c7a39a13a02dd','actualites/600x414_site_SOREC_MOBILE.jpg.350x200_q85_crop-center.jpg','2016-06-07 15:15:04',139),(247,'d26becbf46ac48eda79c7a39a13a02dd','actualites/600x414_site_SOREC_MOBILE.jpg.250x166_q85_crop-center.jpg','2016-06-07 21:14:52',139),(248,'d26becbf46ac48eda79c7a39a13a02dd','photos/1_Qt0werI.jpg.361x195_q85_crop.jpg','2016-10-20 21:37:43',140),(249,'d26becbf46ac48eda79c7a39a13a02dd','photos/1_Cours_dethologie_scientifique_Rp8BqxI.jpg.361x195_q85_crop.jpg','2016-08-08 15:37:18',141),(250,'d26becbf46ac48eda79c7a39a13a02dd','photos/1_Cours_dethologie_scientifique_Rp8BqxI.jpg.800x533_q85_crop.jpg','2016-08-08 15:38:29',141),(251,'d26becbf46ac48eda79c7a39a13a02dd','photos/1_Cours_dethologie_scientifique_Rp8BqxI.jpg.192x128_q85_crop.jpg','2016-08-08 15:38:30',141),(252,'d26becbf46ac48eda79c7a39a13a02dd','photos/2_Dadda_Be_4_ans_-_Formation_a_pied_Savoir_3_FFE_qX1L7E0.jpg.800x533_q85_crop.jpg','2016-08-08 15:49:17',142),(253,'d26becbf46ac48eda79c7a39a13a02dd','photos/2_Dadda_Be_4_ans_-_Formation_a_pied_Savoir_3_FFE_qX1L7E0.jpg.192x128_q85_crop.jpg','2016-08-08 15:49:17',142),(254,'d26becbf46ac48eda79c7a39a13a02dd','photos/4_Dadda_Be_4_ans_et_Driss_Korbi_kfzEi1f.jpg.800x533_q85_crop.jpg','2016-08-08 15:49:17',143),(255,'d26becbf46ac48eda79c7a39a13a02dd','photos/4_Dadda_Be_4_ans_et_Driss_Korbi_kfzEi1f.jpg.192x128_q85_crop.jpg','2016-08-08 15:49:17',143),(256,'d26becbf46ac48eda79c7a39a13a02dd','photos/5_Dadda_Be_4_ans_et_Driss_Korbi.jpg.800x533_q85_crop.jpg','2016-08-08 15:49:17',144),(257,'d26becbf46ac48eda79c7a39a13a02dd','photos/5_Dadda_Be_4_ans_et_Driss_Korbi.jpg.192x128_q85_crop.jpg','2016-08-08 15:49:18',144),(258,'d26becbf46ac48eda79c7a39a13a02dd','photos/6_Dadda_Be_4_ans_et_Driss_Korbi.jpg.800x533_q85_crop.jpg','2016-08-08 15:49:18',145),(259,'d26becbf46ac48eda79c7a39a13a02dd','photos/6_Dadda_Be_4_ans_et_Driss_Korbi.jpg.192x128_q85_crop.jpg','2016-08-08 15:49:18',145),(260,'d26becbf46ac48eda79c7a39a13a02dd','photos/12_Damam_JM_ArBe_4_ans_et_Mohcine_El_Kelch.jpg.800x533_q85_crop.jpg','2016-08-08 15:49:18',146),(261,'d26becbf46ac48eda79c7a39a13a02dd','photos/12_Damam_JM_ArBe_4_ans_et_Mohcine_El_Kelch.jpg.192x128_q85_crop.jpg','2016-08-08 15:49:18',146),(262,'d26becbf46ac48eda79c7a39a13a02dd','photos/29_Dikken_Be_4_ans_et_Adil_Rdif.jpg.800x533_q85_crop.jpg','2016-08-08 15:49:18',147),(263,'d26becbf46ac48eda79c7a39a13a02dd','photos/29_Dikken_Be_4_ans_et_Adil_Rdif.jpg.192x128_q85_crop.jpg','2016-08-08 15:49:18',147),(264,'d26becbf46ac48eda79c7a39a13a02dd','photos/1.jpg.361x195_q85_crop.jpg','2016-12-10 07:32:19',148),(265,'d26becbf46ac48eda79c7a39a13a02dd','photos/1.jpg.800x533_q85_crop.jpg','2016-08-19 16:48:04',148),(266,'d26becbf46ac48eda79c7a39a13a02dd','photos/1.jpg.192x128_q85_crop.jpg','2016-08-19 16:48:04',148),(267,'d26becbf46ac48eda79c7a39a13a02dd','photos/2.jpg.800x533_q85_crop.jpg','2016-08-19 16:48:04',149),(268,'d26becbf46ac48eda79c7a39a13a02dd','photos/2.jpg.192x128_q85_crop.jpg','2016-08-19 16:48:04',149),(269,'d26becbf46ac48eda79c7a39a13a02dd','photos/3.jpg.800x533_q85_crop.jpg','2016-08-19 16:48:04',150),(270,'d26becbf46ac48eda79c7a39a13a02dd','photos/3.jpg.192x128_q85_crop.jpg','2016-08-19 16:48:04',150),(271,'d26becbf46ac48eda79c7a39a13a02dd','photos/30_Dikken_Be_4_ans_et_Adil_Rdif.jpg.800x533_q85_crop.jpg','2016-08-08 16:23:44',151),(272,'d26becbf46ac48eda79c7a39a13a02dd','photos/30_Dikken_Be_4_ans_et_Adil_Rdif.jpg.192x128_q85_crop.jpg','2016-08-08 16:23:44',151),(273,'d26becbf46ac48eda79c7a39a13a02dd','photos/31_Dikken_Be_4_ans_et_Adil_Rdif.jpg.800x533_q85_crop.jpg','2016-08-08 16:23:44',152),(274,'d26becbf46ac48eda79c7a39a13a02dd','photos/31_Dikken_Be_4_ans_et_Adil_Rdif.jpg.192x128_q85_crop.jpg','2016-08-08 16:23:44',152),(275,'d26becbf46ac48eda79c7a39a13a02dd','photos/32_Dikken_Be_4_ans_et_Adil_Rdif.jpg.800x533_q85_crop.jpg','2016-08-08 16:23:45',153),(276,'d26becbf46ac48eda79c7a39a13a02dd','photos/32_Dikken_Be_4_ans_et_Adil_Rdif.jpg.192x128_q85_crop.jpg','2016-08-08 16:23:45',153),(277,'d26becbf46ac48eda79c7a39a13a02dd','photos/33_Dikken_Be_4_ans_et_Gwladys_Lecarpentier.jpg.800x533_q85_crop.jpg','2016-08-08 16:23:45',154),(278,'d26becbf46ac48eda79c7a39a13a02dd','photos/33_Dikken_Be_4_ans_et_Gwladys_Lecarpentier.jpg.192x128_q85_crop.jpg','2016-08-08 16:23:45',154),(279,'d26becbf46ac48eda79c7a39a13a02dd','photos/38_Dloul_ArBe_4_ans_et_Hicham_Hamda.jpg.800x533_q85_crop.jpg','2016-08-08 16:23:45',155),(280,'d26becbf46ac48eda79c7a39a13a02dd','photos/38_Dloul_ArBe_4_ans_et_Hicham_Hamda.jpg.192x128_q85_crop.jpg','2016-08-08 16:23:45',155),(281,'d26becbf46ac48eda79c7a39a13a02dd','photos/39_Dloul_ArBe_4_ans_et_Hicham_Hamda_MpRovRJ.jpg.800x533_q85_crop.jpg','2016-08-08 16:23:45',156),(282,'d26becbf46ac48eda79c7a39a13a02dd','photos/39_Dloul_ArBe_4_ans_et_Hicham_Hamda_MpRovRJ.jpg.192x128_q85_crop.jpg','2016-08-08 16:23:45',156),(283,'d26becbf46ac48eda79c7a39a13a02dd','photos/40_Dloul_ArBe_4_ans_et_Hicham_Hamda.jpg.800x533_q85_crop.jpg','2016-08-08 16:23:45',157),(284,'d26becbf46ac48eda79c7a39a13a02dd','photos/40_Dloul_ArBe_4_ans_et_Hicham_Hamda.jpg.192x128_q85_crop.jpg','2016-08-08 16:23:46',157),(285,'d26becbf46ac48eda79c7a39a13a02dd','photos/41_Dloul_ArBe_4_ans_et_Hicham_Hamda_9w37ods.jpg.800x533_q85_crop.jpg','2016-08-08 16:23:46',158),(286,'d26becbf46ac48eda79c7a39a13a02dd','photos/41_Dloul_ArBe_4_ans_et_Hicham_Hamda_9w37ods.jpg.192x128_q85_crop.jpg','2016-08-08 16:23:46',158),(287,'d26becbf46ac48eda79c7a39a13a02dd','photos/59_Traduction_de_supports_pedagogiques.jpg.800x533_q85_crop.jpg','2016-08-08 16:23:46',159),(288,'d26becbf46ac48eda79c7a39a13a02dd','photos/59_Traduction_de_supports_pedagogiques.jpg.192x128_q85_crop.jpg','2016-08-08 16:23:46',159),(289,'d26becbf46ac48eda79c7a39a13a02dd','photos/62_Mohsine_et_Damam.jpg.800x533_q85_crop.jpg','2016-08-08 16:23:46',160),(290,'d26becbf46ac48eda79c7a39a13a02dd','photos/62_Mohsine_et_Damam.jpg.192x128_q85_crop.jpg','2016-08-08 16:23:46',160),(291,'d26becbf46ac48eda79c7a39a13a02dd','photos/63_Mohsine_et_Damam.jpg.800x533_q85_crop.jpg','2016-08-08 16:23:46',161),(292,'d26becbf46ac48eda79c7a39a13a02dd','photos/63_Mohsine_et_Damam.jpg.192x128_q85_crop.jpg','2016-08-08 16:23:46',161),(293,'d26becbf46ac48eda79c7a39a13a02dd','photos/64_Gwladys.jpg.800x533_q85_crop.jpg','2016-08-08 16:23:47',162),(294,'d26becbf46ac48eda79c7a39a13a02dd','photos/64_Gwladys.jpg.192x128_q85_crop.jpg','2016-08-08 16:23:47',162),(295,'d26becbf46ac48eda79c7a39a13a02dd','photos/65_Gwladys_t0sTpcR.jpg.800x533_q85_crop.jpg','2016-08-08 16:23:47',163),(296,'d26becbf46ac48eda79c7a39a13a02dd','photos/65_Gwladys_t0sTpcR.jpg.192x128_q85_crop.jpg','2016-08-08 16:23:47',163),(297,'d26becbf46ac48eda79c7a39a13a02dd','actualites/1_Cours_dethologie_scientifique.jpg.900x900_q85_crop-center.jpg','2016-08-08 16:28:26',164),(298,'d26becbf46ac48eda79c7a39a13a02dd','actualites/1_Cours_dethologie_scientifique.jpg.350x200_q85_crop-center.jpg','2016-08-08 16:28:26',164),(299,'d26becbf46ac48eda79c7a39a13a02dd','actualites/1_Cours_dethologie_scientifique_Oho6GJR.jpg.900x900_q85_crop-center.jpg','2016-08-08 16:59:42',165),(300,'d26becbf46ac48eda79c7a39a13a02dd','actualites/1_Cours_dethologie_scientifique_Oho6GJR.jpg.350x200_q85_crop-center.jpg','2016-08-08 16:59:42',165),(301,'d26becbf46ac48eda79c7a39a13a02dd','photos/5eme_edition_des_Journees_Portes_Ouvertes_aux_Haras_Nationaux.jpg.800x533_q85_crop.jpg','2016-08-08 21:01:45',166),(302,'d26becbf46ac48eda79c7a39a13a02dd','photos/5eme_edition_des_Journees_Portes_Ouvertes_aux_Haras_Nationaux.jpg.192x128_q85_crop.jpg','2016-08-08 21:01:45',166),(303,'d26becbf46ac48eda79c7a39a13a02dd','photos/Haras_National_de_Bouznika_-_Concours_de_marechalerie_chevaux_montes_et_entretien_ZTC2n0W.jpg.800x533_q85_crop.jpg','2016-12-02 08:10:39',167),(304,'d26becbf46ac48eda79c7a39a13a02dd','photos/Haras_National_de_Bouznika_-_Concours_de_marechalerie_chevaux_montes_et_entretien_ZTC2n0W.jpg.192x128_q85_crop.jpg','2016-12-02 08:10:39',167),(305,'d26becbf46ac48eda79c7a39a13a02dd','photos/Haras_National_de_Bouznika_-_Edition_2016_des_JPO.jpg.800x533_q85_crop.jpg','2016-08-08 21:01:46',168),(306,'d26becbf46ac48eda79c7a39a13a02dd','photos/Haras_National_de_Bouznika_-_Edition_2016_des_JPO.jpg.192x128_q85_crop.jpg','2016-12-02 08:10:39',168),(307,'d26becbf46ac48eda79c7a39a13a02dd','photos/Haras_National_de_Marrakech_-_Concours_de_marechalerie_chevaux_montes_et_entretie_sMDBRqS.jpg.800x533_q85_crop.jpg','2016-08-08 21:01:46',169),(308,'d26becbf46ac48eda79c7a39a13a02dd','photos/Haras_National_de_Marrakech_-_Concours_de_marechalerie_chevaux_montes_et_entretie_sMDBRqS.jpg.192x128_q85_crop.jpg','2016-12-02 08:10:40',169),(309,'d26becbf46ac48eda79c7a39a13a02dd','photos/Haras_National_de_Marrakech_-_Edition_2016_des_JPO.jpg.800x533_q85_crop.jpg','2016-08-08 21:01:46',170),(310,'d26becbf46ac48eda79c7a39a13a02dd','photos/Haras_National_de_Marrakech_-_Edition_2016_des_JPO.jpg.192x128_q85_crop.jpg','2016-08-08 21:01:46',170),(311,'d26becbf46ac48eda79c7a39a13a02dd','photos/Haras_National_de_Meknes_-_Edition_2016_des_JPO.jpg.800x533_q85_crop.jpg','2016-12-02 08:10:40',171),(312,'d26becbf46ac48eda79c7a39a13a02dd','photos/Haras_National_de_Meknes_-_Edition_2016_des_JPO.jpg.192x128_q85_crop.jpg','2016-12-02 08:10:40',171),(313,'d26becbf46ac48eda79c7a39a13a02dd','photos/Haras_National_de_Meknes-_Concours_de_marechalerie_chevaux_montes_et_entretien_du_cheval.jpg.800x533_q85_crop.jpg','2016-08-08 21:01:47',172),(314,'d26becbf46ac48eda79c7a39a13a02dd','photos/Haras_National_de_Meknes-_Concours_de_marechalerie_chevaux_montes_et_entretien_du_cheval.jpg.192x128_q85_crop.jpg','2016-08-08 21:01:47',172),(315,'d26becbf46ac48eda79c7a39a13a02dd','photos/Haras_National_dEl_Jadida_-_Concours_de_marechalerie_chevaux_montes_et_entretien__gSGIYdb.jpg.800x533_q85_crop.jpg','2016-08-08 21:01:47',173),(316,'d26becbf46ac48eda79c7a39a13a02dd','photos/Haras_National_dEl_Jadida_-_Concours_de_marechalerie_chevaux_montes_et_entretien__gSGIYdb.jpg.192x128_q85_crop.jpg','2016-08-08 21:01:47',173),(317,'d26becbf46ac48eda79c7a39a13a02dd','photos/Haras_National_dEl_Jadida_-_Edition_2016_des_JPO.jpg.800x533_q85_crop.jpg','2016-08-08 21:01:47',174),(318,'d26becbf46ac48eda79c7a39a13a02dd','photos/Haras_National_dEl_Jadida_-_Edition_2016_des_JPO.jpg.192x128_q85_crop.jpg','2016-08-08 21:01:47',174),(319,'d26becbf46ac48eda79c7a39a13a02dd','photos/5eme_edition_des_Journees_Portes_Ouvertes_aux_Haras_Nationaux_1WXtqNI.jpg.800x533_q85_crop.jpg','2016-12-02 08:10:39',175),(320,'d26becbf46ac48eda79c7a39a13a02dd','photos/5eme_edition_des_Journees_Portes_Ouvertes_aux_Haras_Nationaux_1WXtqNI.jpg.192x128_q85_crop.jpg','2016-12-02 08:10:39',175),(321,'d26becbf46ac48eda79c7a39a13a02dd','photos/Haras_National_dOujda_-_Edition_2016_des_JPO.jpg.800x533_q85_crop.jpg','2016-12-02 08:10:40',176),(322,'d26becbf46ac48eda79c7a39a13a02dd','photos/Haras_National_dOujda_-_Edition_2016_des_JPO.jpg.192x128_q85_crop.jpg','2016-12-02 08:10:40',176),(323,'d26becbf46ac48eda79c7a39a13a02dd','photos/Haras_National_dOujda-_Concours_de_marechalerie_chevaux_montes_et_entretien_du_cheval.jpg.800x533_q85_crop.jpg','2016-12-02 08:10:40',177),(324,'d26becbf46ac48eda79c7a39a13a02dd','photos/Haras_National_dOujda-_Concours_de_marechalerie_chevaux_montes_et_entretien_du_cheval.jpg.192x128_q85_crop.jpg','2016-12-02 08:10:40',177),(325,'d26becbf46ac48eda79c7a39a13a02dd','photos/5eme_edition_des_Journees_Portes_Ouvertes_aux_Haras_Nationaux_QAqV1DY.jpg.361x195_q85_crop.jpg','2017-01-02 17:46:02',178),(326,'d26becbf46ac48eda79c7a39a13a02dd','photos/5eme_edition_des_Journees_Portes_Ouvertes_aux_Haras_Nationaux_QAqV1DY.jpg.800x533_q85_crop.jpg','2016-12-02 08:09:16',178),(327,'d26becbf46ac48eda79c7a39a13a02dd','photos/5eme_edition_des_Journees_Portes_Ouvertes_aux_Haras_Nationaux_QAqV1DY.jpg.192x128_q85_crop.jpg','2016-12-02 08:09:16',178),(328,'d26becbf46ac48eda79c7a39a13a02dd','photos/Haras_National_de_Bouznika_-_Concours_de_marechalerie_chevaux_montes_et_entretien_MOIJuvu.jpg.800x533_q85_crop.jpg','2016-08-08 21:12:22',179),(329,'d26becbf46ac48eda79c7a39a13a02dd','photos/Haras_National_de_Bouznika_-_Concours_de_marechalerie_chevaux_montes_et_entretien_MOIJuvu.jpg.192x128_q85_crop.jpg','2016-08-08 21:12:22',179),(330,'d26becbf46ac48eda79c7a39a13a02dd','photos/Haras_National_de_Bouznika_-_Edition_2016_des_JPO_g1rrn9B.jpg.800x533_q85_crop.jpg','2016-08-08 21:12:22',180),(331,'d26becbf46ac48eda79c7a39a13a02dd','photos/Haras_National_de_Bouznika_-_Edition_2016_des_JPO_g1rrn9B.jpg.192x128_q85_crop.jpg','2016-08-08 21:12:23',180),(332,'d26becbf46ac48eda79c7a39a13a02dd','photos/Haras_National_de_Marrakech_-_Concours_de_marechalerie_chevaux_montes_et_entretie_KEMEGO6.jpg.800x533_q85_crop.jpg','2016-08-08 21:12:23',181),(333,'d26becbf46ac48eda79c7a39a13a02dd','photos/Haras_National_de_Marrakech_-_Concours_de_marechalerie_chevaux_montes_et_entretie_KEMEGO6.jpg.192x128_q85_crop.jpg','2016-08-08 21:12:23',181),(334,'d26becbf46ac48eda79c7a39a13a02dd','photos/Haras_National_de_Marrakech_-_Edition_2016_des_JPO_YgQkFfd.jpg.800x533_q85_crop.jpg','2016-12-02 08:09:16',182),(335,'d26becbf46ac48eda79c7a39a13a02dd','photos/Haras_National_de_Marrakech_-_Edition_2016_des_JPO_YgQkFfd.jpg.192x128_q85_crop.jpg','2016-12-02 08:09:16',182),(336,'d26becbf46ac48eda79c7a39a13a02dd','photos/Haras_National_de_Meknes_-_Edition_2016_des_JPO_1PL2TAt.jpg.800x533_q85_crop.jpg','2016-08-08 21:12:23',183),(337,'d26becbf46ac48eda79c7a39a13a02dd','photos/Haras_National_de_Meknes_-_Edition_2016_des_JPO_1PL2TAt.jpg.192x128_q85_crop.jpg','2016-12-02 08:09:16',183),(338,'d26becbf46ac48eda79c7a39a13a02dd','photos/Haras_National_de_Meknes-_Concours_de_marechalerie_chevaux_montes_et_entretien_du_OLl61EB.jpg.800x533_q85_crop.jpg','2016-12-02 08:09:16',184),(339,'d26becbf46ac48eda79c7a39a13a02dd','photos/Haras_National_de_Meknes-_Concours_de_marechalerie_chevaux_montes_et_entretien_du_OLl61EB.jpg.192x128_q85_crop.jpg','2016-12-02 08:09:16',184),(340,'d26becbf46ac48eda79c7a39a13a02dd','photos/Haras_National_dEl_Jadida_-_Concours_de_marechalerie_chevaux_montes_et_entretien__8kQF5jN.jpg.800x533_q85_crop.jpg','2016-12-02 08:09:17',185),(341,'d26becbf46ac48eda79c7a39a13a02dd','photos/Haras_National_dEl_Jadida_-_Concours_de_marechalerie_chevaux_montes_et_entretien__8kQF5jN.jpg.192x128_q85_crop.jpg','2016-12-02 08:09:17',185),(342,'d26becbf46ac48eda79c7a39a13a02dd','photos/Haras_National_dEl_Jadida_-_Edition_2016_des_JPO_ynSP3ev.jpg.800x533_q85_crop.jpg','2016-08-08 21:12:24',186),(343,'d26becbf46ac48eda79c7a39a13a02dd','photos/Haras_National_dEl_Jadida_-_Edition_2016_des_JPO_ynSP3ev.jpg.192x128_q85_crop.jpg','2016-08-08 21:12:24',186),(344,'d26becbf46ac48eda79c7a39a13a02dd','photos/Haras_National_dOujda_-_Edition_2016_des_JPO_kut0Czl.jpg.800x533_q85_crop.jpg','2016-12-02 08:09:17',187),(345,'d26becbf46ac48eda79c7a39a13a02dd','photos/Haras_National_dOujda_-_Edition_2016_des_JPO_kut0Czl.jpg.192x128_q85_crop.jpg','2016-12-02 08:09:17',187),(346,'d26becbf46ac48eda79c7a39a13a02dd','photos/Haras_National_dOujda-_Concours_de_marechalerie_chevaux_montes_et_entretien_du_ch_jWjyjEa.jpg.800x533_q85_crop.jpg','2016-08-08 21:12:24',188),(347,'d26becbf46ac48eda79c7a39a13a02dd','photos/Haras_National_dOujda-_Concours_de_marechalerie_chevaux_montes_et_entretien_du_ch_jWjyjEa.jpg.192x128_q85_crop.jpg','2016-08-08 21:12:25',188),(348,'d26becbf46ac48eda79c7a39a13a02dd','photos/5eme_edition_des_Journees_Portes_Ouvertes_aux_Haras_Nationaux_1WXtqNI.jpg.361x195_q85_crop.jpg','2016-08-08 22:08:46',175),(349,'d26becbf46ac48eda79c7a39a13a02dd','actualites/1_Cours_dethologie_scientifique_Oho6GJR.jpg.250x166_q85_crop-center.jpg','2016-08-09 09:59:59',165),(350,'d26becbf46ac48eda79c7a39a13a02dd','photos/1_Qt0werI.jpg.800x533_q85_crop.jpg','2016-08-09 22:32:21',140),(351,'d26becbf46ac48eda79c7a39a13a02dd','photos/1_Qt0werI.jpg.192x128_q85_crop.jpg','2016-08-09 22:32:21',140),(352,'d26becbf46ac48eda79c7a39a13a02dd','photos/2_TzcvHNd.jpg.800x533_q85_crop.jpg','2016-08-09 22:32:21',189),(353,'d26becbf46ac48eda79c7a39a13a02dd','photos/2_TzcvHNd.jpg.192x128_q85_crop.jpg','2016-08-09 22:32:22',189),(354,'d26becbf46ac48eda79c7a39a13a02dd','photos/3_gikVwB9.jpg.800x533_q85_crop.jpg','2016-08-09 22:32:22',190),(355,'d26becbf46ac48eda79c7a39a13a02dd','photos/3_gikVwB9.jpg.192x128_q85_crop.jpg','2016-08-09 22:32:22',190),(356,'d26becbf46ac48eda79c7a39a13a02dd','photos/4.jpg.800x533_q85_crop.jpg','2016-08-19 16:48:05',191),(357,'d26becbf46ac48eda79c7a39a13a02dd','photos/4.jpg.192x128_q85_crop.jpg','2016-08-19 16:48:05',191),(358,'d26becbf46ac48eda79c7a39a13a02dd','photos/5.jpg.800x533_q85_crop.jpg','2016-08-19 16:48:05',192),(359,'d26becbf46ac48eda79c7a39a13a02dd','photos/5.jpg.192x128_q85_crop.jpg','2016-08-19 16:48:05',192),(360,'d26becbf46ac48eda79c7a39a13a02dd','actualites/Affiche_Karacena.png.900x900_q85_crop-center.png','2016-08-11 10:59:07',193),(361,'d26becbf46ac48eda79c7a39a13a02dd','actualites/Affiche_Karacena.png.350x200_q85_crop-center.png','2016-08-11 10:59:08',193),(362,'d26becbf46ac48eda79c7a39a13a02dd','actualites/Affiche_Karacena_2.png.900x900_q85_crop-center.png','2016-08-11 11:06:17',194),(363,'d26becbf46ac48eda79c7a39a13a02dd','actualites/Affiche_Karacena_2.png.350x200_q85_crop-center.png','2016-08-11 11:06:17',194),(364,'d26becbf46ac48eda79c7a39a13a02dd','actualites/Affiche_Karacena_2_tEMWNvN.png.900x900_q85_crop-center.png','2016-08-11 11:07:53',195),(365,'d26becbf46ac48eda79c7a39a13a02dd','actualites/Affiche_Karacena_2_tEMWNvN.png.350x200_q85_crop-center.png','2016-08-11 11:07:54',195),(366,'d26becbf46ac48eda79c7a39a13a02dd','actualites/Affiche_Karacena_2_tEMWNvN.png.250x166_q85_crop-center.png','2016-08-11 11:14:47',195),(367,'d26becbf46ac48eda79c7a39a13a02dd','actualites/Affiche_Karacena_2_yHTrDHb.png.900x900_q85_crop-center.png','2016-08-11 12:11:06',196),(368,'d26becbf46ac48eda79c7a39a13a02dd','actualites/Affiche_Karacena_2_yHTrDHb.png.350x200_q85_crop-center.png','2016-08-11 12:11:06',196),(369,'d26becbf46ac48eda79c7a39a13a02dd','actualites/Affiche_Karacena_2_yHTrDHb.png.250x166_q85_crop-center.png','2016-08-11 12:51:22',196),(370,'d26becbf46ac48eda79c7a39a13a02dd','actualites/Protocole_de_Partenariat.png.900x900_q85_crop-center.png','2016-08-16 21:53:16',197),(371,'d26becbf46ac48eda79c7a39a13a02dd','actualites/Protocole_de_Partenariat.png.350x200_q85_crop-center.png','2016-08-16 21:53:16',197),(372,'d26becbf46ac48eda79c7a39a13a02dd','actualites/Protocole_de_Partenariat.png.250x166_q85_crop-center.png','2016-08-16 21:58:25',197),(373,'d26becbf46ac48eda79c7a39a13a02dd','actualites/Protocole_de_Partenariat_mixkCps.png.900x900_q85_crop-center.png','2016-08-16 22:02:47',198),(374,'d26becbf46ac48eda79c7a39a13a02dd','actualites/Protocole_de_Partenariat_mixkCps.png.350x200_q85_crop-center.png','2016-08-16 22:02:48',198),(375,'d26becbf46ac48eda79c7a39a13a02dd','actualites/Protocole_de_Partenariat_mixkCps.png.250x166_q85_crop-center.png','2016-08-16 22:02:57',198),(376,'d26becbf46ac48eda79c7a39a13a02dd','actualites/Protocole_de_Partenariat_R8dvOtL.png.900x900_q85_crop-center.png','2016-08-16 22:09:05',199),(377,'d26becbf46ac48eda79c7a39a13a02dd','actualites/Protocole_de_Partenariat_R8dvOtL.png.350x200_q85_crop-center.png','2016-08-16 22:09:05',199),(378,'d26becbf46ac48eda79c7a39a13a02dd','actualites/Protocole_de_Partenariat_R8dvOtL.png.250x166_q85_crop-center.png','2016-08-16 22:23:02',199),(379,'d26becbf46ac48eda79c7a39a13a02dd','actualites/P2.jpg.900x900_q85_crop-center.jpg','2016-08-17 12:48:00',200),(380,'d26becbf46ac48eda79c7a39a13a02dd','actualites/P2.jpg.350x200_q85_crop-center.jpg','2016-08-17 12:48:01',200),(381,'d26becbf46ac48eda79c7a39a13a02dd','actualites/Protocole_de_Partenariat_PuZrwnZ.png.900x900_q85_crop-center.png','2016-08-17 13:12:16',201),(382,'d26becbf46ac48eda79c7a39a13a02dd','actualites/Protocole_de_Partenariat_PuZrwnZ.png.350x200_q85_crop-center.png','2016-08-17 13:12:16',201),(383,'d26becbf46ac48eda79c7a39a13a02dd','actualites/Protocole_de_Partenariat_PuZrwnZ.png.250x166_q85_crop-center.png','2016-08-17 14:35:31',201),(384,'d26becbf46ac48eda79c7a39a13a02dd','actualites/Protocole_de_Partenariat_yB70F8e.png.900x900_q85_crop-center.png','2016-08-17 17:13:55',202),(385,'d26becbf46ac48eda79c7a39a13a02dd','actualites/Protocole_de_Partenariat_yB70F8e.png.350x200_q85_crop-center.png','2016-08-17 17:13:55',202),(386,'d26becbf46ac48eda79c7a39a13a02dd','actualites/Protocole_de_Partenariat_KTTfHz9.png.900x900_q85_crop-center.png','2016-08-17 17:28:28',203),(387,'d26becbf46ac48eda79c7a39a13a02dd','actualites/Protocole_de_Partenariat_KTTfHz9.png.350x200_q85_crop-center.png','2016-08-17 17:28:28',203),(388,'d26becbf46ac48eda79c7a39a13a02dd','actualites/Protocole_de_Partenariat_qZwCm4n.png.900x900_q85_crop-center.png','2016-08-17 17:51:35',204),(389,'d26becbf46ac48eda79c7a39a13a02dd','actualites/Protocole_de_Partenariat_qZwCm4n.png.350x200_q85_crop-center.png','2016-08-17 17:51:36',204),(390,'d26becbf46ac48eda79c7a39a13a02dd','actualites/Protocole_de_Partenariat_MdhPHIJ.png.900x900_q85_crop-center.png','2016-08-17 17:54:25',205),(391,'d26becbf46ac48eda79c7a39a13a02dd','actualites/Protocole_de_Partenariat_MdhPHIJ.png.350x200_q85_crop-center.png','2016-08-17 17:54:25',205),(392,'d26becbf46ac48eda79c7a39a13a02dd','actualites/Protocole_de_Partenariat_KTTfHz9.png.250x166_q85_crop-center.png','2016-08-17 18:14:56',203),(393,'d26becbf46ac48eda79c7a39a13a02dd','categorie_agenda/images.jpeg.1150x348_q85_crop-center.jpg','2016-08-19 15:08:23',206),(394,'d26becbf46ac48eda79c7a39a13a02dd','actualites/Randonnee_jeunes_chevaux.jpg.900x900_q85_crop-center.jpg','2016-08-19 15:14:59',207),(395,'d26becbf46ac48eda79c7a39a13a02dd','actualites/Randonnee_jeunes_chevaux.jpg.350x200_q85_crop-center.jpg','2016-08-19 15:14:59',207),(396,'d26becbf46ac48eda79c7a39a13a02dd','actualites/Randonnee_jeunes_chevaux.jpg.250x166_q85_crop-center.jpg','2016-08-19 15:17:19',207),(397,'d26becbf46ac48eda79c7a39a13a02dd','categorie_agenda/tbourida.png.1150x348_q85_crop-center.jpg','2016-12-02 17:41:48',208),(398,'d26becbf46ac48eda79c7a39a13a02dd','categorie_agenda/salon.jpg.1150x348_q85_crop-center.jpg','2016-08-19 15:23:01',209),(399,'d26becbf46ac48eda79c7a39a13a02dd','categorie_agenda/concours_elev.jpg.1150x348_q85_crop-center.jpg','2016-08-19 15:23:56',210),(400,'d26becbf46ac48eda79c7a39a13a02dd','categorie_agenda/meeting_4.jpg.1150x348_q85_crop-center.jpg','2016-08-19 15:24:19',211),(401,'d26becbf46ac48eda79c7a39a13a02dd','categorie_agenda/part.jpg.1150x348_q85_crop-center.jpg','2016-12-09 13:06:53',212),(402,'d26becbf46ac48eda79c7a39a13a02dd','categorie_agenda/jpo.jpg.1150x348_q85_crop-center.jpg','2016-08-19 15:25:00',213),(403,'d26becbf46ac48eda79c7a39a13a02dd','categorie_agenda/grand-prix.jpg.1150x348_q85_crop-center.jpg','2016-08-19 15:25:12',214),(404,'d26becbf46ac48eda79c7a39a13a02dd','photos/1_WU6Dcpo.JPG.800x533_q85_crop.jpg','2016-08-19 17:02:56',215),(405,'d26becbf46ac48eda79c7a39a13a02dd','photos/1_WU6Dcpo.JPG.192x128_q85_crop.jpg','2016-08-19 17:02:56',215),(406,'d26becbf46ac48eda79c7a39a13a02dd','photos/2_TKs1alF.JPG.800x533_q85_crop.jpg','2016-08-19 17:02:56',216),(407,'d26becbf46ac48eda79c7a39a13a02dd','photos/2_TKs1alF.JPG.192x128_q85_crop.jpg','2016-08-19 17:02:56',216),(408,'d26becbf46ac48eda79c7a39a13a02dd','photos/3_PSg0mpX.JPG.800x533_q85_crop.jpg','2016-08-19 17:02:56',217),(409,'d26becbf46ac48eda79c7a39a13a02dd','photos/3_PSg0mpX.JPG.192x128_q85_crop.jpg','2016-08-19 17:02:56',217),(410,'d26becbf46ac48eda79c7a39a13a02dd','photos/4_MRrw7ph.JPG.800x533_q85_crop.jpg','2016-08-19 17:02:57',218),(411,'d26becbf46ac48eda79c7a39a13a02dd','photos/4_MRrw7ph.JPG.192x128_q85_crop.jpg','2016-08-19 17:02:57',218),(412,'d26becbf46ac48eda79c7a39a13a02dd','photos/5_bylJwHX.JPG.800x533_q85_crop.jpg','2016-08-19 17:02:57',219),(413,'d26becbf46ac48eda79c7a39a13a02dd','photos/5_bylJwHX.JPG.192x128_q85_crop.jpg','2016-08-19 17:02:57',219),(414,'d26becbf46ac48eda79c7a39a13a02dd','categorie_agenda/Coucours_1_VA.jpg.1150x348_q85_crop-center.jpg','2016-08-25 11:50:09',220),(415,'d26becbf46ac48eda79c7a39a13a02dd','photos/IMG_5891.JPG.361x195_q85_crop.jpg','2016-08-27 13:58:22',221),(416,'d26becbf46ac48eda79c7a39a13a02dd','photos/IMG_5891_30Lys7y.JPG.361x195_q85_crop.jpg','2016-08-27 13:59:32',222),(417,'d26becbf46ac48eda79c7a39a13a02dd','photos/IMG_5891_30Lys7y.JPG.800x533_q85_crop.jpg','2016-08-27 14:00:47',222),(418,'d26becbf46ac48eda79c7a39a13a02dd','photos/IMG_5891_30Lys7y.JPG.192x128_q85_crop.jpg','2016-08-27 14:00:47',222),(419,'d26becbf46ac48eda79c7a39a13a02dd','photos/IMG_5892_0ncZXw1.JPG.800x533_q85_crop.jpg','2016-08-27 14:00:47',223),(420,'d26becbf46ac48eda79c7a39a13a02dd','photos/IMG_5892_0ncZXw1.JPG.192x128_q85_crop.jpg','2016-08-27 14:00:47',223),(421,'d26becbf46ac48eda79c7a39a13a02dd','photos/IMG_5893_zihnAGC.JPG.800x533_q85_crop.jpg','2016-08-27 14:00:48',224),(422,'d26becbf46ac48eda79c7a39a13a02dd','photos/IMG_5893_zihnAGC.JPG.192x128_q85_crop.jpg','2016-08-27 14:00:48',224),(423,'d26becbf46ac48eda79c7a39a13a02dd','photos/IMG_5894_PPnjeZx.JPG.800x533_q85_crop.jpg','2016-08-27 14:00:48',225),(424,'d26becbf46ac48eda79c7a39a13a02dd','photos/IMG_5894_PPnjeZx.JPG.192x128_q85_crop.jpg','2016-08-27 14:00:48',225),(425,'d26becbf46ac48eda79c7a39a13a02dd','photos/IMG_5895_zYG7Vev.JPG.800x533_q85_crop.jpg','2016-08-27 14:00:48',226),(426,'d26becbf46ac48eda79c7a39a13a02dd','photos/IMG_5895_zYG7Vev.JPG.192x128_q85_crop.jpg','2016-08-27 14:00:48',226),(427,'d26becbf46ac48eda79c7a39a13a02dd','photos/IMG_5897_UjHgiYB.JPG.800x533_q85_crop.jpg','2016-08-27 14:00:49',227),(428,'d26becbf46ac48eda79c7a39a13a02dd','photos/IMG_5897_UjHgiYB.JPG.192x128_q85_crop.jpg','2016-08-27 14:00:49',227),(429,'d26becbf46ac48eda79c7a39a13a02dd','photos/IMG_5902_VaxjcwU.JPG.800x533_q85_crop.jpg','2016-08-27 14:00:49',228),(430,'d26becbf46ac48eda79c7a39a13a02dd','photos/IMG_5902_VaxjcwU.JPG.192x128_q85_crop.jpg','2016-08-27 14:00:49',228),(431,'d26becbf46ac48eda79c7a39a13a02dd','photos/IMG_5904_ECJrCZl.JPG.800x533_q85_crop.jpg','2016-08-27 14:00:49',229),(432,'d26becbf46ac48eda79c7a39a13a02dd','photos/IMG_5904_ECJrCZl.JPG.192x128_q85_crop.jpg','2016-08-27 14:00:49',229),(433,'d26becbf46ac48eda79c7a39a13a02dd','photos/IMG_5905_clm8inJ.JPG.800x533_q85_crop.jpg','2016-08-27 14:00:50',230),(434,'d26becbf46ac48eda79c7a39a13a02dd','photos/IMG_5905_clm8inJ.JPG.192x128_q85_crop.jpg','2016-08-27 14:00:50',230),(435,'d26becbf46ac48eda79c7a39a13a02dd','photos/IMG_5891.JPG.800x533_q85_crop.jpg','2016-08-27 14:09:44',221),(436,'d26becbf46ac48eda79c7a39a13a02dd','photos/IMG_5891.JPG.192x128_q85_crop.jpg','2016-08-27 14:09:44',221),(437,'d26becbf46ac48eda79c7a39a13a02dd','photos/IMG_5892.JPG.800x533_q85_crop.jpg','2016-08-27 14:09:44',231),(438,'d26becbf46ac48eda79c7a39a13a02dd','photos/IMG_5892.JPG.192x128_q85_crop.jpg','2016-08-27 14:09:44',231),(439,'d26becbf46ac48eda79c7a39a13a02dd','photos/IMG_5893.JPG.800x533_q85_crop.jpg','2016-08-27 14:09:44',232),(440,'d26becbf46ac48eda79c7a39a13a02dd','photos/IMG_5893.JPG.192x128_q85_crop.jpg','2016-08-27 14:09:45',232),(441,'d26becbf46ac48eda79c7a39a13a02dd','photos/IMG_5894.JPG.800x533_q85_crop.jpg','2016-08-27 14:09:45',233),(442,'d26becbf46ac48eda79c7a39a13a02dd','photos/IMG_5894.JPG.192x128_q85_crop.jpg','2016-08-27 14:09:45',233),(443,'d26becbf46ac48eda79c7a39a13a02dd','photos/IMG_5895.JPG.800x533_q85_crop.jpg','2016-08-27 14:09:45',234),(444,'d26becbf46ac48eda79c7a39a13a02dd','photos/IMG_5895.JPG.192x128_q85_crop.jpg','2016-08-27 14:09:45',234),(445,'d26becbf46ac48eda79c7a39a13a02dd','photos/IMG_5897.JPG.800x533_q85_crop.jpg','2016-08-27 14:09:45',235),(446,'d26becbf46ac48eda79c7a39a13a02dd','photos/IMG_5897.JPG.192x128_q85_crop.jpg','2016-08-27 14:09:45',235),(447,'d26becbf46ac48eda79c7a39a13a02dd','photos/IMG_5902.JPG.800x533_q85_crop.jpg','2016-08-27 14:09:46',236),(448,'d26becbf46ac48eda79c7a39a13a02dd','photos/IMG_5902.JPG.192x128_q85_crop.jpg','2016-08-27 14:09:46',236),(449,'d26becbf46ac48eda79c7a39a13a02dd','photos/IMG_5904.JPG.800x533_q85_crop.jpg','2016-08-27 14:09:46',237),(450,'d26becbf46ac48eda79c7a39a13a02dd','photos/IMG_5904.JPG.192x128_q85_crop.jpg','2016-08-27 14:09:46',237),(451,'d26becbf46ac48eda79c7a39a13a02dd','photos/IMG_5905.JPG.800x533_q85_crop.jpg','2016-08-27 14:09:46',238),(452,'d26becbf46ac48eda79c7a39a13a02dd','photos/IMG_5905.JPG.192x128_q85_crop.jpg','2016-08-27 14:09:46',238),(453,'d26becbf46ac48eda79c7a39a13a02dd','photos/IMG_5893_Do7ckxH.JPG.800x533_q85_crop.jpg','2016-08-27 14:11:43',239),(454,'d26becbf46ac48eda79c7a39a13a02dd','photos/IMG_5893_Do7ckxH.JPG.192x128_q85_crop.jpg','2016-08-27 14:11:43',239),(455,'d26becbf46ac48eda79c7a39a13a02dd','photos/IMG_5893_IFDBfKC.JPG.361x195_q85_crop.jpg','2016-08-27 14:27:44',240),(456,'d26becbf46ac48eda79c7a39a13a02dd','photos/IMG_5893_IFDBfKC.JPG.800x533_q85_crop.jpg','2016-08-27 14:27:59',240),(457,'d26becbf46ac48eda79c7a39a13a02dd','photos/IMG_5893_IFDBfKC.JPG.192x128_q85_crop.jpg','2016-08-27 14:27:59',240),(458,'d26becbf46ac48eda79c7a39a13a02dd','photos/IMG_5892_hLWhpXb.JPG.361x195_q85_crop.jpg','2016-08-27 14:41:35',241),(459,'d26becbf46ac48eda79c7a39a13a02dd','photos/IMG_5892_hLWhpXb.JPG.800x533_q85_crop.jpg','2016-08-27 14:41:49',241),(460,'d26becbf46ac48eda79c7a39a13a02dd','photos/IMG_5892_hLWhpXb.JPG.192x128_q85_crop.jpg','2016-08-27 14:41:49',241),(461,'d26becbf46ac48eda79c7a39a13a02dd','photos/IMG_5893_ZfY716i.JPG.800x533_q85_crop.jpg','2016-08-27 14:41:49',242),(462,'d26becbf46ac48eda79c7a39a13a02dd','photos/IMG_5893_ZfY716i.JPG.192x128_q85_crop.jpg','2016-08-27 14:41:49',242),(463,'d26becbf46ac48eda79c7a39a13a02dd','photos/IMG_5895_gaiOoH4.JPG.800x533_q85_crop.jpg','2016-08-27 14:41:49',243),(464,'d26becbf46ac48eda79c7a39a13a02dd','photos/IMG_5895_gaiOoH4.JPG.192x128_q85_crop.jpg','2016-08-27 14:41:50',243),(465,'d26becbf46ac48eda79c7a39a13a02dd','photos/IMG_5896.JPG.800x533_q85_crop.jpg','2016-08-27 14:41:50',244),(466,'d26becbf46ac48eda79c7a39a13a02dd','photos/IMG_5896.JPG.192x128_q85_crop.jpg','2016-08-27 14:41:50',244),(467,'d26becbf46ac48eda79c7a39a13a02dd','photos/IMG_5898.JPG.800x533_q85_crop.jpg','2016-08-27 14:41:50',245),(468,'d26becbf46ac48eda79c7a39a13a02dd','photos/IMG_5898.JPG.192x128_q85_crop.jpg','2016-08-27 14:41:50',245),(469,'d26becbf46ac48eda79c7a39a13a02dd','photos/IMG_5899.JPG.800x533_q85_crop.jpg','2016-08-27 14:41:50',246),(470,'d26becbf46ac48eda79c7a39a13a02dd','photos/IMG_5899.JPG.192x128_q85_crop.jpg','2016-08-27 14:41:51',246),(471,'d26becbf46ac48eda79c7a39a13a02dd','photos/IMG_5900.JPG.800x533_q85_crop.jpg','2016-08-27 14:41:51',247),(472,'d26becbf46ac48eda79c7a39a13a02dd','photos/IMG_5900.JPG.192x128_q85_crop.jpg','2016-08-27 14:41:51',247),(473,'d26becbf46ac48eda79c7a39a13a02dd','photos/IMG_5901.JPG.800x533_q85_crop.jpg','2016-08-27 14:41:51',248),(474,'d26becbf46ac48eda79c7a39a13a02dd','photos/IMG_5901.JPG.192x128_q85_crop.jpg','2016-08-27 14:41:51',248),(475,'d26becbf46ac48eda79c7a39a13a02dd','photos/IMG_5902_HDosCXk.JPG.800x533_q85_crop.jpg','2016-08-27 14:41:51',249),(476,'d26becbf46ac48eda79c7a39a13a02dd','photos/IMG_5902_HDosCXk.JPG.192x128_q85_crop.jpg','2016-08-27 14:41:52',249),(477,'d26becbf46ac48eda79c7a39a13a02dd','photos/IMG_5903.JPG.800x533_q85_crop.jpg','2016-08-27 14:41:52',250),(478,'d26becbf46ac48eda79c7a39a13a02dd','photos/IMG_5903.JPG.192x128_q85_crop.jpg','2016-08-27 14:41:52',250),(479,'d26becbf46ac48eda79c7a39a13a02dd','photos/IMG_5904_8PwGmbM.JPG.800x533_q85_crop.jpg','2016-08-27 14:41:52',251),(480,'d26becbf46ac48eda79c7a39a13a02dd','photos/IMG_5904_8PwGmbM.JPG.192x128_q85_crop.jpg','2016-08-27 14:41:52',251),(481,'d26becbf46ac48eda79c7a39a13a02dd','photos/IMG_5905_yD9ZvZD.JPG.800x533_q85_crop.jpg','2016-08-27 14:41:52',252),(482,'d26becbf46ac48eda79c7a39a13a02dd','photos/IMG_5905_yD9ZvZD.JPG.192x128_q85_crop.jpg','2016-08-27 14:41:52',252),(483,'d26becbf46ac48eda79c7a39a13a02dd','photos/IMG_5892_NjYHZIz.JPG.361x195_q85_crop.jpg','2016-08-27 14:42:47',253),(484,'d26becbf46ac48eda79c7a39a13a02dd','photos/IMG_5892_NjYHZIz.JPG.800x533_q85_crop.jpg','2016-08-27 14:44:14',253),(485,'d26becbf46ac48eda79c7a39a13a02dd','photos/IMG_5892_NjYHZIz.JPG.192x128_q85_crop.jpg','2016-08-27 14:44:14',253),(486,'d26becbf46ac48eda79c7a39a13a02dd','photos/IMG_5893_Wa1KEM3.JPG.800x533_q85_crop.jpg','2016-08-27 14:44:14',254),(487,'d26becbf46ac48eda79c7a39a13a02dd','photos/IMG_5893_Wa1KEM3.JPG.192x128_q85_crop.jpg','2016-08-27 14:44:15',254),(488,'d26becbf46ac48eda79c7a39a13a02dd','photos/IMG_5895_EadtdwR.JPG.800x533_q85_crop.jpg','2016-08-27 14:44:15',255),(489,'d26becbf46ac48eda79c7a39a13a02dd','photos/IMG_5895_EadtdwR.JPG.192x128_q85_crop.jpg','2016-08-27 14:44:15',255),(490,'d26becbf46ac48eda79c7a39a13a02dd','photos/IMG_5896_wMTDoLz.JPG.800x533_q85_crop.jpg','2016-08-27 14:44:15',256),(491,'d26becbf46ac48eda79c7a39a13a02dd','photos/IMG_5896_wMTDoLz.JPG.192x128_q85_crop.jpg','2016-08-27 14:44:15',256),(492,'d26becbf46ac48eda79c7a39a13a02dd','photos/IMG_5898_0E5tFs6.JPG.800x533_q85_crop.jpg','2016-08-27 14:44:15',257),(493,'d26becbf46ac48eda79c7a39a13a02dd','photos/IMG_5898_0E5tFs6.JPG.192x128_q85_crop.jpg','2016-08-27 14:44:15',257),(494,'d26becbf46ac48eda79c7a39a13a02dd','photos/IMG_5899_XlGAdvI.JPG.800x533_q85_crop.jpg','2016-08-27 14:44:16',258),(495,'d26becbf46ac48eda79c7a39a13a02dd','photos/IMG_5899_XlGAdvI.JPG.192x128_q85_crop.jpg','2016-08-27 14:44:16',258),(496,'d26becbf46ac48eda79c7a39a13a02dd','photos/IMG_5900_Lj1IxTc.JPG.800x533_q85_crop.jpg','2016-08-27 14:44:16',259),(497,'d26becbf46ac48eda79c7a39a13a02dd','photos/IMG_5900_Lj1IxTc.JPG.192x128_q85_crop.jpg','2016-08-27 14:44:16',259),(498,'d26becbf46ac48eda79c7a39a13a02dd','photos/IMG_5901_7czR3H1.JPG.800x533_q85_crop.jpg','2016-08-27 14:44:16',260),(499,'d26becbf46ac48eda79c7a39a13a02dd','photos/IMG_5901_7czR3H1.JPG.192x128_q85_crop.jpg','2016-08-27 14:44:16',260),(500,'d26becbf46ac48eda79c7a39a13a02dd','photos/IMG_5902_pVLjxjm.JPG.800x533_q85_crop.jpg','2016-08-27 14:44:17',261),(501,'d26becbf46ac48eda79c7a39a13a02dd','photos/IMG_5902_pVLjxjm.JPG.192x128_q85_crop.jpg','2016-08-27 14:44:17',261),(502,'d26becbf46ac48eda79c7a39a13a02dd','photos/IMG_5903_jtbFlmJ.JPG.800x533_q85_crop.jpg','2016-08-27 14:44:17',262),(503,'d26becbf46ac48eda79c7a39a13a02dd','photos/IMG_5903_jtbFlmJ.JPG.192x128_q85_crop.jpg','2016-08-27 14:44:17',262),(504,'d26becbf46ac48eda79c7a39a13a02dd','photos/IMG_5904_qw7Xp54.JPG.800x533_q85_crop.jpg','2016-08-27 14:44:17',263),(505,'d26becbf46ac48eda79c7a39a13a02dd','photos/IMG_5904_qw7Xp54.JPG.192x128_q85_crop.jpg','2016-08-27 14:44:17',263),(506,'d26becbf46ac48eda79c7a39a13a02dd','photos/IMG_5905_hjo0SJ8.JPG.800x533_q85_crop.jpg','2016-08-27 14:44:18',264),(507,'d26becbf46ac48eda79c7a39a13a02dd','photos/IMG_5905_hjo0SJ8.JPG.192x128_q85_crop.jpg','2016-08-27 14:44:18',264),(508,'d26becbf46ac48eda79c7a39a13a02dd','actualites/Morocco_Cup_By_SOREC.jpg.900x900_q85_crop-center.jpg','2016-08-29 11:09:12',265),(509,'d26becbf46ac48eda79c7a39a13a02dd','actualites/Morocco_Cup_By_SOREC.jpg.350x200_q85_crop-center.jpg','2016-08-29 11:09:13',265),(510,'d26becbf46ac48eda79c7a39a13a02dd','actualites/Morocco_Cup_By_SOREC.jpg.250x166_q85_crop-center.jpg','2016-08-29 11:29:01',265),(511,'d26becbf46ac48eda79c7a39a13a02dd','actualites/Morocco_Cup_By_SOREC_2.jpg.png.900x900_q85_crop-center.png','2016-08-29 11:38:09',266),(512,'d26becbf46ac48eda79c7a39a13a02dd','actualites/Morocco_Cup_By_SOREC_2.jpg.png.350x200_q85_crop-center.png','2016-08-29 11:38:09',266),(513,'d26becbf46ac48eda79c7a39a13a02dd','actualites/Morocco_Cup_By_SOREC_3.jpg.900x900_q85_crop-center.jpg','2016-08-29 11:40:52',267),(514,'d26becbf46ac48eda79c7a39a13a02dd','actualites/Morocco_Cup_By_SOREC_3.jpg.350x200_q85_crop-center.jpg','2016-08-29 11:40:53',267),(515,'d26becbf46ac48eda79c7a39a13a02dd','actualites/Morocco_Cup_By_SOREC_2.jpg_dvrNTmr.png.900x900_q85_crop-center.png','2016-08-29 11:41:17',268),(516,'d26becbf46ac48eda79c7a39a13a02dd','actualites/Morocco_Cup_By_SOREC_2.jpg_dvrNTmr.png.350x200_q85_crop-center.png','2016-08-29 11:41:17',268),(517,'d26becbf46ac48eda79c7a39a13a02dd','actualites/Morocco_Cup_By_SOREC_4.jpg.900x900_q85_crop-center.jpg','2016-08-29 11:45:23',269),(518,'d26becbf46ac48eda79c7a39a13a02dd','actualites/Morocco_Cup_By_SOREC_4.jpg.350x200_q85_crop-center.jpg','2016-08-29 11:45:24',269),(519,'d26becbf46ac48eda79c7a39a13a02dd','actualites/Morocco_Cup_By_SOREC_5.jpg.900x900_q85_crop-center.jpg','2016-08-29 11:49:24',270),(520,'d26becbf46ac48eda79c7a39a13a02dd','actualites/Morocco_Cup_By_SOREC_5.jpg.350x200_q85_crop-center.jpg','2016-12-06 10:47:49',270),(521,'d26becbf46ac48eda79c7a39a13a02dd','actualites/Morocco_Cup_By_SOREC_5.jpg.250x166_q85_crop-center.jpg','2016-08-30 07:21:09',270),(522,'d26becbf46ac48eda79c7a39a13a02dd','logo/histo_3.jpg.450x300_q85_crop-center.jpg','2016-10-26 09:59:48',271),(523,'d26becbf46ac48eda79c7a39a13a02dd','logo/1_DBbnQ0f.png.450x300_q85_crop-center.png','2016-11-28 14:26:12',272),(524,'d26becbf46ac48eda79c7a39a13a02dd','metiers/reg_UllDt5b.jpg.270x163_q85_crop-center.jpg','2016-10-26 11:04:05',273),(525,'d26becbf46ac48eda79c7a39a13a02dd','metiers/tbourida_1.jpg.270x163_q85_crop-center.jpg','2016-10-26 11:04:05',274),(526,'d26becbf46ac48eda79c7a39a13a02dd','metiers/histo_3.jpg.270x163_q85_crop-center.jpg','2016-10-26 11:04:05',275),(527,'d26becbf46ac48eda79c7a39a13a02dd','metiers/_MG_5441.jpg.270x163_q85_crop-center.jpg','2016-10-26 11:05:48',276),(528,'d26becbf46ac48eda79c7a39a13a02dd','metiers/linseminateur_IEBlJLP.jpg.270x163_q85_crop-center.jpg','2016-11-28 16:42:03',277),(529,'d26becbf46ac48eda79c7a39a13a02dd','metiers/linseminateur_B0AX2Hd.jpg.270x163_q85_crop-center.jpg','2016-10-26 11:07:49',278),(530,'d26becbf46ac48eda79c7a39a13a02dd','metiers/linseminateur_wHG9Og0.jpg.270x163_q85_crop-center.jpg','2016-10-26 11:12:22',279),(531,'d26becbf46ac48eda79c7a39a13a02dd','metiers/_B9Q9918.jpg.270x163_q85_crop-center.jpg','2016-11-29 11:55:31',280),(532,'d26becbf46ac48eda79c7a39a13a02dd','metiers/linseminateur_rIzvuM4.jpg.270x163_q85_crop-center.jpg','2016-10-26 11:16:38',281),(533,'d26becbf46ac48eda79c7a39a13a02dd','photos/P4.jpg.240x125_q85_crop-center.jpg','2016-11-09 16:28:29',282),(534,'d26becbf46ac48eda79c7a39a13a02dd','photos/P4_zuyZOkY.jpg.361x195_q85_crop.jpg','2016-11-09 16:34:33',283),(535,'d26becbf46ac48eda79c7a39a13a02dd','photos/P4_zuyZOkY.jpg.800x533_q85_crop.jpg','2016-11-09 16:34:43',283),(536,'d26becbf46ac48eda79c7a39a13a02dd','photos/P4_zuyZOkY.jpg.192x128_q85_crop.jpg','2016-11-09 16:34:43',283),(537,'d26becbf46ac48eda79c7a39a13a02dd','photos/P4_Rtap7yN.jpg.361x195_q85_crop.jpg','2016-11-09 16:34:55',284),(538,'d26becbf46ac48eda79c7a39a13a02dd','photos/P4_Rtap7yN.jpg.800x533_q85_crop.jpg','2016-11-09 16:35:09',284),(539,'d26becbf46ac48eda79c7a39a13a02dd','photos/P4_Rtap7yN.jpg.192x128_q85_crop.jpg','2016-11-09 16:35:09',284),(540,'d26becbf46ac48eda79c7a39a13a02dd','photos/IMG_5892_hLWhpXb_ZIc9ec5.JPG.361x195_q85_crop.jpg','2016-11-09 16:38:21',285),(541,'d26becbf46ac48eda79c7a39a13a02dd','photos/IMG_5892_hLWhpXb_3hlaVqz.JPG.361x195_q85_crop.jpg','2016-11-09 16:38:21',286),(542,'d26becbf46ac48eda79c7a39a13a02dd','photos/IMG_5892_hLWhpXb_3hlaVqz.JPG.800x533_q85_crop.jpg','2016-11-09 16:38:35',286),(543,'d26becbf46ac48eda79c7a39a13a02dd','photos/IMG_5892_hLWhpXb_3hlaVqz.JPG.192x128_q85_crop.jpg','2016-11-09 16:38:35',286),(544,'d26becbf46ac48eda79c7a39a13a02dd','photos/IMG_5892_hLWhpXb_HndPcng.JPG.800x533_q85_crop.jpg','2016-11-09 16:38:35',287),(545,'d26becbf46ac48eda79c7a39a13a02dd','photos/IMG_5892_hLWhpXb_HndPcng.JPG.192x128_q85_crop.jpg','2016-11-09 16:38:35',287),(546,'d26becbf46ac48eda79c7a39a13a02dd','photos/IMG_5892_hLWhpXb_N87l8DH.JPG.361x195_q85_crop.jpg','2017-01-02 17:46:02',288),(547,'d26becbf46ac48eda79c7a39a13a02dd','photos/IMG_5892_hLWhpXb_i8OPgrQ.JPG.361x195_q85_crop.jpg','2016-11-09 16:38:43',289),(548,'d26becbf46ac48eda79c7a39a13a02dd','photos/IMG_5892_hLWhpXb_i8OPgrQ.JPG.800x533_q85_crop.jpg','2016-11-09 16:38:49',289),(549,'d26becbf46ac48eda79c7a39a13a02dd','photos/IMG_5892_hLWhpXb_i8OPgrQ.JPG.192x128_q85_crop.jpg','2016-11-09 16:38:49',289),(550,'d26becbf46ac48eda79c7a39a13a02dd','photos/IMG_5892_hLWhpXb_SF44FTM.JPG.800x533_q85_crop.jpg','2016-11-09 16:38:49',290),(551,'d26becbf46ac48eda79c7a39a13a02dd','photos/IMG_5892_hLWhpXb_SF44FTM.JPG.192x128_q85_crop.jpg','2016-11-09 16:38:49',290),(552,'d26becbf46ac48eda79c7a39a13a02dd','logo/IMG_5892_hLWhpXb.JPG.450x300_q85_crop-center.jpg','2016-11-09 16:55:14',291),(553,'d26becbf46ac48eda79c7a39a13a02dd','logo/IMG_5892_hLWhpXb_u76gwRZ.JPG.450x300_q85_crop-center.jpg','2016-11-09 16:55:14',292),(554,'d26becbf46ac48eda79c7a39a13a02dd','photos/IMG_5892_hLWhpXb_N87l8DH.JPG.800x533_q85_crop.jpg','2016-11-17 02:39:45',288),(555,'d26becbf46ac48eda79c7a39a13a02dd','photos/IMG_5892_hLWhpXb_N87l8DH.JPG.192x128_q85_crop.jpg','2016-11-17 02:39:46',288),(556,'d26becbf46ac48eda79c7a39a13a02dd','metiers/Palefrenier_x6D60g3.jpg.270x163_q85_crop-center.jpg','2016-11-29 12:25:16',293),(557,'d26becbf46ac48eda79c7a39a13a02dd','actualites/chev1.jpg.900x900_q85_crop-center.jpg','2016-12-26 15:11:56',294),(558,'d26becbf46ac48eda79c7a39a13a02dd','actualites/chev1.jpg.350x200_q85_crop-center.jpg','2016-12-26 15:11:56',294),(559,'d26becbf46ac48eda79c7a39a13a02dd','actualites/MIM_Cover_1.png.900x900_q85_crop-center.png','2017-11-29 10:46:12',295),(560,'d26becbf46ac48eda79c7a39a13a02dd','actualites/MIM_Cover_1.png.350x200_q85_crop-center.png','2017-11-29 10:46:12',295);

--
-- Table structure for table `easy_thumbnails_thumbnaildimensions`
--

CREATE TABLE `easy_thumbnails_thumbnaildimensions` (
  `id` int(11) NOT NULL AUTO_INCREMENT,
  `thumbnail_id` int(11) NOT NULL,
  `width` int(10) unsigned DEFAULT NULL,
  `height` int(10) unsigned DEFAULT NULL,
  PRIMARY KEY (`id`),
  UNIQUE KEY `thumbnail_id` (`thumbnail_id`),
  CONSTRAINT `ea_thumbnail_id_29ad34faceb3c17c_fk_easy_thumbnails_thumbnail_id` FOREIGN KEY (`thumbnail_id`) REFERENCES `easy_thumbnails_thumbnail` (`id`)
) ENGINE=InnoDB DEFAULT CHARSET=utf8;

--
-- Dumping data for table `easy_thumbnails_thumbnaildimensions`
--


--
-- Table structure for table `entreprise_carrieres`
--

CREATE TABLE `entreprise_carrieres` (
  `id` int(11) NOT NULL AUTO_INCREMENT,
  `titre` varchar(350) DEFAULT NULL,
  `titre_fr` varchar(350) DEFAULT NULL,
  `titre_ar` varchar(350) DEFAULT NULL,
  `photo` varchar(100) DEFAULT NULL,
  `contenu` longtext,
  `contenu_fr` longtext,
  `contenu_ar` longtext,
  PRIMARY KEY (`id`)
) ENGINE=InnoDB AUTO_INCREMENT=2 DEFAULT CHARSET=utf8;

--
-- Dumping data for table `entreprise_carrieres`
--

INSERT INTO `entreprise_carrieres` VALUES (1,'Carrières ','Carrières ','مسارات مهنية','./carriere_3exM4NO_x3Rri5h.jpg','\r\n<iframe src=\"https://emploi.sorec.ma:4443/orangehrm/symfony/web/index.php/recruitmentApply/jobs.html\" width=\"100%\" height=\"940\" frameborder=\"0\"></iframe>\r\n','\r\n<iframe src=\"https://emploi.sorec.ma:4443/orangehrm/symfony/web/index.php/recruitmentApply/jobs.html\" width=\"100%\" height=\"940\" frameborder=\"0\"></iframe>\r\n','\r\n<iframe src=\"https://emploi.sorec.ma:4443/orangehrm/symfony/web/index.php/recruitmentApply/jobs.html\" width=\"100%\" height=\"940\" frameborder=\"0\"></iframe>\r\n');

--
-- Table structure for table `entreprise_categorie_partenaire`
--

CREATE TABLE `entreprise_categorie_partenaire` (
  `id` int(11) NOT NULL AUTO_INCREMENT,
  `nom` varchar(350) NOT NULL,
  `nom_fr` varchar(350) DEFAULT NULL,
  `nom_ar` varchar(350) DEFAULT NULL,
  `slug` varchar(50) DEFAULT NULL,
  `slug_fr` varchar(50) DEFAULT NULL,
  `slug_ar` varchar(50) DEFAULT NULL,
  PRIMARY KEY (`id`),
  KEY `entreprise_categorie_partenaire_2dbcba41` (`slug`),
  KEY `entreprise_categorie_partenaire_447c0104` (`slug_fr`),
  KEY `entreprise_categorie_partenaire_edb815ef` (`slug_ar`)
) ENGINE=InnoDB AUTO_INCREMENT=3 DEFAULT CHARSET=utf8;

--
-- Dumping data for table `entreprise_categorie_partenaire`
--

INSERT INTO `entreprise_categorie_partenaire` VALUES (1,'Media ','Media ','الشراكات الإعلامية','media','media','media'),(2,'Partenaires internationaux ','Partenaires internationaux ','الشركاء الدوليون','partenaires-internationaux','partenaires-internationaux','partenaires-internationaux');

--
-- Table structure for table `entreprise_gouvernance`
--

CREATE TABLE `entreprise_gouvernance` (
  `id` int(11) NOT NULL AUTO_INCREMENT,
  `titre` varchar(350) NOT NULL,
  `titre_fr` varchar(350) DEFAULT NULL,
  `titre_ar` varchar(350) DEFAULT NULL,
  `photo` varchar(100) NOT NULL,
  `contenu` longtext NOT NULL,
  `contenu_fr` longtext,
  `contenu_ar` longtext,
  `contenu2` longtext NOT NULL,
  `contenu2_fr` longtext,
  `contenu2_ar` longtext,
  PRIMARY KEY (`id`)
) ENGINE=InnoDB AUTO_INCREMENT=2 DEFAULT CHARSET=utf8;

--
-- Dumping data for table `entreprise_gouvernance`
--

INSERT INTO `entreprise_gouvernance` VALUES (1,'Gouvernance','Gouvernance','الحكامة','./gouvernance_rUoMYQv.jpg','<div class=\"vision none_back top10\">\r\n<p class=\"title-sub\">La SOREC, Soci&eacute;t&eacute; Royale d&rsquo;Encouragement du Cheval, est une Soci&eacute;t&eacute; Anonyme sous la tutelle du Minist&egrave;re de l&rsquo;Agriculture et de la P&ecirc;che Maritime.</p>\r\n\r\n<p>Cr&eacute;&eacute;e par le D&eacute;cret n&deg; 2-03-262 du 11 Rabii I 1424 (13 mai 2003) autorisant l&rsquo;Etat marocain &agrave; souscrire &agrave; une prise de participation de 99,75% dans le Capital d&rsquo;une soci&eacute;t&eacute; en cr&eacute;ation d&eacute;nomm&eacute;e &laquo; Soci&eacute;t&eacute; Royale d&rsquo;Encouragement du Cheval &raquo;.</p>\r\n\r\n<p>Sa gouvernance se constitue essentiellement de son Conseil d&#39;Administration, de ses Assembl&eacute;es G&eacute;n&eacute;rales et de son Comit&eacute; d&rsquo;Audit.</p>\r\n\r\n<h2>Conseil d&#39;Administration :</h2>\r\n\r\n<p>Le Conseil d&rsquo;Administration se r&eacute;unit au minimum 2 fois par an pour d&eacute;terminer les orientations de l&#39;activit&eacute; de la SOREC et veiller &agrave; leur mise en &oelig;uvre. Il est pr&eacute;sid&eacute; par le Ministre de l&rsquo;Agriculture et de la P&ecirc;che Maritime. Il est compos&eacute; de 7 autres membres d&eacute;sign&eacute;s par l&#39;Assembl&eacute;e G&eacute;n&eacute;rale Ordinaire.</p>\r\n</div>\r\n','<div class=\"vision none_back top10\">\r\n<p class=\"title-sub\">La SOREC, Soci&eacute;t&eacute; Royale d&rsquo;Encouragement du Cheval, est une Soci&eacute;t&eacute; Anonyme sous la tutelle du Minist&egrave;re de l&rsquo;Agriculture et de la P&ecirc;che Maritime.</p>\r\n\r\n<p>Cr&eacute;&eacute;e par le D&eacute;cret n&deg; 2-03-262 du 11 Rabii I 1424 (13 mai 2003) autorisant l&rsquo;Etat marocain &agrave; souscrire &agrave; une prise de participation de 99,75% dans le Capital d&rsquo;une soci&eacute;t&eacute; en cr&eacute;ation d&eacute;nomm&eacute;e &laquo; Soci&eacute;t&eacute; Royale d&rsquo;Encouragement du Cheval &raquo;.</p>\r\n\r\n<p>Sa gouvernance se constitue essentiellement de son Conseil d&#39;Administration, de ses Assembl&eacute;es G&eacute;n&eacute;rales et de son Comit&eacute; d&rsquo;Audit.</p>\r\n\r\n<h2>Conseil d&#39;Administration :</h2>\r\n\r\n<p>Le Conseil d&rsquo;Administration se r&eacute;unit au minimum 2 fois par an pour d&eacute;terminer les orientations de l&#39;activit&eacute; de la SOREC et veiller &agrave; leur mise en &oelig;uvre. Il est pr&eacute;sid&eacute; par le Ministre de l&rsquo;Agriculture et de la P&ecirc;che Maritime. Il est compos&eacute; de 7 autres membres d&eacute;sign&eacute;s par l&#39;Assembl&eacute;e G&eacute;n&eacute;rale Ordinaire.</p>\r\n</div>\r\n','<div class=\"vision none_back top10\" dir=\"rtl\">\r\n<p class=\"title-sub\">االشركة الملكية لتشجيع الفرس هي شركة مجهولة تابعة لوزارة الفلاحة والصيد البحري. وقد تأسست بموجب مرسوم رقم: 2-03-262 صادر بتاريخ 11 ربيع الأول 1424 (13 ماي 2003) يرخص للدولة المغربية الاكتتاب في المساهمة بنسبة %99.75 في رأسمال شركة في طور التأسيس تحمل اسم: &quot;الشركة الملكية لتشجيع الفرس&quot;.</p>\r\n\r\n<p class=\"top20\">وتتكون أجهزة الحكامة فيها، أساسا، من مجلس إدارتها، ومن جموعها العامة ومن لجنة الافتحاص.</p>\r\n\r\n<h2 class=\"block top30 bottom10\">مجلس الإدارة :</h2>\r\n\r\n<p>يجتمع مجلس الإدارة مرتين على الأقل في السنة لرسم توجهات أنشطة الشركة والسهر على انجازها. ويترأسه وزير الفلاحة والصيد البحري، كما أنه يتكون من 7 أعضاء آخرين يعينون في الجمع العام العادي.</p>\r\n</div>\r\n','<h2>Composition du Conseil d&rsquo;Administration :</h2>\r\n\r\n<ul>\r\n	<li>Pr&eacute;sident :</li>\r\n	<li>- Ministre de l&rsquo;Agriculture et de la P&ecirc;che Maritime</li>\r\n	<li>Autres membres :</li>\r\n	<li>- Secr&eacute;taire G&eacute;n&eacute;ral du Minist&egrave;re de l&rsquo;Agriculture et de la P&ecirc;che Maritime</li>\r\n	<li>- Directeur financier du Minist&egrave;re de l&rsquo;Agriculture et de la P&ecirc;che Maritime</li>\r\n	<li>- Directeur de la Direction de d&eacute;veloppement des fili&egrave;res de production au Minist&egrave;re de l&rsquo;Agriculture et de la P&ecirc;che Maritime</li>\r\n	<li>- Directeur du Budget au Minist&egrave;re de l&rsquo;Economie et des Finances</li>\r\n	<li>- Chef de Division de l&rsquo;agriculture, de l&rsquo;agro-industrie et de l&rsquo;industrie au Minist&egrave;re de l&rsquo;Economie et des Finances</li>\r\n	<li>- Pr&eacute;sident de la Soci&eacute;t&eacute; de Courses Hippiques de Casablanca</li>\r\n	<li>- Pr&eacute;sident de la Soci&eacute;t&eacute; de Courses Hippiques de Rabat-Sal&eacute;</li>\r\n</ul>\r\n','<h2>Composition du Conseil d&rsquo;Administration :</h2>\r\n\r\n<ul>\r\n	<li>Pr&eacute;sident :</li>\r\n	<li>- Ministre de l&rsquo;Agriculture et de la P&ecirc;che Maritime</li>\r\n	<li>Autres membres :</li>\r\n	<li>- Secr&eacute;taire G&eacute;n&eacute;ral du Minist&egrave;re de l&rsquo;Agriculture et de la P&ecirc;che Maritime</li>\r\n	<li>- Directeur financier du Minist&egrave;re de l&rsquo;Agriculture et de la P&ecirc;che Maritime</li>\r\n	<li>- Directeur de la Direction de d&eacute;veloppement des fili&egrave;res de production au Minist&egrave;re de l&rsquo;Agriculture et de la P&ecirc;che Maritime</li>\r\n	<li>- Directeur du Budget au Minist&egrave;re de l&rsquo;Economie et des Finances</li>\r\n	<li>- Chef de Division de l&rsquo;agriculture, de l&rsquo;agro-industrie et de l&rsquo;industrie au Minist&egrave;re de l&rsquo;Economie et des Finances</li>\r\n	<li>- Pr&eacute;sident de la Soci&eacute;t&eacute; de Courses Hippiques de Casablanca</li>\r\n	<li>- Pr&eacute;sident de la Soci&eacute;t&eacute; de Courses Hippiques de Rabat-Sal&eacute;</li>\r\n</ul>\r\n','<div class=\"vision_mobile\" dir=\"rtl\">\r\n<div class=\"vision\">\r\n<div class=\"vision_mobile\">\r\n<div class=\"vision\">\r\n<h2 class=\"block bottom5\">يتشكل المجلس الإداري من :</h2>\r\n\r\n<p>الرئيس :</p>\r\n\r\n<ul>\r\n	<li class=\"right30\" dir=\"rtl\">- وزير الفلاحة والصيد البحري</li>\r\n</ul>\r\n\r\n<p>الأعضاء الآخرون :</p>\r\n\r\n<ul>\r\n	<li class=\"right30\">- الكاتب العام لوزارة الفلاحة والصيد البحري</li>\r\n	<li class=\"right30\" dir=\"rtl\">- المدير المالي لوزارة الفلاحة والصيد البحري</li>\r\n	<li class=\"right30\" dir=\"rtl\">- مدير تنمية سلاسل الانتاج بوزارة الفلاحة والصيد البحري</li>\r\n	<li class=\"right30\" dir=\"rtl\">- مدير المالية بوزارة الاقتصاد والمالية</li>\r\n	<li class=\"right30\" dir=\"rtl\">- رئيس قسم الفلاحة والصناعة الغذائية والصناعة بوزارة الاقتصاد والمالية</li>\r\n	<li class=\"right30\" dir=\"rtl\">- رئيس شركة سباقات الخيل بالدار البيضاء</li>\r\n	<li class=\"right30\" dir=\"rtl\">- رئيس شركة سباقات الخيل بالرباط - سلا.</li>\r\n</ul>\r\n</div>\r\n</div>\r\n</div>\r\n</div>\r\n');

--
-- Table structure for table `entreprise_gouvernanceextra`
--

CREATE TABLE `entreprise_gouvernanceextra` (
  `id` int(11) NOT NULL AUTO_INCREMENT,
  `contenu3` longtext NOT NULL,
  `contenu3_fr` longtext,
  `contenu3_ar` longtext,
  `contenu4` longtext NOT NULL,
  `contenu4_fr` longtext,
  `contenu4_ar` longtext,
  `gouvernance_id` int(11) NOT NULL,
  PRIMARY KEY (`id`),
  KEY `ent_gouvernance_id_3d65306f9de464c0_fk_entreprise_gouvernance_id` (`gouvernance_id`),
  CONSTRAINT `ent_gouvernance_id_3d65306f9de464c0_fk_entreprise_gouvernance_id` FOREIGN KEY (`gouvernance_id`) REFERENCES `entreprise_gouvernance` (`id`)
) ENGINE=InnoDB AUTO_INCREMENT=2 DEFAULT CHARSET=utf8;

--
-- Dumping data for table `entreprise_gouvernanceextra`
--

INSERT INTO `entreprise_gouvernanceextra` VALUES (1,'<div class=\"vision none_back\">\r\n<h2>Les Assembl&eacute;es G&eacute;n&eacute;rales</h2>\r\n\r\n<p>Les d&eacute;cisions collectives des actionnaires sont prises en assembl&eacute;es g&eacute;n&eacute;rales dont les d&eacute;lib&eacute;rations obligent tous les actionnaires.<br />\r\nSelon l&rsquo;objet des r&eacute;solutions propos&eacute;es, les assembl&eacute;es g&eacute;n&eacute;rales peuvent &ecirc;tre ordinaires, extraordinaires ou mixtes.</p>\r\n\r\n<h2>Le Comit&eacute; d&#39;audit</h2>\r\n\r\n<p>Le Comit&eacute; d&#39;audit se tient au minimum 2 fois par an. Il aide le Conseil d&#39;Administration &agrave; veiller &agrave; l&#39;exactitude et &agrave; la sinc&eacute;rit&eacute; des comptes sociaux de la SOREC ainsi qu&rsquo;&agrave; la qualit&eacute; du contr&ocirc;le interne et de l&rsquo;information d&eacute;livr&eacute;e aux actionnaires et aux march&eacute;s. Une charte d&eacute;di&eacute;e fixe sa composition, ses pouvoirs, ses missions, ses attributions et ses r&egrave;gles de fonctionnement. Les travaux de ce comit&eacute; sont pr&eacute;sent&eacute;s au Conseil d&rsquo;Administration.</p>\r\n</div>\r\n','<div class=\"vision none_back\">\r\n<h2>Les Assembl&eacute;es G&eacute;n&eacute;rales</h2>\r\n\r\n<p>Les d&eacute;cisions collectives des actionnaires sont prises en assembl&eacute;es g&eacute;n&eacute;rales dont les d&eacute;lib&eacute;rations obligent tous les actionnaires.<br />\r\nSelon l&rsquo;objet des r&eacute;solutions propos&eacute;es, les assembl&eacute;es g&eacute;n&eacute;rales peuvent &ecirc;tre ordinaires, extraordinaires ou mixtes.</p>\r\n\r\n<h2>Le Comit&eacute; d&#39;audit</h2>\r\n\r\n<p>Le Comit&eacute; d&#39;audit se tient au minimum 2 fois par an. Il aide le Conseil d&#39;Administration &agrave; veiller &agrave; l&#39;exactitude et &agrave; la sinc&eacute;rit&eacute; des comptes sociaux de la SOREC ainsi qu&rsquo;&agrave; la qualit&eacute; du contr&ocirc;le interne et de l&rsquo;information d&eacute;livr&eacute;e aux actionnaires et aux march&eacute;s. Une charte d&eacute;di&eacute;e fixe sa composition, ses pouvoirs, ses missions, ses attributions et ses r&egrave;gles de fonctionnement. Les travaux de ce comit&eacute; sont pr&eacute;sent&eacute;s au Conseil d&rsquo;Administration.</p>\r\n</div>\r\n','<div class=\"vision none_back\" dir=\"rtl\">\r\n<h2 class=\"block bottom10\">الجموعات العامة :</h2>\r\n\r\n<p>تُتخذ القرارات الجماعية للمساهمين في إطار الجموعات العامة التي تعتبر مداولاتها ملزمة لجميع المساهمين. ويمكن للجموع العامة أن تكون إما عادية أو استثنائية أو مختلطة.</p>\r\n\r\n<h2 class=\"block top30 bottom10\">لجنة الافتحاص</h2>\r\n\r\n<p>تجتمع لجنة الافتحاص مرتين على الأقل في السنة. وتساعد مجلس الإدارة في التأكد من صحة وصلاحية الحسابات الاجتماعية للشركة الملكية لتشجيع الفرس، وكذا في ضمان جودة المراقبة الداخلية والمعلومة المسلمة للمساهمين والأسواق. وتعمل اللجنة بموجب ميثاق خاص لهذا الغرض يحدد تشكيلتها والسلط المخولة لها والمهام المنوطة بها وصلاحياتها وقواعد اشتغالها. وتُقدم أشغال اللجنة لمجلس الإدارة.</p>\r\n</div>\r\n','<h2 class=\"block bottom20\">Composition du Comit&eacute; d&#39;audit :</h2>\r\n\r\n<ul>\r\n	<li>Pr&eacute;sident :</li>\r\n	<li class=\"left30\">- Chef de la Division de l&rsquo;agriculture de l&rsquo;agro-industrie et de l&rsquo;industrie au Minist&egrave;re de l&rsquo;Economie et des Finances</li>\r\n	<li>Autres membres :</li>\r\n	<li class=\"left30\">- Directeur financier du Minist&egrave;re de l&rsquo;Agriculture et de la P&ecirc;che Maritime</li>\r\n	<li class=\"left30\">- Chef de la Division du secteur agricole et de la compensation au Minist&egrave;re de l&rsquo;Economie et des Finances</li>\r\n	<li class=\"left30\">- Commissaire de Gouvernement de la SOREC</li>\r\n</ul>\r\n','<h2 class=\"block bottom20\">Composition du Comit&eacute; d&#39;audit :</h2>\r\n\r\n<ul>\r\n	<li>Pr&eacute;sident :</li>\r\n	<li class=\"left30\">- Chef de la Division de l&rsquo;agriculture de l&rsquo;agro-industrie et de l&rsquo;industrie au Minist&egrave;re de l&rsquo;Economie et des Finances</li>\r\n	<li>Autres membres :</li>\r\n	<li class=\"left30\">- Directeur financier du Minist&egrave;re de l&rsquo;Agriculture et de la P&ecirc;che Maritime</li>\r\n	<li class=\"left30\">- Chef de la Division du secteur agricole et de la compensation au Minist&egrave;re de l&rsquo;Economie et des Finances</li>\r\n	<li class=\"left30\">- Commissaire de Gouvernement de la SOREC</li>\r\n</ul>\r\n','<div class=\"vision_mobile\" dir=\"rtl\">\r\n<div class=\"vision bottom20\">\r\n<h2 class=\"block bottom5\">تشكيلة لجنة الافتحاص :</h2>\r\n\r\n<ul>\r\n	<li>الرئيس :</li>\r\n	<li class=\"right30\">- رئيس قسم الفلاحة والصناعة الغذائية والصناعة بوزارة الاقتصاد والمالية.</li>\r\n	<li>الأعضاء الآخرون :</li>\r\n	<li class=\"right30\">- المدير المالي لوزارة الفلاحة والصيد البحري</li>\r\n	<li class=\"right30\">- رئيس قسم القطاع الفلاحي والمقاصة بوزارة الاقتصاد والمالية</li>\r\n	<li class=\"right30\">- فوض التدبير بالشركة الملكية لتشجيع الفرس</li>\r\n</ul>\r\n</div>\r\n</div>\r\n',1);

--
-- Table structure for table `entreprise_historique_et_mission`
--

CREATE TABLE `entreprise_historique_et_mission` (
  `id` int(11) NOT NULL AUTO_INCREMENT,
  `titre` varchar(350) DEFAULT NULL,
  `titre_fr` varchar(350) DEFAULT NULL,
  `titre_ar` varchar(350) DEFAULT NULL,
  `contenu` longtext,
  `contenu_fr` longtext,
  `contenu_ar` longtext,
  `photo1` varchar(100) DEFAULT NULL,
  `photo1_ar` varchar(100) DEFAULT NULL,
  `photo2` varchar(100) DEFAULT NULL,
  `photo3` varchar(100) DEFAULT NULL,
  `photo4` varchar(100) DEFAULT NULL,
  `photo5` varchar(100) DEFAULT NULL,
  `lien` varchar(100) DEFAULT NULL,
  PRIMARY KEY (`id`)
) ENGINE=InnoDB AUTO_INCREMENT=2 DEFAULT CHARSET=utf8;

--
-- Dumping data for table `entreprise_historique_et_mission`
--

INSERT INTO `entreprise_historique_et_mission` VALUES (1,'Historique et Missions ','Historique et Missions ','تاريخ و مهمات','<h1>Missions de la SOREC</h1>\r\n\r\n<p class=\"top5\">Cr&eacute;&eacute;e en 2003, la SOREC, Soci&eacute;t&eacute; Royale d&rsquo;Encouragement du Cheval, est entreprise publique sous tutelle du Minist&egrave;re de l&rsquo;Agriculture et de la P&ecirc;che Maritime. Ses missions sont les suivantes :</p>\r\n\r\n<ul class=\"top15 left40\">\r\n	<li>L&rsquo;encadrement de l&rsquo;&eacute;levage et l&rsquo;am&eacute;lioration de la race chevaline, dans les haras nationaux.</li>\r\n	<li>L&rsquo;organisation des courses hippiques, dans les hippodromes.</li>\r\n	<li>La gestion des jeux hippiques.</li>\r\n	<li>La r&eacute;alisation et l&rsquo;exploitation des infrastructures hippiques.</li>\r\n</ul>\r\n\r\n<p class=\"top20\">La SOREC est devenue l&rsquo;acteur principal de la fili&egrave;re &eacute;quine. Son action se r&eacute;partit tout le long des &eacute;tapes de vie du cheval, de la naissance &agrave; l&rsquo;utilisation.</p>\r\n','<h1>Missions de la SOREC</h1>\r\n\r\n<p class=\"top5\">Cr&eacute;&eacute;e en 2003, la SOREC, Soci&eacute;t&eacute; Royale d&rsquo;Encouragement du Cheval, est entreprise publique sous tutelle du Minist&egrave;re de l&rsquo;Agriculture et de la P&ecirc;che Maritime. Ses missions sont les suivantes :</p>\r\n\r\n<ul class=\"top15 left40\">\r\n	<li>L&rsquo;encadrement de l&rsquo;&eacute;levage et l&rsquo;am&eacute;lioration de la race chevaline, dans les haras nationaux.</li>\r\n	<li>L&rsquo;organisation des courses hippiques, dans les hippodromes.</li>\r\n	<li>La gestion des jeux hippiques.</li>\r\n	<li>La r&eacute;alisation et l&rsquo;exploitation des infrastructures hippiques.</li>\r\n</ul>\r\n\r\n<p class=\"top20\">La SOREC est devenue l&rsquo;acteur principal de la fili&egrave;re &eacute;quine. Son action se r&eacute;partit tout le long des &eacute;tapes de vie du cheval, de la naissance &agrave; l&rsquo;utilisation.</p>\r\n','<h1>مهام الشركة الملكية لتشجيع الفرس</h1>\r\n\r\n<p>تأسست الشركة الملكية لتشجيع الفرس في العام 2003، وهي مقاولة عمومية تابعة لوزارة الفلاحة والصيد البحري. وتتجلى مهماتها في ما يلي :</p>\r\n\r\n<p>&nbsp;</p>\r\n\r\n<ul>\r\n	<li>تأطير تربية الخيول وتحسين سلالاتها في المرابط الوطنية</li>\r\n	<li>تنظيم سباقات الخيول في المضاميروالحلبات الخاصة،</li>\r\n	<li>تدبيرالرهان،</li>\r\n	<li>انجاز واستغلال البنيات المتعلقة بتنمية وتشجيع مجال الخيول والفروسية.</li>\r\n</ul>\r\n\r\n<p>&nbsp;</p>\r\n\r\n<p>وقد نجحت الشركة الملكية لتشجيع الفرس في أن تصبح الفاعل الأساسي في قطاع تربية الخيول. ويتوزع عملها المهني على جميع مراحل حياة الفرس منذ الولادة إلى الاستعمال.</p>\r\n','./timeline_UYYSadd.png','./600X414_VF_1.jpg','./histo_1.jpg','./histo_2.jpg','./histo_3_XMCvObA.jpg','./histo_4.jpg','./Depliant_instit_SOREC_amGJqN6.pdf');

--
-- Table structure for table `entreprise_mot_du_president`
--

CREATE TABLE `entreprise_mot_du_president` (
  `id` int(11) NOT NULL AUTO_INCREMENT,
  `titre` varchar(350) DEFAULT NULL,
  `titre_fr` varchar(350) DEFAULT NULL,
  `titre_ar` varchar(350) DEFAULT NULL,
  `contenu` longtext,
  `contenu_fr` longtext,
  `contenu_ar` longtext,
  `photo` varchar(100) DEFAULT NULL,
  `legende_photo` varchar(350) DEFAULT NULL,
  `legende_photo_fr` varchar(350) DEFAULT NULL,
  `legende_photo_ar` varchar(350) DEFAULT NULL,
  `legende_photo_2` varchar(350) DEFAULT NULL,
  `legende_photo_2_fr` varchar(350) DEFAULT NULL,
  `legende_photo_2_ar` varchar(350) DEFAULT NULL,
  PRIMARY KEY (`id`)
) ENGINE=InnoDB AUTO_INCREMENT=2 DEFAULT CHARSET=utf8;

--
-- Dumping data for table `entreprise_mot_du_president`
--

INSERT INTO `entreprise_mot_du_president` VALUES (1,'Mot du Directeur ','Mot du Directeur ','كلمة المدير','<p>Le cheval occupe une place particuli&egrave;re dans le c&oelig;ur des Marocains. Il est mis en avant lors des f&ecirc;tes et des c&eacute;r&eacute;monies et il a une port&eacute;e spirituelle ancestrale.</p>\r\n\r\n<p>Au fil du temps, les Marocains ont su entretenir et d&eacute;velopper leur attachement au cheval. C&rsquo;est par la Tbourida que s&rsquo;est d&rsquo;abord manifest&eacute;e leur affection pour le cheval. Tr&egrave;s vite, ils se sont passionn&eacute;s pour les courses hippiques et ont vibr&eacute; au rythme des sports &eacute;questres. Aujourd&rsquo;hui, ils s&rsquo;&eacute;merveillent devant les arts du dressage et de la voltige.</p>\r\n\r\n<p>Cr&eacute;&eacute;e en 2003 et plac&eacute;e sous la tutelle de Minist&egrave;re de l&rsquo;Agriculture et de la P&ecirc;che Maritime, la SOREC, Soci&eacute;t&eacute; Royale d&rsquo;Encouragement du Cheval, a pour raison d&rsquo;&ecirc;tre de faire vivre le monde du cheval et de rendre les Marocains fiers de leur patrimoine &eacute;quin.</p>\r\n\r\n<p>Les femmes et les hommes de la SOREC &oelig;uvrent, chaque jour, au plus pr&egrave;s des professionnels, pour satisfaire leurs besoins et pour valoriser le patrimoine cheval marocain aupr&egrave;s du grand public national et international.</p>\r\n\r\n<p>Ce site web permettra &agrave; tous de s&rsquo;informer sur les activit&eacute;s et les &eacute;v&eacute;nements de la SOREC et du monde du cheval, en g&eacute;n&eacute;ral. Notre objectif n&rsquo;est autre que de faire grandir cette fili&egrave;re et de faire d&eacute;couvrir ce passionnant univers au plus grand nombre.</p>\r\n\r\n<p>Par ce site, chacun pourra rapidement mettre le pied &agrave; l&rsquo;&eacute;trier. Belle visite &agrave; tous !</p>\r\n','<p>Le cheval occupe une place particuli&egrave;re dans le c&oelig;ur des Marocains. Il est mis en avant lors des f&ecirc;tes et des c&eacute;r&eacute;monies et il a une port&eacute;e spirituelle ancestrale.</p>\r\n\r\n<p>Au fil du temps, les Marocains ont su entretenir et d&eacute;velopper leur attachement au cheval. C&rsquo;est par la Tbourida que s&rsquo;est d&rsquo;abord manifest&eacute;e leur affection pour le cheval. Tr&egrave;s vite, ils se sont passionn&eacute;s pour les courses hippiques et ont vibr&eacute; au rythme des sports &eacute;questres. Aujourd&rsquo;hui, ils s&rsquo;&eacute;merveillent devant les arts du dressage et de la voltige.</p>\r\n\r\n<p>Cr&eacute;&eacute;e en 2003 et plac&eacute;e sous la tutelle de Minist&egrave;re de l&rsquo;Agriculture et de la P&ecirc;che Maritime, la SOREC, Soci&eacute;t&eacute; Royale d&rsquo;Encouragement du Cheval, a pour raison d&rsquo;&ecirc;tre de faire vivre le monde du cheval et de rendre les Marocains fiers de leur patrimoine &eacute;quin.</p>\r\n\r\n<p>Les femmes et les hommes de la SOREC &oelig;uvrent, chaque jour, au plus pr&egrave;s des professionnels, pour satisfaire leurs besoins et pour valoriser le patrimoine cheval marocain aupr&egrave;s du grand public national et international.</p>\r\n\r\n<p>Ce site web permettra &agrave; tous de s&rsquo;informer sur les activit&eacute;s et les &eacute;v&eacute;nements de la SOREC et du monde du cheval, en g&eacute;n&eacute;ral. Notre objectif n&rsquo;est autre que de faire grandir cette fili&egrave;re et de faire d&eacute;couvrir ce passionnant univers au plus grand nombre.</p>\r\n\r\n<p>Par ce site, chacun pourra rapidement mettre le pied &agrave; l&rsquo;&eacute;trier. Belle visite &agrave; tous !</p>\r\n','<p>&nbsp;الفرس يحتل مكانة خاصة في قلوب المغاربة من حيث حضوره بشكل بارز في الأعياد وفي الحفلات، ومن حيث حمولته الرمزية والروحية العريقة التي يكتسيها في المغرب</p>\r\n\r\n<p>وعلى امتداد الزمن، برع المغاربة في التعامل مع الفرس وعرفوا كيف يطورون تعلقهم به، وقد تبلور هذا الارتباط الوثيق، من خلال التبوريدة كممارسة شعبية متميزة، والذي سرعان ما تحول الى اهتمامات أخرى متوازية كتنظيم السباقات ورياضات الفروسية بأنواعها. واليوم، بات المغاربة يستحسنون فنونا أخرى كالترويض وألعاب الفروسية.</p>\r\n\r\n<p>في هذا الاطار، ومنذ تأسيسها سنة 2003، تعمل الشركة الملكية لتشجيع الفرس، جاهدة تحت وصاية وزارة الفلاحة والصيد البحري، على انعاش عالم الفرس وتكريس الافتخار بهذا الارث العريق لدى المغاربة.</p>\r\n\r\n<p>ولهذا، يعمل نساء ورجال الشركة الملكية لتشجيع الفرس، جنبا الى جنب مع المهنيين لتلبية مطالبهم وتأطيرهم وكذا تثمين الفرس المغربي كثرات لدى العموم داخل الوطن وخارجه.</p>\r\n\r\n<p>سيمكن هذا الموقع الالكتروني زواره من الوقوف على جميع أنشطة وتظاهرات هذه المؤسسة بشكل خاص وعلى عالم الفرس بشكل عام. تنمية قطاع تربية الخيول واكتشاف هذا العالم الشيق من طرف العموم، هو هدفنا الأسمى.</p>\r\n\r\n<p>بإمكان كل واحد منا، اذا، أن يمتطي صهوة جواده ويجول في هذا الموقع. زيارة ممتعة أتمناها لكم.</p>\r\n','./dg_byQheFP.jpg','Omar Skalli','Omar Skalli','عمر الصقلي',' Directeur Général de la SOREC',' Directeur Général de la SOREC','المدير العام للشركة الملكية لتشجيع الفرس');

--
-- Table structure for table `entreprise_partenaire`
--

CREATE TABLE `entreprise_partenaire` (
  `id` int(11) NOT NULL AUTO_INCREMENT,
  `logo` varchar(100) NOT NULL,
  `description` longtext NOT NULL,
  `description_fr` longtext,
  `description_ar` longtext,
  `url` varchar(200) NOT NULL,
  `ordre` int(11) NOT NULL,
  `categorie_id` int(11) NOT NULL,
  PRIMARY KEY (`id`),
  KEY `cc32c74601e768242d2eeb28ede8d8a6` (`categorie_id`),
  CONSTRAINT `cc32c74601e768242d2eeb28ede8d8a6` FOREIGN KEY (`categorie_id`) REFERENCES `entreprise_categorie_partenaire` (`id`)
) ENGINE=InnoDB AUTO_INCREMENT=14 DEFAULT CHARSET=utf8;

--
-- Dumping data for table `entreprise_partenaire`
--

INSERT INTO `entreprise_partenaire` VALUES (1,'logo/Sans-titre-1.jpg','<p>Equidia Tout sur le cheval : concours hippiques, conseils v&eacute;t&eacute;rinaires et films consacr&eacute;s &agrave; l&#39;univers du meilleur ami de l&#39;homme.</p>\r\n','<p>Equidia Tout sur le cheval : concours hippiques, conseils v&eacute;t&eacute;rinaires et films consacr&eacute;s &agrave; l&#39;univers du meilleur ami de l&#39;homme.</p>\r\n','<p><strong>إيكيديا&nbsp;</strong>:&nbsp;عرفة كل شيء عن الفرس: مسابقات، نصائح بيطرية وأشرطة مخصصة لعالم الفرس، الصديق الأمثل للإنسان.</p>\r\n','http://www.equidia.fr/',1,1),(2,'logo/parif.jpg','<p>Paris Turf Actualit&eacute;s des courses PMU et Turf</p>\r\n','<p>Paris Turf Actualit&eacute;s des courses PMU et Turf</p>\r\n','<p>- <strong>باريس تورف&nbsp;</strong>: أنشطة السباقات PMU و TURF</p>\r\n','http://www.paris-turf.com/',1,1),(3,'logo/course.jpg','<p>Paris Courses Pronostics, r&eacute;sultats et rapports des courses PMU</p>\r\n','<p>Paris Courses Pronostics, r&eacute;sultats et rapports des courses PMU</p>\r\n','<p><strong>Paris Courses</strong> pronostics : نتائج وتقارير سباقات PMU</p>\r\n','http://www.paris-courses.com/',1,1),(4,'logo/mars.jpg','<p>Radio Mars Sport and music</p>\r\n','<p>Radio Mars Sport and music</p>\r\n','<p>- <strong>راديو مارس</strong> رياضة وموسيقى</p>\r\n','http://www.radiomars.ma/ar/',1,1),(5,'logo/1_DBbnQ0f.png','<p>L&rsquo;IFHA (International Federation of Horseracing Authorities) Organisme qui regroupe l&rsquo;ensemble des autorit&eacute;s nationales de r&eacute;gulation des courses hippiques, et qui publie chaque ann&eacute;e le classement mondial des meilleurs chevaux de course.</p>\r\n','<p>L&rsquo;IFHA (International Federation of Horseracing Authorities) Organisme qui regroupe l&rsquo;ensemble des autorit&eacute;s nationales de r&eacute;gulation des courses hippiques, et qui publie chaque ann&eacute;e le classement mondial des meilleurs chevaux de course.</p>\r\n','<p><strong>International Federation of Horseracing Authorities IFHA</strong></p>\r\n\r\n<p>هيئة تشمل كافة السلطات المحلية المعنية بتنظيم سباقات الخيل، والتي تسهر على تنظيم ونشر الترتيب السنوي العالمي لأفضل خيول السباق..</p>\r\n','http://www.horseracingintfed.com/',1,2),(6,'./IFAHR.gif','<p>L&rsquo;IFAHR (International Federation of Arabian Horse Racing Authorities) Association qui regroupe 18 pays et dont l&rsquo;objectif est d&rsquo;am&eacute;liorer la vitesse, l&rsquo;endurance, la solidit&eacute; et le temp&eacute;rament du cheval Arabe pour la course.</p>\r\n','<p>L&rsquo;IFAHR (International Federation of Arabian Horse Racing Authorities) Association qui regroupe 18 pays et dont l&rsquo;objectif est d&rsquo;am&eacute;liorer la vitesse, l&rsquo;endurance, la solidit&eacute; et le temp&eacute;rament du cheval Arabe pour la course.</p>\r\n','<p><strong>InternationalFederation of Arabian Horse Racing Authorities&nbsp;IFHAR</strong></p>\r\n\r\n<p>جمعية ينضوي تحتها 18 بلدا تعمل من أجل تحسين سرعة فرس السباق العربي والرفع من قدرته على التحمل وصلابته وتحسين شخصيته.</p>\r\n','http://www.ifahr.net/',1,2),(7,'logo/3.jpg','<p>Le WAHO (World Arabian Horse Organisation) Organisation qui regroupe 67 Stud-books nationaux et dont l&rsquo;objectif est de donner une d&eacute;finition mondiale du Pur-sang Arabe, de coordonner les stud-books agr&eacute;&eacute;s et de promouvoir l&rsquo;&eacute;levage de cette race.</p>\r\n','<p>Le WAHO (World Arabian Horse Organisation) Organisation qui regroupe 67 Stud-books nationaux et dont l&rsquo;objectif est de donner une d&eacute;finition mondiale du Pur-sang Arabe, de coordonner les stud-books agr&eacute;&eacute;s et de promouvoir l&rsquo;&eacute;levage de cette race.</p>\r\n','<p><strong>World Arabian Horse Organisation&nbsp;WAHO</strong></p>\r\n\r\n<p><strong>): </strong>منظمة تشمل 67 سجلا وطنيا للخيل، وتهدف إلى &nbsp;صياغة تعريف دولي للسلالة العربية العريقة والتنسيق فيما بين السجلات الوطنية للخيل المعتمدة وتشجيع تربية هذه السلالة.</p>\r\n','http://waho.org/index.html',4,2),(8,'logo/poulain_barbe_arabe.jpg','<p>L&#39;OMCB (Organisation Mondiale du Cheval Barbe) Organisation qui d&eacute;finit le standard du cheval Barbe, favorise les &eacute;changes internationaux et participe &agrave; sa promotion et &agrave; sa sauvegarde. Le Maroc est membre fondateur.</p>\r\n','<p>L&#39;OMCB (Organisation Mondiale du Cheval Barbe) Organisation qui d&eacute;finit le standard du cheval Barbe, favorise les &eacute;changes internationaux et participe &agrave; sa promotion et &agrave; sa sauvegarde. Le Maroc est membre fondateur.</p>\r\n','<p><strong>&nbsp;المنظمة العالمية للحصان البربري&nbsp;OMCB</strong></p>\r\n\r\n<p><span dir=\"RTL\">منظمة تتولى التعريف بخاصيات االفرس البربري، وتشجيع التبادلات الدولية في هذا المجال وتشارك في تشجيع وحفظ هذه السلالة.</span></p>\r\n','http://www.abcb.be/html/o_m_c_b_.html',5,2),(9,'logo/xs0fxgas.jpg','<p>L&rsquo;EMHF (European and Mediterranean Horseracing Federation) F&eacute;d&eacute;ration qui coordonne la promotion des courses de chevaux de Purs-Sangs dans la r&eacute;gion et qui d&eacute;veloppe les relations entre les organisations responsables de la gestion de ce sport. L&rsquo;EMHF fait partie de la F&eacute;d&eacute;ration Internationale des Autorit&eacute;s Hippiques.</p>\r\n','<p>L&rsquo;EMHF (European and Mediterranean Horseracing Federation) F&eacute;d&eacute;ration qui coordonne la promotion des courses de chevaux de Purs-Sangs dans la r&eacute;gion et qui d&eacute;veloppe les relations entre les organisations responsables de la gestion de ce sport. L&rsquo;EMHF fait partie de la F&eacute;d&eacute;ration Internationale des Autorit&eacute;s Hippiques.</p>\r\n','<p><strong>European and Mediterranean Horseracing Federation&nbsp;EMHF</strong></p>\r\n\r\n<p><span dir=\"RTL\">فيدرالية تسهر على تنسيق تشجيع سباقات الفرس من السلالات العريقة في المنطقة وتعمل على تطوير العلاقات بين المنظمات المسؤولة عن تدبير هذه الرياضة. وتعتبر هذه المنظمة عضوا في الفيدرالية الدولية للسلطات الوصية على الفرس.</span></p>\r\n','http://www.euromedracing.eu/',6,2),(10,'./Capture.PNG','<p>L&#39;UHM (L&rsquo;Union Hippique de la M&eacute;diterran&eacute;e) Union qui regroupe les soci&eacute;t&eacute;s de courses et les f&eacute;d&eacute;rations hippiques des pays qui bordent la mer m&eacute;diterran&eacute;e et la mer noire. Elle s&rsquo;occupe, notamment, de l&rsquo;organisation des &eacute;v&eacute;nements hippiques internationaux de Trot et de Galop dans les pays adh&eacute;rents &agrave; l&rsquo;Union, d&rsquo;&eacute;tablir les calendriers et les r&egrave;glements et de promouvoir les courses hippiques.</p>\r\n','<p>L&#39;UHM (L&rsquo;Union Hippique de la M&eacute;diterran&eacute;e) Union qui regroupe les soci&eacute;t&eacute;s de courses et les f&eacute;d&eacute;rations hippiques des pays qui bordent la mer m&eacute;diterran&eacute;e et la mer noire. Elle s&rsquo;occupe, notamment, de l&rsquo;organisation des &eacute;v&eacute;nements hippiques internationaux de Trot et de Galop dans les pays adh&eacute;rents &agrave; l&rsquo;Union, d&rsquo;&eacute;tablir les calendriers et les r&egrave;glements et de promouvoir les courses hippiques.</p>\r\n','<p><strong><span dir=\"RTL\">&nbsp;UHM&nbsp;</span></strong><strong><span dir=\"RTL\">الاتحاد المتوسطي للفروسية</span></strong></p>\r\n\r\n<p><span dir=\"RTL\">يجمع الشركات المهتمة بتنظيم السباقات وفيدراليات مسابقات الفرس في البلدان المنتمية لحوض البحر الأبيض المتوسط والبحر الأسود. ويهتم، خاصة، بتنظيم التظاهرات المتعلقة بسباقات الخيل الدولية في تخصص الخبب والركض بالبلدان المنخرطة في الاتحاد، وكذا ببرمجة الملتقيات ووضع القوانين وتشجيع سباقات الفرس.</span></p>\r\n','http://www.medunion.org/medunion/unioneippicadelmediterraneo/org_fr.html',3,2),(11,'logo/Derby_logo.png','<p>Derby : La passion du Sport et du Cheval</p>\r\n','<p>Derby : La passion du Sport et du Cheval</p>\r\n','<p><strong>ديربي&nbsp;</strong>: شغف الرياضة والفرس</p>\r\n','https://www.facebook.com/derbyhippique',1,1),(12,'logo/2.PNG','<p>L&rsquo;EPMA Les membres de l&rsquo;EPMA exercent leurs activit&eacute;s dans 10 Etats europ&eacute;ens, au sein desquels ils sont traditionnellement impliqu&eacute;s dans le d&eacute;veloppement des courses hippiques et l&rsquo;&eacute;levage &eacute;quin (Finlande, France, Allemagne, Espagne, Belgique, Irlande, Norv&egrave;ge, Su&egrave;de, Suisse et Royaume-Uni). Leur objectif est de d&eacute;fendre collectivement l&rsquo;&eacute;mergence d&rsquo;un cadre r&eacute;glementaire efficace au service de la promotion du secteur &eacute;quin et de la protection des consommateurs.</p>\r\n','<p>L&rsquo;EPMA Les membres de l&rsquo;EPMA exercent leurs activit&eacute;s dans 10 Etats europ&eacute;ens, au sein desquels ils sont traditionnellement impliqu&eacute;s dans le d&eacute;veloppement des courses hippiques et l&rsquo;&eacute;levage &eacute;quin (Finlande, France, Allemagne, Espagne, Belgique, Irlande, Norv&egrave;ge, Su&egrave;de, Suisse et Royaume-Uni). Leur objectif est de d&eacute;fendre collectivement l&rsquo;&eacute;mergence d&rsquo;un cadre r&eacute;glementaire efficace au service de la promotion du secteur &eacute;quin et de la protection des consommateurs.</p>\r\n','<p><strong><span dir=\"LTR\">Pari Mutuel Europe EPMA</span></strong></p>\r\n\r\n<p><strong><span dir=\"LTR\">&nbsp;</span></strong>أعضاء التكتل يعملون على تطوير قطاع تربية الخيول والسباقات ويمثلون عشر بلدان أوروبية (فيلندا، فرنسا، ألمانيا، اسبانيا، بلجيكا، ايرلاندا، النرويج، السويد، سويسرا والمملكة المتحدة). هدفهم المشترك هو الدفاع على بلورة اطار تنظيمي فعال يمكن من تطوير قطاع الخيول وحماية المستهلكين.</p>\r\n','http://www.parimutuel-europe.org/',1,2);

--
-- Table structure for table `entreprise_vision_strategique`
--

CREATE TABLE `entreprise_vision_strategique` (
  `id` int(11) NOT NULL AUTO_INCREMENT,
  `titre` varchar(350) DEFAULT NULL,
  `titre_fr` varchar(350) DEFAULT NULL,
  `titre_ar` varchar(350) DEFAULT NULL,
  `photo` varchar(100) DEFAULT NULL,
  `contenu` longtext,
  `contenu_fr` longtext,
  `contenu_ar` longtext,
  `contenu2` longtext,
  `contenu2_fr` longtext,
  `contenu2_ar` longtext,
  `photo_contenu2` varchar(100) DEFAULT NULL,
  `contenu3` longtext,
  `contenu3_fr` longtext,
  `contenu3_ar` longtext,
  `contenu4` longtext,
  `contenu4_fr` longtext,
  `contenu4_ar` longtext,
  PRIMARY KEY (`id`)
) ENGINE=InnoDB AUTO_INCREMENT=2 DEFAULT CHARSET=utf8;

--
-- Dumping data for table `entreprise_vision_strategique`
--

INSERT INTO `entreprise_vision_strategique` VALUES (1,'Vision stratégique','Vision stratégique',' الرؤية الاستراتيجية','./vision_WrGflOR.jpg','<div class=\"vision none_back\">\r\n<p class=\"title-sub\">Sous l&rsquo;&eacute;gide du Minist&egrave;re de l&rsquo;Agriculture et de la P&ecirc;che Maritime, une Strat&eacute;gie Nationale pour la Fili&egrave;re Equine a &eacute;t&eacute; annonc&eacute;e, en octobre 2011, en marge du <a class=\"gold bold\" href=\"http://www.sorec.ma/fr/salon_du_cheval/\" title=\"Salon du Cheval d\'El Jadida\">Salon du Cheval</a> d&rsquo;El Jadida.</p>\r\n\r\n<p>L&rsquo;ambition principale est de mettre en valeur le patrimoine cheval marocain et de faire de la fili&egrave;re un levier de d&eacute;veloppement &eacute;conomique et social.</p>\r\n\r\n<p>La mise en &oelig;uvre de cette Strat&eacute;gie a &eacute;t&eacute; confi&eacute;e &agrave; la SOREC, qui se positionne de plus en plus comme l&rsquo;acteur moteur de la fili&egrave;re &eacute;quine. D&rsquo;autres acteurs cl&eacute;s de l&rsquo;&eacute;cosyst&egrave;me cheval contribuent activement &agrave; la r&eacute;ussite de cette ambition.</p>\r\n</div>\r\n','<div class=\"vision none_back\">\r\n<p class=\"title-sub\">Sous l&rsquo;&eacute;gide du Minist&egrave;re de l&rsquo;Agriculture et de la P&ecirc;che Maritime, une Strat&eacute;gie Nationale pour la Fili&egrave;re Equine a &eacute;t&eacute; annonc&eacute;e, en octobre 2011, en marge du <a class=\"gold bold\" href=\"http://www.sorec.ma/fr/salon_du_cheval/\" title=\"Salon du Cheval d\'El Jadida\">Salon du Cheval</a> d&rsquo;El Jadida.</p>\r\n\r\n<p>L&rsquo;ambition principale est de mettre en valeur le patrimoine cheval marocain et de faire de la fili&egrave;re un levier de d&eacute;veloppement &eacute;conomique et social.</p>\r\n\r\n<p>La mise en &oelig;uvre de cette Strat&eacute;gie a &eacute;t&eacute; confi&eacute;e &agrave; la SOREC, qui se positionne de plus en plus comme l&rsquo;acteur moteur de la fili&egrave;re &eacute;quine. D&rsquo;autres acteurs cl&eacute;s de l&rsquo;&eacute;cosyst&egrave;me cheval contribuent activement &agrave; la r&eacute;ussite de cette ambition.</p>\r\n</div>\r\n','<p class=\"title-sub\">تحت إشراف وزارة الفلاحة والصيد البحري، تم الإعلان، في شهر أكتوبر 2011، عن استراتيجية وطنية لقطاع تربية الخيول، وذلك على هامش&nbsp;<a href=\"http://sorec.ma/ar/salon_du_cheval/\" title=\"Salon du Cheval d\'El Jadida\">معرض الفرس&nbsp;</a>بمدينة الجديدة.</p>\r\n\r\n<p dir=\"rtl\">إذ عُهد للشركة الملكية لتشجيع الفرس بتنفيذ هذه الاستراتيجية الطموحة، فإن الشركة ما فتئت تتحول إلى فاعل محرك لمسلك تربية الخيول إلى جانب فاعلين أساسيين آخرين يجتهدون في&nbsp;تأهيل النظام البيئي للفرس، والذين يسهمون في نجاح هذا الطموح وتجسيده على أرض الواقع</p>\r\n','<h2>Principaux objectifs de la Strat&eacute;gie nationale de la fili&egrave;re &eacute;quine :</h2>\r\n\r\n<ul>\r\n	<li>- D&eacute;mocratiser l&rsquo;acc&egrave;s au cheval</li>\r\n	<li>- Professionnaliser et responsabiliser les acteurs priv&eacute;s</li>\r\n	<li>- Enrichir l&rsquo;offre d&rsquo;&eacute;v&eacute;nements &eacute;questres</li>\r\n	<li>- Pr&eacute;server la population &eacute;quine</li>\r\n</ul>\r\n','<h2>Principaux objectifs de la Strat&eacute;gie nationale de la fili&egrave;re &eacute;quine :</h2>\r\n\r\n<ul>\r\n	<li>- D&eacute;mocratiser l&rsquo;acc&egrave;s au cheval</li>\r\n	<li>- Professionnaliser et responsabiliser les acteurs priv&eacute;s</li>\r\n	<li>- Enrichir l&rsquo;offre d&rsquo;&eacute;v&eacute;nements &eacute;questres</li>\r\n	<li>- Pr&eacute;server la population &eacute;quine</li>\r\n</ul>\r\n','<h2>وتتمثل أهم الأهداف المسطرة في الاستراتيجية الوطنية لمسلك تربية الخيول في ما يلي :</h2>\r\n\r\n<ul>\r\n	<li>- تشجيع الجمهور العريض على الانفتاح على الفرس</li>\r\n	<li>- العمل على تطوير المهنية والمسؤولية لدى الفاعلين الخواص</li>\r\n	<li>- إثراء العروض المتعلقة بالفروسية</li>\r\n	<li>- المحافظة على الرصيد الوطني في مجال الفرس</li>\r\n</ul>\r\n','./gouv_gpOo4yM.JPG','<h2 class=\"block top30 bottom10 anfa_left\">&nbsp;</h2>\r\n\r\n<h2 class=\"block top30 bottom10 anfa_left\">Axes de d&eacute;veloppement d&eacute;finis pour atteindre ces objectifs :</h2>\r\n\r\n<ul>\r\n	<li>- Le d&eacute;veloppement des utilisations du cheval :</li>\r\n	<li class=\"left45\">- Les arts &eacute;questres anciens et populaires : Tbourida</li>\r\n	<li class=\"left45\">- Les sports &eacute;questres (saut d&rsquo;obstacle, endurance, trek, etc)</li>\r\n	<li class=\"left45\">- Les arts &eacute;questres modernes : dressage, voltige libert&eacute;</li>\r\n	<li class=\"left45\">- Le tourisme &eacute;questre</li>\r\n	<li class=\"left45\">- L&rsquo;&eacute;quith&eacute;rapie</li>\r\n	<li>- Le d&eacute;veloppement des courses hippiques marocaines</li>\r\n	<li>- La sauvegarde et la promotion du cheval Barbe, embl&egrave;me &eacute;quin du Maroc</li>\r\n</ul>\r\n','<h2 class=\"block top30 bottom10 anfa_left\">&nbsp;</h2>\r\n\r\n<h2 class=\"block top30 bottom10 anfa_left\">Axes de d&eacute;veloppement d&eacute;finis pour atteindre ces objectifs :</h2>\r\n\r\n<ul>\r\n	<li>- Le d&eacute;veloppement des utilisations du cheval :</li>\r\n	<li class=\"left45\">- Les arts &eacute;questres anciens et populaires : Tbourida</li>\r\n	<li class=\"left45\">- Les sports &eacute;questres (saut d&rsquo;obstacle, endurance, trek, etc)</li>\r\n	<li class=\"left45\">- Les arts &eacute;questres modernes : dressage, voltige libert&eacute;</li>\r\n	<li class=\"left45\">- Le tourisme &eacute;questre</li>\r\n	<li class=\"left45\">- L&rsquo;&eacute;quith&eacute;rapie</li>\r\n	<li>- Le d&eacute;veloppement des courses hippiques marocaines</li>\r\n	<li>- La sauvegarde et la promotion du cheval Barbe, embl&egrave;me &eacute;quin du Maroc</li>\r\n</ul>\r\n','<h2>أما المحاور التنموية المحددة لتحقيق هذه الأهداف فتتجلى في :</h2>\r\n\r\n<ul>\r\n	<li>- تطوير مجالات استعمال الفرس</li>\r\n	<li>- تطوير فنون الفروسية القديمة والشعبية: التبوريدة</li>\r\n	<li>- رياضات الفروسية (القفز على الحواجز، التحمل، السير الطويل، إلخ...)</li>\r\n	<li>- فنون الفروسية العصرية: التدريب، الأداء الحر</li>\r\n	<li>- سياحة الفرس</li>\r\n	<li>- الفروسية العلاجية</li>\r\n	<li>- تطوير سباقات الفرس المغربية</li>\r\n	<li>- المحافظة على الفرس البربري وتشجيعه باعتباره رمزا لتاريخ الفروسية في المغرب.</li>\r\n</ul>\r\n','Depuis le lancement de la Stratégie, la filière équine a connu une évolution très positive. La SOREC et les autres acteurs du monde du cheval travaillent à pérenniser ce développement et à renforcer le lien des Marocains avec le cheval.\r\n\r\n','Depuis le lancement de la Stratégie, la filière équine a connu une évolution très positive. La SOREC et les autres acteurs du monde du cheval travaillent à pérenniser ce développement et à renforcer le lien des Marocains avec le cheval.\r\n\r\n','منذ الشروع في تنفيذ هذه الاستراتيجية، شهد مسلك تربية الخيول تطورا إيجابيا كبيرا، وهو التطور الذي تعمل على استدامته الشركة الملكية لتشجيع الفرس وبقية الفاعلين، فضلا عن تعزيز الرباط الذي يجمع المغاربة بالفرس.');

--
-- Table structure for table `galerie_dossier`
--

CREATE TABLE `galerie_dossier` (
  `id` int(11) NOT NULL AUTO_INCREMENT,
  `titre` varchar(250) NOT NULL,
  `date` datetime NOT NULL,
  `slug` varchar(250) DEFAULT NULL,
  PRIMARY KEY (`id`)
) ENGINE=InnoDB AUTO_INCREMENT=53 DEFAULT CHARSET=utf8;

--
-- Dumping data for table `galerie_dossier`
--

INSERT INTO `galerie_dossier` VALUES (1,'Concours Tbourida','2015-10-06 11:28:05','concours-tbourida'),(2,'Création de l\'Association des Jockeys','2015-10-06 11:29:12','creation-de-lassociation-des-jockeys'),(3,'Concours de l\'élevage','2015-10-06 11:29:59','concours-de-lelevage'),(4,'GP Moulay Rachid','2015-10-06 11:30:08','gp-moulay-rachid'),(5,'Jeux Equestres Mondiaux','2015-10-06 11:33:40','jeux-equestres-mondiaux'),(6,'GP Moulay EL Hassan','2015-10-06 11:36:19','gp-moulay-el-hassan'),(7,'JI Pur-sang Anglais','2015-10-06 11:36:21','ji-pur-sang-anglais'),(8,'JI Pur-sang Arabe','2015-10-06 11:39:07','ji-pur-sang-arabe'),(9,'Guide la filière équine','2015-10-06 11:40:15','guide-la-filiere-equine'),(10,'JI Pur-sang Anglais','2015-10-06 11:40:55','ji-pur-sang-anglais-2'),(11,'Trophées du Galop','2015-10-06 11:41:03','trophees-du-galop'),(12,'JPO','2015-10-06 11:41:05','jpo'),(13,'JPO','2015-10-06 11:41:19','jpo-2'),(15,'Revue de presse','2015-10-09 12:02:20','2015'),(16,'Communiqués et Dossiers de presse','2015-10-09 12:02:25','dossiers-de-presse'),(17,'Historique et missions','2015-10-09 12:37:19','historique-et-missions'),(18,'Races de chevaux','2015-10-09 12:37:26','races-de-chevaux'),(19,'Tbourida','2015-10-09 12:37:30','tbourida'),(20,'Elevage','2015-10-09 12:37:35','elevage'),(21,'Courses hippiques','2015-10-09 12:37:42','courses-hippiques'),(22,'Arts équestres','2015-10-09 12:37:50','arts-equestres'),(23,'Concours d\'élevage','2015-10-09 12:37:58','concours-delevage'),(24,'Concours de Tbourida','2015-10-09 12:38:04','concours-de-tbourida'),(25,'Programme Courses Français ','2015-10-28 17:39:48','programme-courses-francais'),(26,'Courses Marocaines','2015-10-28 17:41:45','courses-marocaines'),(27,'historique','2015-10-30 11:40:00','historique'),(28,'tbourida','2015-10-30 11:52:05','tbourida-2'),(29,'haras','2015-10-30 11:53:51','haras'),(30,'100 ans des courses ','2015-10-30 11:55:38','100-ans-des-courses'),(31,'formation cavaliers','2015-10-30 11:56:43','formation-cavaliers'),(32,'arts equéstres','2015-10-30 11:58:13','arts-equestre'),(33,'spectacle','2015-10-30 12:00:53','spectacle'),(34,'meeting','2015-10-30 12:02:26','meeting'),(35,'concours tbourida','2015-10-30 12:03:35','concours-tbourida-2'),(36,'concours elevage','2015-10-30 12:04:24','concours-elevage'),(37,'Haras nationaux','2015-11-09 12:23:07','haras-nationaux'),(38,'100 ans des courses','2015-11-09 12:25:44','100-ans-des-courses-2'),(39,'Brochure Formation Cavaliers','2015-11-09 12:27:18','brochure-formation-cavaliers'),(40,'Meeting international des Courses','2015-11-09 13:08:58','meeting-international-du-maroc'),(41,'Concours Tbourida','2015-11-09 13:09:27','concours-tbourida-3'),(42,'Concours d\'élevage2','2015-11-09 13:13:33','concours-delevage-2'),(43,'CNIAEB','2015-11-13 16:48:38','cniaeb'),(45,' programme courses','2016-01-29 09:28:57','programme-courses'),(46,'2016','2016-04-11 13:51:48','2016'),(47,'Communiqué de presse 2016','2016-07-12 08:34:02','communique-de-presse-2016-v2'),(48,'Concours d\'élevage v2','2016-07-12 15:39:48','concours-delevage-v2'),(49,'Télécharger la brochure du Meeting International du Maroc','2016-08-16 16:59:09','Télécharger la brochure du Meeting International du Maroc'),(50,'Télécharger la Brochure des concours d\'élevage','2016-08-18 14:09:25','concours-delevage-3'),(51,'Mia ','2016-08-18 14:23:10','test-mia'),(52,'cp ','2016-11-09 16:50:05','cp-test');

--
-- Table structure for table `galerie_galerie`
--

CREATE TABLE `galerie_galerie` (
  `id` int(11) NOT NULL AUTO_INCREMENT,
  `titre` varchar(250) NOT NULL,
  `description` longtext,
  `date` datetime NOT NULL,
  `slug` varchar(350) DEFAULT NULL,
  `dans_phototheque` tinyint(1) NOT NULL,
  `description_ar` longtext,
  `description_fr` longtext,
  `titre_ar` varchar(250) DEFAULT NULL,
  `titre_fr` varchar(250) DEFAULT NULL,
  `slug_ar` varchar(350) DEFAULT NULL,
  `slug_fr` varchar(350) DEFAULT NULL,
  PRIMARY KEY (`id`)
) ENGINE=InnoDB AUTO_INCREMENT=37 DEFAULT CHARSET=utf8;

--
-- Dumping data for table `galerie_galerie`
--

INSERT INTO `galerie_galerie` VALUES (5,'Historique',NULL,'2015-10-08 18:03:39','historique',0,NULL,NULL,'Historique','Historique','Historique','historique'),(6,'home',NULL,'2015-10-08 18:42:15','home',0,NULL,NULL,'Home','home','home','home'),(7,'Photothèque test',NULL,'2015-10-08 19:25:46','phototheque-test',0,NULL,NULL,'Photothèque','Photothèque test','Photothèque','phototheque-test'),(8,'journees-portes-ouvertes-aux-haras-nationaux',NULL,'2015-10-08 22:05:55','jpo',1,NULL,NULL,'أيام لأبواب المفتوحة والقوافل التحسيسية','journees-portes-ouvertes-aux-haras-nationaux','jpo','jpo'),(9,'tbourida',NULL,'2015-10-08 22:07:44','tbourida',1,NULL,NULL,'التبوريدة','tbourida','التبوريدة','tbourida'),(10,'Elevage',NULL,'2015-10-08 22:07:59','elevage',0,NULL,NULL,'تربية الخيول','Elevage','تربية_الخيول','elevage'),(12,'videos',NULL,'2015-11-12 10:59:36','videos',0,NULL,NULL,'videos','videos','videos','videos'),(13,'home-mobile',NULL,'2015-12-21 18:14:34','home-mobile',0,NULL,NULL,'home-mobile','home-mobile','home-mobile','home-mobile'),(15,'concours delevage',NULL,'2015-12-22 10:55:14','سباقات_تربية_الخيول',1,NULL,NULL,'سباقات تربية الخيول','concours delevage','سباقات_تربية_الخيول','سباقات_تربية_الخيول'),(16,'Meeting international des Courses de Pur-Sang',NULL,'2015-12-22 11:10:45','meeting-international-des-courses-de-pur-sang',1,NULL,NULL,'الملتقى الدولي للسباقات ','Meeting international des Courses de Pur-Sang','الملتقى_الدولي_للسباقات_','meeting-international-des-courses-de-pur-sang'),(17,'home ar',NULL,'2016-06-06 15:07:58','home-ar',0,NULL,NULL,'','home ar','','home-ar'),(32,'formation-education-et-bien-etre-du-cheval',NULL,'2016-08-08 15:37:11','تربية_وصحة_الخيول',1,NULL,NULL,'تربية وصحة الخيول','formation-education-et-bien-etre-du-cheval','تربية_وصحة_الخيول','تربية_وصحة_الخيول'),(33,'best-of-tbourida-2016',NULL,'2016-08-19 16:36:21','أفضل_صور_تبوريدة_الخيول_2016',1,NULL,NULL,'أفضل صور تبوريدة الخيول 2016','best-of-tbourida-2016','أفضل_صور_تبوريدة_الخيول_2016_','أفضل_صور_تبوريدة_الخيول_2016'),(35,'Best-of Spectacle 2015 - Ecole d\'Art Equestre',NULL,'2016-08-27 14:36:30','best-of-spectacle-2015-ecole-dart-equestre',1,NULL,NULL,'افضل صور عرض مدرسة الفنون الفروسية','Best-of Spectacle 2015 - Ecole d\'Art Equestre','افضل_صور_عرض_مدرسة_الفنون_الفروسية','best-of-spectacle-2015-ecole-dart-equestre'),(36,'Grand Prix',NULL,'2018-04-03 10:02:21','grand-prix',0,NULL,NULL,'الجائزة الكبرى ','Grand Prix','الجائزة_الكبرى_','grand-prix');

--
-- Table structure for table `galerie_pdf`
--

CREATE TABLE `galerie_pdf` (
  `id` int(11) NOT NULL AUTO_INCREMENT,
  `pdf` varchar(100) NOT NULL,
  `titre` varchar(250) NOT NULL,
  `dossier_id` int(11) NOT NULL,
  `date_evenement` date DEFAULT NULL,
  `ville` varchar(250) DEFAULT NULL,
  `version` int(11) DEFAULT NULL,
  PRIMARY KEY (`id`),
  KEY `galerie_pdf_dossier_id_1031cb2f735de967_fk_galerie_dossier_id` (`dossier_id`),
  CONSTRAINT `galerie_pdf_dossier_id_1031cb2f735de967_fk_galerie_dossier_id` FOREIGN KEY (`dossier_id`) REFERENCES `galerie_dossier` (`id`)
) ENGINE=InnoDB AUTO_INCREMENT=560 DEFAULT CHARSET=utf8;

--
-- Dumping data for table `galerie_pdf`
--

INSERT INTO `galerie_pdf` VALUES (27,'pdfs/depliant_Tbourida_def.pdf','Dépliant Tbourida',19,NULL,'',0),(28,'pdfs/depliant_CNIAEB_2015def.pdf','Dépliant CNIAEB',20,NULL,NULL,0),(29,'pdfs/L-univers-des-courses-hippiques_195iwWY.pdf','Brochure formation des cavaliers',21,NULL,'',0),(30,'pdfs/Plaquette-Arts-equestres.pdf','Dépliant arts équestres',22,NULL,'',0),(31,'pdfs/GUIDE_DES_COURSES.PDF','Guide des courses',21,NULL,'',0),(35,'pdfs/E9vE9nement_vincennes_28102015.pdf','Événement à VINCENNES (R1)',25,NULL,NULL,0),(36,'pdfs/E9vE9nement_saint-cloud_29102015.pdf','Événement à SAINT-CLOUD (R1)',25,NULL,NULL,0),(37,'pdfs/cpc_vincevves_28102015.pdf','Programme de la SOREC à VINCENNES (R1)',25,NULL,NULL,0),(38,'pdfs/cpc_saint-cloud_29102015.pdf','Programme de la SOREC à SAINT-CLOUD (R1)',25,NULL,NULL,0),(39,'pdfs/cpc_settat_28102015.pdf','Programme de la SOREC SCH de Settat',26,NULL,NULL,0),(40,'pdfs/tiercE9_meknE8s_29102015.pdf','Programme de la SOREC SCH de Meknès',26,NULL,NULL,0),(41,'pdfs/tiercE9_settat_28102015.pdf','Programme de la SOREC SCH de Settat 2',26,NULL,NULL,0),(42,'pdfs/cpc_meknE8s_29102015.pdf','Programme de la SOREC SCH de Méknes 2',26,NULL,NULL,0),(43,'pdfs/depliant-tbourida.pdf','Tbourida',28,NULL,'',1),(44,'pdfs/Les-haras-nationaux.pdf','Haras nationaux',37,NULL,'',1),(45,'pdfs/L-univers-des-courses-hippiques.pdf','100 ans des courses',38,NULL,'',1),(46,'pdfs/Brochure-Formation-Cavaliers.pdf','Brochure Formation Cavaliers',39,NULL,'',0),(48,'pdfs/Brochure-Meeting-Arabe.pdf','Brochure Meeting Arabe ',40,NULL,NULL,0),(49,'pdfs/Meeting-Brochure-Francais.pdf','Meeting Brochure Français',40,NULL,NULL,0),(58,'pdfs/cpc_chantilly_29012016.pdf','cpc',45,'2016-01-29','chantilly',0),(59,'pdfs/evenement_pau_29012016.pdf','evenement',45,'2016-01-29','pau',0),(60,'pdfs/cpc_pau_29012016.pdf','cpc',45,'2016-01-29','pau',0),(61,'pdfs/quinté_casa_29012016.pdf','quinté',45,'2016-01-29','casa',0),(62,'pdfs/cpc_casa_29012016.pdf','cpc',45,'2016-01-29','casa',0),(63,'pdfs/evenement_vincennes_30012016.pdf','evenement',45,'2016-01-30','vincennes',0),(64,'pdfs/cpc_vincennes_31012016.pdf','cpc',45,'2016-01-31','vincennes',0),(65,'pdfs/cpc_pau_30012016.pdf','cpc',45,'2016-01-30','pau',0),(66,'pdfs/cpc_vincennes_30012016.pdf','cpc',45,'2016-01-30','vincennes',0),(67,'pdfs/événement_vincennes_31012016.pdf','événement',45,'2016-01-31','vincennes',0),(68,'pdfs/quinté_rabat_31012016.pdf','quinté',45,'2016-01-31','rabat',0),(69,'pdfs/cpc_rabat_31012016.pdf','cpc',45,'2016-01-31','rabat',0),(70,'pdfs/cpc_khemisset_30012016.pdf','cpc',45,'2016-01-30','khemisset',0),(71,'pdfs/quinté_khemisset_30012016.pdf','quinté',45,'2016-01-30','khemisset',0),(72,'pdfs/cpc_vincennes_01022016.pdf','cpc',45,'2016-02-01','vincennes',0),(73,'pdfs/événement_vincennes_01022016.pdf','événement',45,'2016-02-01','vincennes',0),(74,'pdfs/événement_vincennes_02022016.pdf','événement',45,'2016-02-02','vincennes',0),(75,'pdfs/cpc_vincennes_02022016.pdf','cpc',45,'2016-02-02','vincennes',0),(76,'pdfs/événement_cagnes_03022016.pdf','événement',45,'2016-02-03','cagnes',0),(77,'pdfs/cpc_cagnes_03022016.pdf','cpc',45,'2016-02-03','cagnes',0),(78,'pdfs/cpc_eljadida_03022016.pdf','cpc',45,'2016-02-03','eljadida',0),(79,'pdfs/Event_eljadida_03022016.pdf','Event',45,'2016-02-03','eljadida',0),(80,'pdfs/cpc_vincennes_04022016.pdf','cpc',45,'2016-02-04','vincennes',0),(81,'pdfs/cpc_meknès_04022016.pdf','cpc',45,'2016-02-04','meknès',0),(82,'pdfs/évent_meknès_04022016.pdf','évent',45,'2016-02-04','meknès',0),(83,'pdfs/cpc_cagnes_05022016.pdf','cpc',45,'2016-02-05','cagnes',0),(84,'pdfs/cpc_pau_05022016.pdf','cpc',45,'2016-02-05','pau',0),(85,'pdfs/événement_pau_05026016.pdf','événement',45,'6016-02-05','pau',0),(86,'pdfs/cpc_casa_05022016.pdf','cpc',45,'2016-02-05','casa',0),(87,'pdfs/Event_casa_05022016.pdf','Event',45,'2016-02-05','casa',0),(88,'pdfs/cpc_cagnes_06022016.pdf','cpc',45,'2016-02-06','cagnes',0),(89,'pdfs/événement_vincennes_06022016.pdf','événement',45,'2016-02-06','vincennes',0),(90,'pdfs/cpc_vincennes_06022016.pdf','cpc',45,'2016-02-06','vincennes',0),(91,'pdfs/événement_khemisset_06022016.pdf','événement',45,'2016-02-06','khemisset',0),(92,'pdfs/cpc_khemisset_06022016.pdf','cpc',45,'2016-02-06','khemisset',0),(93,'pdfs/cpc_vincennes_07022016.pdf','cpc',45,'2016-02-07','vincennes',0),(94,'pdfs/evenement_vincennes_07022016.pdf','evenement',45,'2016-02-07','vincennes',0),(95,'pdfs/cpc_rabat_07022016.pdf','cpc',45,'2016-02-07','rabat',0),(96,'pdfs/Event_rabat_07022016.pdf','Event',45,'2016-02-07','rabat',0),(97,'pdfs/cpc_vincennes_08022016.pdf','cpc',45,'2016-02-08','vincennes',0),(98,'pdfs/événement_vincennes_08022016.pdf','événement',45,'2016-02-08','vincennes',0),(99,'pdfs/cpc_cagnes_09022016.pdf','cpc',45,'2016-02-09','cagnes',0),(100,'pdfs/evenement_vincennes_10022016.pdf','evenement',45,'2016-02-10','vincennes',0),(101,'pdfs/Event_Eljadida_10022016.pdf','Event',45,'2016-02-10','Eljadida',0),(102,'pdfs/cpc_vincennes_10022016.pdf','cpc',45,'2016-02-10','vincennes',0),(103,'pdfs/cpc_eljadida_10022016.pdf','cpc',45,'2016-02-10','eljadida',0),(104,'pdfs/evenement_vincennes_11022016.pdf','evenement',45,'2016-02-11','vincennes',0),(105,'pdfs/cpc_vincennes_11021016.pdf','cpc',45,'1016-02-11','vincennes',0),(106,'pdfs/evenement_meknès_11022016.pdf','evenement',45,'2016-02-11','meknès',0),(107,'pdfs/cpc_meknès_11022016.pdf','cpc',45,'2016-02-11','meknès',0),(108,'pdfs/cpc_toulouse_12022016.pdf','cpc',45,'2016-02-12','toulouse',0),(109,'pdfs/cpc_cagnes_12022016.pdf','cpc',45,'2016-02-12','cagnes',0),(110,'pdfs/événement_cagnes_12022016.pdf','événement',45,'2016-02-12','cagnes',0),(111,'pdfs/Event_casa_12022015.pdf','Event',45,'2015-02-12','casa',0),(112,'pdfs/cpc_casa_12022016.pdf','cpc',45,'2016-02-12','casa',0),(113,'pdfs/cpc_cagnes_13022016.pdf','cpc',45,'2016-02-13','cagnes',0),(114,'pdfs/evenement_vincennes_13022016.pdf','evenement',45,'2016-02-13','vincennes',0),(115,'pdfs/cpc_vincennes_13022016.pdf','cpc',45,'2016-02-13','vincennes',0),(116,'pdfs/cpc_khemisset_13022016.pdf','cpc',45,'2016-02-13','khemisset',0),(117,'pdfs/evenement_vincennes_14022016.pdf','evenement',45,'2016-02-14','vincennes',0),(118,'pdfs/cpc_vincennes_14022016.pdf','cpc',45,'2016-02-14','vincennes',0),(119,'pdfs/cpc_rabat_14022016.pdf','cpc',45,'2016-02-14','rabat',0),(120,'pdfs/evenement_vincennes_15022016.pdf','evenement',45,'2016-02-15','vincennes',0),(121,'pdfs/cpc_vincennes_15022016.pdf','cpc',45,'2016-02-15','vincennes',0),(122,'pdfs/cpc_vincennes_16022016.pdf','cpc',45,'2016-02-16','vincennes',0),(123,'pdfs/evenement_vincennes_16022016.pdf','evenement',45,'2016-02-16','vincennes',0),(124,'pdfs/cpc_cagnes_17022016.pdf','cpc',45,'2016-02-17','cagnes',0),(125,'pdfs/evenement_cagnes_17022016.pdf','evenement',45,'2016-02-17','cagnes',0),(126,'pdfs/cpc_eljadida_17022016.pdf','cpc',45,'2016-02-17','eljadida',0),(127,'pdfs/Event_Eljadida_17022016.pdf','Event',45,'2016-02-17','Eljadida',0),(128,'pdfs/evenement_vincennes_18022016.pdf','evenement',45,'2016-02-18','vincennes',0),(129,'pdfs/cpc_vincennes_18022016.pdf','cpc',45,'2016-02-18','vincennes',0),(130,'pdfs/evenement_cagnes_19022016.pdf','evenement',45,'2016-02-19','cagnes',0),(131,'pdfs/cpc_cagnes_19022016.pdf','cpc',45,'2016-02-19','cagnes',0),(132,'pdfs/evenement_casa_19022016.pdf','evenement',45,'2016-02-19','casa',0),(133,'pdfs/cpc_casa_19022016.pdf','cpc',45,'2016-02-19','casa',0),(134,'pdfs/cpc_chantilly_19022016.pdf','cpc',45,'2016-02-19','chantilly',0),(135,'pdfs/événet_khemisset_20022016.pdf','événet',45,'2016-02-20','khemisset',0),(136,'pdfs/cpc_khemisset_20022016.pdf','cpc',45,'2016-02-20','khemisset',0),(137,'pdfs/evenement_cagnes_20022016.pdf','evenement',45,'2016-02-20','cagnes',0),(138,'pdfs/cpc_agen_20022016.pdf','cpc',45,'2016-02-20','agen',0),(139,'pdfs/cpc_cagnes_20022016.pdf','cpc',45,'2016-02-20','cagnes',0),(140,'pdfs/événement_rabat_21022016.pdf','événement',45,'2016-02-21','rabat',0),(141,'pdfs/cpc_vincennes_21022016.pdf','cpc',45,'2016-02-21','vincennes',0),(142,'pdfs/cpc_rabat_21022016.pdf','cpc',45,'2016-02-21','rabat',0),(143,'pdfs/evenement_vincennes_22022016.pdf','evenement',45,'2016-02-22','vincennes',0),(144,'pdfs/événement_vincennes_21022016.pdf','événement',45,'2016-02-21','vincennes',0),(145,'pdfs/cpc_vincennes_22022016.pdf','cpc',45,'2016-02-22','vincennes',0),(146,'pdfs/cpc_vincennes_23022016.pdf','cpc',45,'2016-02-23','vincennes',0),(147,'pdfs/événement_vincennes_23022016.pdf','événement',45,'2016-02-23','vincennes',0),(148,'pdfs/événement_cagnes_24022016.pdf','événement',45,'2016-02-24','cagnes',0),(149,'pdfs/cpc_cagnes_24022016.pdf','cpc',45,'2016-02-24','cagnes',0),(150,'pdfs/T.Q.Q_eljadida_24022016.pdf','T.Q.Q+',45,'2016-02-24','eljadida',0),(151,'pdfs/cpc_eljadida_24022016.pdf','cpc',45,'2016-02-24','eljadida',0),(152,'pdfs/cpc_le_croisé-laroche_26022016.pdf','cpc',45,'2016-02-26','le croisé-laroche',0),(153,'pdfs/événement_enghien_26022016.pdf','événement',45,'2016-02-26','enghien',0),(154,'pdfs/cpc_enghien_26022016.pdf','cpc',45,'2016-02-26','enghien',0),(155,'pdfs/cpc_casa_26022016.pdf','cpc',45,'2016-02-26','casa',0),(156,'pdfs/evenement_casa_26022016.pdf','evenement',45,'2016-02-26','casa',0),(157,'pdfs/cpc_cagnes_27022016.pdf','cpc',45,'2016-02-27','cagnes',0),(158,'pdfs/événement_cagnes_27022016.pdf','événement',45,'2016-02-27','cagnes',0),(159,'pdfs/cpc_enghien_27022016.pdf','cpc',45,'2016-02-27','enghien',0),(160,'pdfs/cpc_khemisset_27022016.pdf','cpc',45,'2016-02-27','khemisset',0),(161,'pdfs/cpc_rabat_28022016.pdf','cpc',45,'2016-02-28','rabat',0),(162,'pdfs/événement_Marseille_29022016.pdf','événement',45,'2016-02-29','Marseille',0),(163,'pdfs/cpc_marseille_29022016.pdf','cpc',45,'2016-02-29','marseille',0),(164,'pdfs/evenement_enghien_01032016.pdf','evenement',45,'2016-03-01','enghien',0),(165,'pdfs/evenement_enghien_02032016.pdf','evenement',45,'2016-03-02','enghien',0),(171,'pdfs/Brochure_Formation_Cavaliers.pdf','test',45,'2016-07-12','CASABLANCA',0),(174,'pdfs/sorec_paris_12072016.pdf','sorec',45,'2016-07-12','paris',0),(175,'pdfs/cpc_lomagne_13072016.pdf','cpc',45,'2016-07-13','lomagne',0),(176,'pdfs/cpc_teste_12072016.pdf','cpc',45,'2016-07-12','teste',0),(177,'pdfs/cpc_enghien_13072016.pdf','cpc',45,'2016-07-13','enghien',0),(178,'pdfs/evenement_eljadida_13072016.pdf','evenement',45,'2016-07-13','eljadida',0),(179,'pdfs/cpc_eljadida_13072016.pdf','cpc',45,'2016-07-13','eljadida',0),(181,'pdfs/Programme_concours_elevage_2016.pdf','Concours d\'élevage',48,NULL,'',0),(185,'pdfs/cpc_pornichet_14072016.pdf','cpc',45,'2016-07-14','pornichet',0),(186,'pdfs/cpc_saint-cloud_14072016.pdf','cpc',45,'2016-07-14','saint-cloud',0),(187,'pdfs/evenement_saint-cloud_14072016.pdf','evenement',45,'2016-07-14','saint-cloud',0),(188,'pdfs/événement_cabourg_15072016.pdf','événement',45,'2016-07-15','cabourg',0),(189,'pdfs/cpc_cabourg_15072016.pdf','cpc',45,'2016-07-15','cabourg',0),(190,'pdfs/cpc_feurs_15072016.pdf','cpc',45,'2016-07-15','feurs',0),(191,'pdfs/cpc_casa_15072016.pdf','cpc',45,'2016-07-15','casa',0),(192,'pdfs/événement_casa_15072016.pdf','événement',45,'2016-07-15','casa',0),(193,'pdfs/cpc_lions_dangers_16072016.pdf','cpc',45,'2016-07-16','lions d\'angers',0),(194,'pdfs/cpc_enghien_16072016.pdf','cpc',45,'2016-07-16','enghien',0),(195,'pdfs/evenement_enghien_16072016.pdf','evenement',45,'2016-07-16','enghien',0),(196,'pdfs/evenement_maisons-laffitte_17072016.pdf','evenement',45,'2016-07-17','maisons-laffitte',0),(197,'pdfs/cpc_maisons-laffitte_17072016.pdf','cpc',45,'2016-07-17','maisons-laffitte',0),(198,'pdfs/cpc_chantilly_18072016.pdf','cpc',45,'2016-07-18','chantilly',0),(199,'pdfs/cpc_malo_17072016.pdf','cpc',45,'2016-07-17','malo',0),(200,'pdfs/événement_rabat_17072016.pdf','événement',45,'2016-07-17','rabat',0),(201,'pdfs/cpc_rabat_17072016.pdf','cpc',45,'2016-07-17','rabat',0),(202,'pdfs/cpc_pornichet_18072016.pdf','cpc',45,'2016-07-18','pornichet',0),(203,'pdfs/événement_compiègne_19072016.pdf','événement',45,'2016-07-19','compiègne',0),(204,'pdfs/cpc_compiègne_19072016.pdf','cpc',45,'2016-07-19','compiègne',0),(205,'pdfs/cpc_meslay-du-maine_19072016.pdf','cpc',45,'2016-07-19','meslay-du-maine',0),(206,'pdfs/événement_vire_20072016.pdf','événement',45,'2016-07-20','vire',0),(207,'pdfs/cpc_eljadida_20072016.pdf','cpc',45,'2016-07-20','eljadida',0),(208,'pdfs/événment_eljadida_20072016.pdf','événment',45,'2016-07-20','eljadida',0),(209,'pdfs/cpc_deauville_21072016.pdf','cpc',45,'2016-07-21','deauville',0),(210,'pdfs/cpc_les_sables_dolonne_21072016.pdf','cpc',45,'2016-07-21','les sables d\'olonne',0),(211,'pdfs/evenement_cabourg_22072016.pdf','evenement',45,'2016-07-22','cabourg',0),(212,'pdfs/cpc_casa_22072016.pdf','cpc',45,'2016-07-22','casa',0),(213,'pdfs/événement_casa_22072016.pdf','événement',45,'2016-07-22','casa',0),(214,'pdfs/cpc_enghien_23072016.pdf','cpc',45,'2016-07-23','enghien',0),(215,'pdfs/événement_enghien_23072016.pdf','événement',45,'2016-07-23','enghien',0),(216,'pdfs/cpc_maisonslaffitte_24072016.pdf','cpc',45,'2016-07-24','maisonslaffitte',0),(217,'pdfs/cpc_vichy_24072016.pdf','cpc',45,'2016-07-24','vichy',0),(218,'pdfs/evenement_rabat_24072016.pdf','evenement',45,'2016-07-24','rabat',0),(219,'pdfs/cpc_rabat_24072016.pdf','cpc',45,'2016-07-24','rabat',0),(220,'pdfs/cpc_vichy_25072016.pdf','cpc',45,'2016-07-25','vichy',0),(221,'pdfs/événement_vichy_25072016.pdf','événement',45,'2016-07-25','vichy',0),(222,'pdfs/cpc_amiens_25072016.pdf','cpc',45,'2016-07-25','amiens',0),(223,'pdfs/cpc_vichy_26072016.pdf','cpc',45,'2016-07-26','vichy',0),(224,'pdfs/événement_vichy_26072016.pdf','événement',45,'2016-07-26','vichy',0),(225,'pdfs/cpc_angers_26072016.pdf','cpc',45,'2016-07-26','angers',0),(226,'pdfs/cpc_enghien_27072016.pdf','cpc',45,'2016-07-27','enghien',0),(227,'pdfs/evenement_enghien_27072016.pdf','evenement',45,'2016-07-27','enghien',0),(228,'pdfs/événement_el_jadida_27072016.pdf','événement',45,'2016-07-27','el jadida',0),(229,'pdfs/cpc_el_jadida_27072016.pdf','cpc',45,'2016-07-27','el jadida',0),(230,'pdfs/événement_vichy_28072016.pdf','événement',45,'2016-07-28','vichy',0),(231,'pdfs/cpc_vichy_28072016.pdf','cpc',45,'2016-07-28','vichy',0),(232,'pdfs/cpc_meslay_du_maine_28072016.pdf','cpc',45,'2016-07-28','meslay du maine',0),(233,'pdfs/événement_cabourg_29072016.pdf','événement',45,'2016-07-29','cabourg',0),(234,'pdfs/cpc_cabourg_29072016.pdf','cpc',45,'2016-07-29','cabourg',0),(235,'pdfs/cpc_vichy_29072016.pdf','cpc',45,'2016-07-29','vichy',0),(236,'pdfs/cpc_enghien_30072016.pdf','cpc',45,'2016-07-30','enghien',0),(237,'pdfs/événement_enghien_30072016.pdf','événement',45,'2016-07-30','enghien',0),(238,'pdfs/cpc_le_mans_30072016.pdf','cpc',45,'2016-07-30','le mans',0),(239,'pdfs/événement_deauville_31072016.pdf','événement',45,'2016-07-31','deauville',0),(240,'pdfs/cpc_deauville_31072016.pdf','cpc',45,'2016-07-31','deauville',0),(241,'pdfs/cpc_enghien_31072016.pdf','cpc',45,'2016-07-31','enghien',0),(242,'pdfs/événement_clairefontaine_01082016.pdf','événement',45,'2016-08-01','clairefontaine',0),(243,'pdfs/cpc_mauquenchy_01082016.pdf','cpc',45,'2016-08-01','mauquenchy',0),(244,'pdfs/cpc_el_jadida_01082016.pdf','cpc',45,'2016-08-01','el jadida',0),(245,'pdfs/événement_el_jadida_01082016.pdf','événement',45,'2016-08-01','el jadida',0),(246,'pdfs/cpc_la_teste_02082016.pdf','cpc',45,'2016-08-02','la teste',0),(247,'pdfs/événement_deauville_02082016.pdf','événement',45,'2016-08-02','deauville',0),(248,'pdfs/cpc_deauville_02082016.pdf','cpc',45,'2016-08-02','deauville',0),(249,'pdfs/cpc_enghien_03082016.pdf','cpc',45,'2016-08-03','enghien',0),(250,'pdfs/evenement_enghien_03082016.pdf','evenement',45,'2016-08-03','enghien',0),(251,'pdfs/cpc_la_teste_03082016.pdf','cpc',45,'2016-08-03','la teste',0),(252,'pdfs/événement_clairefontaine_04082016.pdf','événement',45,'2016-08-04','clairefontaine',0),(253,'pdfs/evenement_cabourg_05082016.pdf','evenement',45,'2016-08-05','cabourg',0),(254,'pdfs/cpc_deauville_05082016.pdf','cpc',45,'2016-08-05','deauville',0),(255,'pdfs/cpc_anfa_05082016.pdf','cpc',45,'2016-08-05','anfa',0),(256,'pdfs/cpc_cabourg_05082016.pdf','cpc',45,'2016-08-05','cabourg',0),(257,'pdfs/événement_anfa_05082016.pdf','événement',45,'2016-08-05','anfa',0),(258,'pdfs/cpc_vichy_06082016.pdf','cpc',45,'2016-08-06','vichy',0),(259,'pdfs/evenement_clairefontaine_06082016.pdf','evenement',45,'2016-08-06','clairefontaine',0),(260,'pdfs/cpc_clairefontaine_06082016.pdf','cpc',45,'2016-08-06','clairefontaine',0),(261,'pdfs/événement_deauville_07082016.pdf','événement',45,'2016-08-07','deauville',0),(262,'pdfs/cpc_deauville_07082016.pdf','cpc',45,'2016-08-07','deauville',0),(263,'pdfs/cpc_enghien_07082016.pdf','cpc',45,'2016-08-07','enghien',0),(264,'pdfs/cpc_vichy_08082016.pdf','cpc',45,'2016-08-08','vichy',0),(265,'pdfs/événement_clairefontaine_08082016.pdf','événement',45,'2016-08-08','clairefontaine',0),(266,'pdfs/cpc_clairefontaine_08082016.pdf','cpc',45,'2016-08-08','clairefontaine',0),(267,'pdfs/cpc_anfa_08082016.pdf','cpc',45,'2016-08-08','anfa',0),(268,'pdfs/événement_anfa_08082016.pdf','événement',45,'2016-08-08','anfa',0),(269,'pdfs/evenement_deauville_09082016.pdf','evenement',45,'2016-08-09','deauville',0),(270,'pdfs/cpc_deauville_09082016.pdf','cpc',45,'2016-08-09','deauville',0),(271,'pdfs/cpc_la_teste_10082016.pdf','cpc',45,'2016-08-10','la teste',0),(272,'pdfs/événement_saint-malo_10082016.pdf','événement',45,'2016-08-10','saint-malo',0),(273,'pdfs/cpc_saint-malo_10082016.pdf','cpc',45,'2016-08-10','saint-malo',0),(274,'pdfs/evenement_enghien_11082016.pdf','evenement',45,'2016-08-11','enghien',0),(275,'pdfs/cpc_vichy_11082016.pdf','cpc',45,'2016-08-11','vichy',0),(276,'pdfs/cpc_enghien_11082016.pdf','cpc',45,'2016-08-11','enghien',0),(277,'pdfs/evenement_cabourg_12082016.pdf','evenement',45,'2016-08-12','cabourg',0),(278,'pdfs/cpc_clairefontaine_12082016.pdf','cpc',45,'2016-08-12','clairefontaine',0),(279,'pdfs/cpc_cabourg_12082016.pdf','cpc',45,'2016-08-12','cabourg',0),(280,'pdfs/cpc_deauville_13082016.pdf','cpc',45,'2016-08-13','deauville',0),(281,'pdfs/événement_deauville_13082016.pdf','événement',45,'2016-08-13','deauville',0),(282,'pdfs/cpc_pornichet_13082016.pdf','cpc',45,'2016-08-13','pornichet',0),(283,'pdfs/événement_el_jadida_13082016.pdf','événement',45,'2016-08-13','el jadida',0),(284,'pdfs/cpc_eljadida_13082016.pdf','cpc',45,'2016-08-13','eljadida',0),(285,'pdfs/cpc_enghien_14082016.pdf','cpc',45,'2016-08-14','enghien',0),(286,'pdfs/cpc_deauville_14082016.pdf','cpc',45,'2016-08-14','deauville',0),(287,'pdfs/cpc_vichy_15082016.pdf','cpc',45,'2016-08-15','vichy',0),(288,'pdfs/cpc_deauville_15082016.pdf','cpc',45,'2016-08-15','deauville',0),(289,'pdfs/événement_deauville_15082016.pdf','événement',45,'2016-08-15','deauville',0),(290,'pdfs/cpc_vichy_16082016.pdf','cpc',45,'2016-08-16','vichy',0),(291,'pdfs/evenement_chateaubriant_16082016.pdf','evenement',45,'2016-08-16','chateaubriant',0),(292,'pdfs/cpc_chateaubriant_16082016.pdf','cpc',45,'2016-08-16','chateaubriant',0),(293,'pdfs/événement_eljadida_17082016.pdf','événement',45,'2016-08-17','eljadida',0),(294,'pdfs/cpc_eljadida_17082016.pdf','cpc',45,'2016-08-17','eljadida',0),(295,'pdfs/événement_enghien_17082016.pdf','événement',45,'2016-08-17','enghien',0),(296,'pdfs/cpc_clairefontaine_17082016.pdf','cpc',45,'2016-08-17','clairefontaine',0),(297,'pdfs/cpc_enghien_17082016.pdf','cpc',45,'2016-08-17','enghien',0),(298,'pdfs/dep_meeting.pdf','Meeting International du Maroc',49,'2016-08-16','',0),(299,'pdfs/cpc_vichy_18082016.pdf','cpc',45,'2016-08-18','vichy',0),(300,'pdfs/événement_deauville_18082016.pdf','événement',45,'2016-08-18','deauville',0),(301,'pdfs/cpc_deauville_18082016.pdf','cpc',45,'2016-08-18','deauville',0),(302,'pdfs/événement_cabourg_19082016.pdf','événement',45,'2016-08-19','cabourg',0),(303,'pdfs/cpc_cabourg_19082016.pdf','cpc',45,'2016-08-19','cabourg',0),(304,'pdfs/cpc_clairefontaine_19082016.pdf','cpc',45,'2016-08-19','clairefontaine',0),(306,'pdfs/cpc_deauville_20082016.pdf','cpc',45,'2016-08-20','deauville',0),(307,'pdfs/evenement_deauville_20082016.pdf','evenement',45,'2016-08-20','deauville',0),(308,'pdfs/cpc_el_jadida_20082016.pdf','cpc',45,'2016-08-20','el jadida',0),(309,'pdfs/cpc_angers_20082016.pdf','cpc',45,'2016-08-20','angers',0),(310,'pdfs/événement_el_jadida_20082016.pdf','événement',45,'2016-08-20','el jadida',0),(311,'pdfs/cpc_deauville_21082016.pdf','cpc',45,'2016-08-21','deauville',0),(312,'pdfs/cpc_craon_21082016.pdf','cpc',45,'2016-08-21','craon',0),(313,'pdfs/événement_deauville_21082016.pdf','événement',45,'2016-08-21','deauville',0),(314,'pdfs/événement_clairefontaine_22082016.pdf','événement',45,'2016-08-22','clairefontaine',0),(315,'pdfs/cpc_clairefontaine_22082016.pdf','cpc',45,'2016-08-22','clairefontaine',0),(316,'pdfs/cpc_cagnes_22082016.pdf','cpc',45,'2016-08-22','cagnes',0),(317,'pdfs/événement_deauville_23082016.pdf','événement',45,'2016-08-23','deauville',0),(318,'pdfs/cpc_cabourg_23082016.pdf','cpc',45,'2016-08-23','cabourg',0),(319,'pdfs/cpc_deauville_23082016.pdf','cpc',45,'2016-08-23','deauville',0),(320,'pdfs/cpc_vincennes_24082016.pdf','cpc',45,'2016-08-24','vincennes',0),(321,'pdfs/événement_vincennes_24082016.pdf','événement',45,'2016-08-24','vincennes',0),(322,'pdfs/cpc_vichy_24082016.pdf','cpc',45,'2016-08-24','vichy',0),(323,'pdfs/cpc_el_jadida_24082016.pdf','cpc',45,'2016-08-24','el jadida',0),(324,'pdfs/événement_eljadida_24082016.pdf','événement',45,'2016-08-24','eljadida',0),(325,'pdfs/événement_clairefontaine_25082016.pdf','événement',45,'2016-08-25','clairefontaine',0),(326,'pdfs/cpc_lessables_25082016.pdf','cpc',45,'2016-08-25','lessables',0),(327,'pdfs/cpc_clairefontaine_25082016.pdf','cpc',45,'2016-08-25','clairefontaine',0),(329,'pdfs/cpc_dieppe_26082016.pdf','cpc',45,'2016-08-26','dieppe',0),(330,'pdfs/événement_cabourg_26082016.pdf','événement',45,'2016-08-26','cabourg',0),(331,'pdfs/cpc_cabourg_26082016.pdf','cpc',45,'2016-08-26','cabourg',0),(332,'pdfs/événement_deauville_27082016.pdf','événement',45,'2016-08-27','deauville',0),(333,'pdfs/événement_eljadida_27082016.pdf','événement',45,'2016-08-27','eljadida',0),(334,'pdfs/cpc_lomagne_28082016.pdf','cpc',45,'2016-08-28','lomagne',0),(335,'pdfs/événement_deauville_28082016.pdf','événement',45,'2016-08-28','deauville',0),(336,'pdfs/cpc_deauville_28082016.pdf','cpc',45,'2016-08-28','deauville',0),(337,'pdfs/cpc_pornichet_29082016.pdf','cpc',45,'2016-08-29','pornichet',0),(338,'pdfs/cpc_clairefontaine_30082016.pdf','cpc',45,'2016-08-30','clairefontaine',0),(339,'pdfs/cpc_vincennes_29082016.pdf','cpc',45,'2016-08-29','vincennes',0),(340,'pdfs/événement_vincennes_29082016.pdf','événement',45,'2016-08-29','vincennes',0),(341,'pdfs/evenement_clairefontaine_30082016.pdf','evenement',45,'2016-08-30','clairefontaine',0),(342,'pdfs/cpc_laval_30082016.pdf','cpc',45,'2016-08-30','laval',0),(343,'pdfs/evenement_deauville_31082016.pdf','evenement',45,'2016-08-31','deauville',0),(344,'pdfs/cpc_vincennes_31082016.pdf','cpc',45,'2016-08-31','vincennes',0),(345,'pdfs/cpc_deauville_31082016.pdf','cpc',45,'2016-08-31','deauville',0),(346,'pdfs/événement_eljadida_31082016.pdf','événement',45,'2016-08-31','eljadida',0),(347,'pdfs/cpc_eljadida_31082016.pdf','cpc',45,'2016-08-31','eljadida',0),(348,'pdfs/cpc_vincennes_01092016.pdf','cpc',45,'2016-09-01','vincennes',0),(349,'pdfs/cpc_chantilly_01092016.pdf','cpc',45,'2016-09-01','chantilly',0),(350,'pdfs/événement_chantilly_01092016.pdf','événement',45,'2016-09-01','chantilly',0),(351,'pdfs/cpc_vincennes_02092016.pdf','cpc',45,'2016-09-02','vincennes',0),(352,'pdfs/événement_vincennes_02092016.pdf','événement',45,'2016-09-02','vincennes',0),(353,'pdfs/cpc_fontainebleau_02092016.pdf','cpc',45,'2016-09-02','fontainebleau',0),(354,'pdfs/événement_vincennes_03092016.pdf','événement',45,'2016-09-03','vincennes',0),(355,'pdfs/cpc_vincennes_03092016.pdf','cpc',45,'2016-09-03','vincennes',0),(356,'pdfs/cpc_craon_03092016.pdf','cpc',45,'2016-09-03','craon',0),(357,'pdfs/événement_khémisset_03092016.pdf','événement',45,'2016-09-03','khémisset',0),(358,'pdfs/cpc_khemisset_03092016.pdf','cpc',45,'2016-09-03','khemisset',0),(359,'pdfs/cpc_craon_04092016.pdf','cpc',45,'2016-09-04','craon',0),(360,'pdfs/événement_craon_04092016.pdf','événement',45,'2016-09-04','craon',0),(361,'pdfs/cpc_rabat_04092016.pdf','cpc',45,'2016-09-04','rabat',0),(362,'pdfs/événement_rabat_04092016.pdf','événement',45,'2016-09-04','rabat',0),(363,'pdfs/événement_craon_05092016.pdf','événement',45,'2016-09-05','craon',0),(364,'pdfs/cpc_craon_05092016.pdf','cpc',45,'2016-09-05','craon',0),(365,'pdfs/cpc_caen_05092016.pdf','cpc',45,'2016-09-05','caen',0),(366,'pdfs/cpc_auteuil_06092016.pdf','cpc',45,'2016-09-06','auteuil',0),(367,'pdfs/cpc_nancy_06092016.pdf','cpc',45,'2016-09-06','nancy',0),(368,'pdfs/événement_nancy_06092016.pdf','événement',45,'2016-09-06','nancy',0),(369,'pdfs/cpc_laroche_07092016.pdf','cpc',45,'2016-09-07','laroche',0),(370,'pdfs/cpc_lessables_07092016.pdf','cpc',45,'2016-09-07','lessables',0),(371,'pdfs/événement_settat_07092016.pdf','événement',45,'2016-09-07','settat',0),(372,'pdfs/événement_casa_07092016.pdf','événement',45,'2016-09-07','casa',0),(373,'pdfs/cpc_casa_07092016.pdf','cpc',45,'2016-09-07','casa',0),(374,'pdfs/événement_chantilly_08092016.pdf','événement',45,'2016-09-08','chantilly',0),(375,'pdfs/cpc_chantilly_08092016.pdf','cpc',45,'2016-09-08','chantilly',0),(376,'pdfs/cpc_mauquenchy_08092016.pdf','cpc',45,'2016-09-08','mauquenchy',0),(377,'pdfs/événement_khemisset_08092016.pdf','événement',45,'2016-09-08','khemisset',0),(378,'pdfs/cpc_khemisset_08092016.pdf','cpc',45,'2016-09-08','khemisset',0),(379,'pdfs/cpc_auteuil_09092016.pdf','cpc',45,'2016-09-09','auteuil',0),(380,'pdfs/cpc_vincennes_09092016.pdf','cpc',45,'2016-09-09','vincennes',0),(381,'pdfs/evenement_vincennes_09092016.pdf','evenement',45,'2016-09-09','vincennes',0),(382,'pdfs/événement_vincennes_10092016.pdf','événement',45,'2016-09-10','vincennes',0),(383,'pdfs/cpc_vincennes_10092016.pdf','cpc',45,'2016-09-10','vincennes',0),(384,'pdfs/cpc_casa_10092016.pdf','cpc',45,'2016-09-10','casa',0),(385,'pdfs/événement_chantilly_11092016.pdf','événement',45,'2016-09-11','chantilly',0),(386,'pdfs/cpc_chantilly_11092016.pdf','cpc',45,'2016-09-11','chantilly',0),(387,'pdfs/cpc_argentan_11092016.pdf','cpc',45,'2016-09-11','argentan',0),(388,'pdfs/événement_rabat_11092016.pdf','événement',45,'2016-09-11','rabat',0),(389,'pdfs/cpc_rabat_11092016.pdf','cpc',45,'2016-09-11','rabat',0),(390,'pdfs/événement_toulouse_13092016.pdf','événement',45,'2016-09-13','toulouse',0),(391,'pdfs/cpc_toulouse_13092016.pdf','cpc',45,'2016-09-13','toulouse',0),(392,'pdfs/cpc_fontainebleau_13092016.pdf','cpc',45,'2016-09-13','fontainebleau',0),(393,'pdfs/événement_angers_14092016.pdf','événement',45,'2016-09-14','angers',0),(394,'pdfs/cpc_saintcloud_14092016.pdf','cpc',45,'2016-09-14','saintcloud',0),(395,'pdfs/cpc_angers_14092016.pdf','cpc',45,'2016-09-14','angers',0),(396,'pdfs/cpc_casa_14092016.pdf','cpc',45,'2016-09-14','casa',0),(397,'pdfs/TQQ_casa_14092016.pdf','TQQ+',45,'2016-09-14','casa',0),(398,'pdfs/cpc_auteuil_15092016.pdf','cpc',45,'2016-09-15','auteuil',0),(399,'pdfs/événement_auteuil_15092016.pdf','événement',45,'2016-09-15','auteuil',0),(400,'pdfs/cpc_lessables_15092016.pdf','cpc',45,'2016-09-15','lessables',0),(401,'pdfs/cpc_melnès_15092016.pdf','cpc',45,'2016-09-15','melnès',0),(402,'pdfs/événement_meknès_15092016.pdf','événement',45,'2016-09-15','meknès',0),(403,'pdfs/événement_vincennes_16092016.pdf','événement',45,'2016-09-16','vincennes',0),(404,'pdfs/cpc_vincennes_16092016.pdf','cpc',45,'2016-09-16','vincennes',0),(405,'pdfs/événement_casa_16092016.pdf','événement',45,'2016-09-16','casa',0),(406,'pdfs/cpc_casa_16092016.pdf','cpc',45,'2016-09-16','casa',0),(407,'pdfs/événement_maisonslaffitte_17092016.pdf','événement',45,'2016-09-17','maisonslaffitte',0),(408,'pdfs/cpc_maisonslaffitte_17092016.pdf','cpc',45,'2016-09-17','maisonslaffitte',0),(409,'pdfs/événement_khemisset_17092016.pdf','événement',45,'2016-09-17','khemisset',0),(410,'pdfs/cpc_mauquenchy_17092016.pdf','cpc',45,'2016-09-17','mauquenchy',0),(411,'pdfs/cpc_khemisset_17092016.pdf','cpc',45,'2016-09-17','khemisset',0),(412,'pdfs/cpc_compiègne_18092016.pdf','cpc',45,'2016-09-18','compiègne',0),(413,'pdfs/cpc_rabat_18092016.pdf','cpc',45,'2016-09-18','rabat',0),(414,'pdfs/événement_rabat_18092016.pdf','événement',45,'2016-09-18','rabat',0),(415,'pdfs/événement_vincennes_18092016.pdf','événement',45,'2016-09-18','vincennes',0),(416,'pdfs/cpc_vincennes_18092016.pdf','cpc',45,'2016-09-18','vincennes',0),(417,'pdfs/cpc_saintcloud_19092016.pdf','cpc',45,'2016-09-19','saintcloud',0),(418,'pdfs/événement_saintcloud_19092016.pdf','événement',45,'2016-09-19','saintcloud',0),(419,'pdfs/cpc_vincennes_19092016.pdf','cpc',45,'2016-09-19','vincennes',0),(420,'pdfs/TQQ_casa_19092016.pdf','TQQ+',45,'2016-09-19','casa',0),(421,'pdfs/cpc_casa_19092016.pdf','cpc',45,'2016-09-19','casa',0),(422,'pdfs/événement_auteuil_20092016.pdf','événement',45,'2016-09-20','auteuil',0),(423,'pdfs/cpc_auteuil_20092016.pdf','cpc',45,'2016-09-20','auteuil',0),(424,'pdfs/cpc_laval_20092016.pdf','cpc',45,'2016-09-20','laval',0),(425,'pdfs/cpc_laroche_21092016.pdf','cpc',45,'2016-09-21','laroche',0),(426,'pdfs/événement_vincennes_22092016.pdf','événement',45,'2016-09-22','vincennes',0),(427,'pdfs/cpc_vincennes_22092016.pdf','cpc',45,'2016-09-22','vincennes',0),(428,'pdfs/cpc_saintcloud_22092016.pdf','cpc',45,'2016-09-22','saintcloud',0),(429,'pdfs/cpc_meknès_22092016.pdf','cpc',45,'2016-09-22','meknès',0),(430,'pdfs/événement_meknès_22092016.pdf','événement',45,'2016-09-22','meknès',0),(431,'pdfs/evenement_vincennes_23092016.pdf','evenement',45,'2016-09-23','vincennes',0),(432,'pdfs/cpc_vincennes_23092016.pdf','cpc',45,'2016-09-23','vincennes',0),(433,'pdfs/cpc_fontainebleau_23092016.pdf','cpc',45,'2016-09-23','fontainebleau',0),(434,'pdfs/TQQ_casa_23092016.pdf','TQQ+',45,'2016-09-23','casa',0),(435,'pdfs/cpc_casa_23092016.pdf','cpc',45,'2016-09-23','casa',0),(436,'pdfs/événement_auteuil_24092016.pdf','événement',45,'2016-09-24','auteuil',0),(437,'pdfs/cpc_mauquenchy_24092016.pdf','cpc',45,'2016-09-24','mauquenchy',0),(438,'pdfs/cpc_auteuil_24092016.pdf','cpc',45,'2016-09-24','auteuil',0),(439,'pdfs/événement_khemisset_24092016.pdf','événement',45,'2016-09-24','khemisset',0),(440,'pdfs/événement_vincennes_25092016.pdf','événement',45,'2016-09-25','vincennes',0),(441,'pdfs/cpc_vincennes_25092016.pdf','cpc',45,'2016-09-25','vincennes',0),(442,'pdfs/cpc_craon_25092016.pdf','cpc',45,'2016-09-25','craon',0),(443,'pdfs/événement_rabat_25092016.pdf','événement',45,'2016-09-25','rabat',0),(444,'pdfs/cpc_maisons-laffitte_26092016.pdf','cpc',45,'2016-09-26','maisons-laffitte',0),(445,'pdfs/événement_craon_26092016.pdf','événement',45,'2016-09-26','craon',0),(446,'pdfs/cpc_craon_26092016.pdf','cpc',45,'2016-09-26','craon',0),(447,'pdfs/cpc_enghien_27092016.pdf','cpc',45,'2016-09-27','enghien',0),(448,'pdfs/événement_saintmichel_28092016.pdf','événement',45,'2016-09-28','saintmichel',0),(449,'pdfs/événement_settat_28092016.pdf','événement',45,'2016-09-28','settat',0),(450,'pdfs/cpc_mans_28092016.pdf','cpc',45,'2016-09-28','mans',0),(451,'pdfs/cpc_settat_28092016.pdf','cpc',45,'2016-09-28','settat',0),(452,'pdfs/événement_compiègne_29092016.pdf','événement',45,'2016-09-29','compiègne',0),(453,'pdfs/cpc_fontainebleau_29092016.pdf','cpc',45,'2016-09-29','fontainebleau',0),(454,'pdfs/cpc_meknès_29092016.pdf','cpc',45,'2016-09-29','meknès',0),(455,'pdfs/evenement_vincennes_30092016.pdf','evenement',45,'2016-09-30','vincennes',0),(456,'pdfs/TQQ_casa_30092016.pdf','TQQ+',45,'2016-09-30','casa',0),(457,'pdfs/cpc_vincennes_30092016.pdf','cpc',45,'2016-09-30','vincennes',0),(458,'pdfs/cpc_casa_30092016.pdf','cpc',45,'2016-09-30','casa',0),(459,'pdfs/événement_chantilly_01102016.pdf','événement',45,'2016-10-01','chantilly',0),(460,'pdfs/TQQ_khemisset_01102016.pdf','TQQ+',45,'2016-10-01','khemisset',0),(461,'pdfs/cpc_chantilly_01102016.pdf','cpc',45,'2016-10-01','chantilly',0),(462,'pdfs/cpc_toulouse_01102016.pdf','cpc',45,'2016-10-01','toulouse',0),(463,'pdfs/cpc_khemisset_01102016.pdf','cpc',45,'2016-10-01','khemisset',0),(464,'pdfs/cpc_rabat_02102016.pdf','cpc',45,'2016-10-02','rabat',0),(465,'pdfs/tiercé_rabat_02102016.pdf','tiercé',45,'2016-10-02','rabat',0),(466,'pdfs/evenement_chantilly_02102016.pdf','evenement',45,'2016-10-02','chantilly',0),(467,'pdfs/cpc_chantilly_02102016.pdf','cpc',45,'2016-10-02','chantilly',0),(468,'pdfs/cpc_strasbourg_02102016.pdf','cpc',45,'2016-10-02','strasbourg',0),(469,'pdfs/événement_auteuil_04102016.pdf','événement',45,'2016-10-04','auteuil',0),(470,'pdfs/cpc_compiègne_04102016.pdf','cpc',45,'2016-10-04','compiègne',0),(471,'pdfs/cpc_auteuil_04102016.pdf','cpc',45,'2016-10-04','auteuil',0),(472,'pdfs/cpc_toulouse_05102016.pdf','cpc',45,'2016-10-05','toulouse',0),(473,'pdfs/evenement_Meslay_05102016.pdf','evenement',45,'2016-10-05','Meslay',0),(474,'pdfs/TQQ_settat_05102016.pdf','TQQ+',45,'2016-10-05','settat',0),(475,'pdfs/cpc_settat_05102016.pdf','cpc',45,'2016-10-05','settat',0),(476,'pdfs/événement_fontainebleau_06102016.pdf','événement',45,'2016-10-06','fontainebleau',0),(477,'pdfs/cpc_fontainebleau_06102016.pdf','cpc',45,'2016-10-06','fontainebleau',0),(478,'pdfs/cpc_meknès_06102016.pdf','cpc',45,'2016-10-06','meknès',0),(479,'pdfs/TQQ_meknès_06102016.pdf','TQQ+',45,'2016-10-06','meknès',0),(480,'pdfs/événement_vincennes_07102016.pdf','événement',45,'2016-10-07','vincennes',0),(481,'pdfs/cpc_maisons-laffitte_07102016.pdf','cpc',45,'2016-10-07','maisons-laffitte',0),(482,'pdfs/cpc_vincennes_07102016.pdf','cpc',45,'2016-10-07','vincennes',0),(483,'pdfs/TQQ_casa_08102016.pdf','TQQ+',45,'2016-10-08','casa',0),(484,'pdfs/cpc_vivaux_08102016.pdf','cpc',45,'2016-10-08','vivaux',0),(485,'pdfs/événement_chantilly_08102016.pdf','événement',45,'2016-10-08','chantilly',0),(486,'pdfs/cpc_chantilly_08102016.pdf','cpc',45,'2016-10-08','chantilly',0),(487,'pdfs/cpc_casa_08102016.pdf','cpc',45,'2016-10-08','casa',0),(488,'pdfs/cpc_auteuil_09102016.pdf','cpc',45,'2016-10-09','auteuil',0),(489,'pdfs/événement_auteuil_09102016.pdf','événement',45,'2016-10-09','auteuil',0),(490,'pdfs/cpc_mauquenchy_09102016.pdf','cpc',45,'2016-10-09','mauquenchy',0),(491,'pdfs/événement_rabat_09102016.pdf','événement',45,'2016-10-09','rabat',0),(492,'pdfs/cpc_rabat_09102016.pdf','cpc',45,'2016-10-09','rabat',0),(493,'pdfs/événement_feurs_10102016.pdf','événement',45,'2016-10-10','feurs',0),(494,'pdfs/cpc_feurs_10102016.pdf','cpc',45,'2016-10-10','feurs',0),(495,'pdfs/Communique_de_Presse_tTFb0Ad.pdf','Le rétablissement des chevaux du Haras Al Doum',47,NULL,'',0),(496,'pdfs/dossier_de_presse_Pur_Sang_Anglais_def_S5lpd5o.pdf','cp ',52,NULL,'',0),(497,'pdfs/depliant_des_races_eoYtF8Q.pdf','Dépliant des races',8,NULL,'',0),(500,'pdfs/Communique_de_Presse_tTFb0Ad_qSW62xN.pdf','Le rétablissement des chevaux du Haras Al Doum',16,NULL,'',1),(501,'pdfs/DP_SOREC_SDC_2016_1ilM3DB_praUb2W.pdf','Salon du Cheval d\'El Jadida 2016',16,NULL,'',1),(502,'pdfs/DP_JPO_VF_nXRMIus.pdf','Journées Portes Ouvertes des Haras Nationaux 2016',16,NULL,'',1),(503,'pdfs/dossier_de_presse_Pur_Sang_Angl_-_AR_BP6Rs58.pdf','Journée International du Pur-Sang Anglais VA',16,NULL,'',1),(504,'pdfs/hespress_def.pdf','...الصقلي: نروم جعل تربية الخيول محركا - Hespress',15,NULL,'',1),(505,'pdfs/leconomiste_def.pdf','Filière équine - L\'économiste',15,NULL,'',1),(506,'pdfs/Depliant_instit_SOREC_J9tOeMz.pdf','Dépliant institutionnel de la SOREC',17,NULL,'',1),(507,'pdfs/depliant_des_races_A0sq2Yi.pdf','Dépliant des races de chevaux',18,NULL,'',1),(509,'pdfs/Depliant_CNIAEB__Ks1m2HZ.pdf','Dépliant CNIAEB',37,NULL,'',1),(510,'pdfs/Brochure-Formation-Cavaliers_XgiLwyr.pdf','Brochure formation des cavaliers',39,NULL,'',1),(511,'pdfs/Depliant-Arts-Equestres_nJQCncR.pdf','Dépliant arts équestres',22,NULL,'',1),(512,'pdfs/Depliant-Arts-Equestres_j8q0U0w.pdf','Dépliant arts équestres',5,NULL,'',1),(513,'pdfs/T.Q.Q_meknes_09112017.pdf','T.Q.Q+ - meknès',25,NULL,'',0),(514,'pdfs/T.Q.Q_meknes_09112017_oVhg0Hy.pdf','T.Q.Q+ - meknès',25,NULL,'',1),(516,'pdfs/dep_meeting_VLtrDao.pdf','Télécharger la brochure du Meeting International du Maroc',49,NULL,'',1),(517,'pdfs/inter_r-v-_PROGRAMME_TEBOURIDA_2016_modifier_21__0_2016-_sorec.compressed_SyNKKf0_MWRgFQ4.pdf','Concours de Tbourida',41,NULL,'',1),(518,'pdfs/Programme_de_concours_2017_DEF_YbedTBq.pdf','Concours d\'élevage test',3,NULL,'',1),(519,'pdfs/Programme_de_concours_2017_DEF_YbedTBq_hpceVE0.pdf','Concours d\'élevage',23,NULL,'',0),(521,'pdfs/Programme_de_concours_2017_DEF_YbedTBq_Kt3DA0t.pdf','Concours d\'élevage',42,NULL,'',1),(522,'pdfs/Programme_de_concours_2017_DEF_YbedTBq_iZeLKjk.pdf','Concours d\'élevage',48,NULL,'',1),(523,'pdfs/Avant_Programme__Concours.pdf','Meeting National Barbe et Arabe-Barbe | Avant programme Concours',48,NULL,'',1),(524,'pdfs/Avant_Programme__VAE.pdf','Meeting National Barbe et Arabe-Barbe | Avant programme Enchères',48,NULL,'',1),(525,'pdfs/Avant_Programme__RALLYE.pdf','Meeting National Barbe et Arabe-Barbe | Avant programme Rallye',48,NULL,'',1),(526,'pdfs/Depliant_MEETING_NATIONAL_DU_BARBE__ARABE-BARBE.pdf','Meeting National Barbe et Arabe Barbe | Dépliant',48,NULL,'',1),(529,'pdfs/depliant-tbourida-ar.pdf','التبوريدة',28,NULL,'',0),(530,'pdfs/Depliant_instit_SOREC_kviPjfv.pdf','الشركة الملكية لتجشيع الفرس',17,NULL,'',0),(531,'pdfs/depliant_des_racesar.pdf','سلالات الخيول',18,NULL,'',0),(532,'pdfs/Les-haras-nationaux-ar.pdf','المرابط الوطنية',37,NULL,'',0),(533,'pdfs/Depliant_CNIAEB_ar.pdf','المركز الوطني للتلقيح الاصطناعي بوزنيقة',37,NULL,'',0),(534,'pdfs/L-univers-des-courses-hippiques-ar.pdf','100 سنة من السباقات',38,NULL,'',0),(535,'pdfs/Brochure-Formation-Cavaliers-ar.pdf','تكوين في مهن سباقات الخيل',31,NULL,'',0),(536,'pdfs/Depliant-Arts-Equestres-ar.pdf','فنون الفرس',32,NULL,'',0),(537,'pdfs/inter_r-v-_PROGRAMME_TEBOURIDA_2016_modifier_21__0_2016-_sorec.compressed_SyNKKf0-ar.pdf','مسابقات التبوريدة',1,NULL,'',0),(538,'pdfs/Programme_de_concours_2017_DEF_jrJhCiJ-ar.pdf','مسابقات تربية الخيول',23,NULL,'',0),(539,'pdfs/hespress_def_Tqw9UFM.pdf','...الصقلي: نروم جعل تربية الخيول محركا - Hespress',15,NULL,'',0),(540,'pdfs/leconomiste_def_3DB4Elb.pdf','Filière équine - L\'économiste',15,NULL,'',0),(541,'pdfs/Communique_de_Presse_tTFb0Ad_qSW62xN_ZmxJXru.pdf','Le rétablissement des chevaux du Haras Al Doum',16,NULL,'',0),(542,'pdfs/DP_SOREC_SDC_2016_6sbGpx7_6WHclT2.pdf','معرض الحصان بالجديدة 2016 ',16,NULL,'',0),(543,'pdfs/DP_JPO_VF_jf6mSsO.pdf','2016 أيام الأبواب المفتوحة',16,NULL,'',0),(544,'pdfs/dossier_de_presse_Pur_Sang_Angl_-_AR_g7y7H6A.pdf','السلالة الانجليزية الأصيلة',16,NULL,'',0),(546,'pdfs/Brochure-Formation-Cavaliers_pY3OdPg.pdf','Brochure Formation Cavaliers',31,NULL,'',1),(547,'pdfs/Depliant-Arts-Equestres_ajyC0Fv.pdf','Arts equéstres',32,NULL,'',1),(548,'pdfs/Depliant_MEETING_NATIONAL_DU_BARBE__ARABE-BARBE_0A9584o.pdf','Meeting National Barbe et Arabe Barbe | Dépliant',50,NULL,'',1),(549,'pdfs/Avant_Programme__RALLYE_Gw2thxd.pdf','Meeting National Barbe et Arabe-Barbe | Avant programme Rallye',50,NULL,'',1),(550,'pdfs/Avant_Programme__VAE_oOy9MaJ.pdf','Meeting National Barbe et Arabe-Barbe | Avant programme Enchères',50,NULL,'',1),(551,'pdfs/Avant_Programme__Concours_qoB1wMx.pdf','Meeting National Barbe et Arabe-Barbe | Avant programme Concours',50,NULL,'',1),(552,'pdfs/Programme_de_concours_2017_DEF_YbedTBq_KDPEPRF.pdf','Concours d\'élevage',50,NULL,'',1),(553,'pdfs/inter_r-v-_PROGRAMME_TEBOURIDA_2016_modifier_21__0_2016-_sorec.compressed_SyNKKf0_eWHbVob.pdf','مسابقات التبوريدة',41,NULL,'',0),(554,'pdfs/Programme_de_concours_2017_DEF_jrJhCiJ.pdf','مسابقات تربية الخيول',50,NULL,'',0),(555,'pdfs/Avant_Programme__Concours_LgtiyyI.pdf','Meeting National Barbe et Arabe-Barbe | Avant programme Concours',50,NULL,'',0),(556,'pdfs/Avant_Programme__VAE_w5eDvSK.pdf','Meeting National Barbe et Arabe-Barbe | Avant programme Enchères',50,NULL,'',0),(557,'pdfs/Avant_Programme__RALLYE_u73TjFU.pdf','Meeting National Barbe et Arabe-Barbe | Avant programme Rallye',50,NULL,'',0),(558,'pdfs/Depliant_MEETING_NATIONAL_DU_BARBE__ARABE-BARBE_1.pdf','Meeting National Barbe et Arabe Barbe | Dépliant',50,NULL,'',0),(559,'pdfs/Depliant_instit_SOREC_dNQI40l.pdf','الشركة الملكية لتجشيع الفرس',17,NULL,'',0);

--
-- Table structure for table `galerie_photo`
--

CREATE TABLE `galerie_photo` (
  `id` int(11) NOT NULL AUTO_INCREMENT,
  `photo` varchar(100) DEFAULT NULL,
  `titre` varchar(250) DEFAULT NULL,
  `galerie_id` int(11) NOT NULL,
  `url` varchar(250) DEFAULT NULL,
  `titre_ar` varchar(250) DEFAULT NULL,
  `titre_fr` varchar(250) DEFAULT NULL,
  `photo_ar` varchar(100) DEFAULT NULL,
  `photo_fr` varchar(100) DEFAULT NULL,
  PRIMARY KEY (`id`),
  KEY `galerie_photo_galerie_id_6576c87e9d6417af_fk_galerie_galerie_id` (`galerie_id`),
  CONSTRAINT `galerie_photo_galerie_id_6576c87e9d6417af_fk_galerie_galerie_id` FOREIGN KEY (`galerie_id`) REFERENCES `galerie_galerie` (`id`)
) ENGINE=InnoDB AUTO_INCREMENT=211 DEFAULT CHARSET=utf8;

--
-- Dumping data for table `galerie_photo`
--

INSERT INTO `galerie_photo` VALUES (19,'photos/_B9Q0994GP_SM_Med_VI_PlgrPtq_gA7NCyD.jpg',NULL,5,'',NULL,NULL,'photos/_B9Q0994GP_SM_Med_VI_PlgrPtq_gA7NCyD_m1kWZjz.jpg','photos/_B9Q0994GP_SM_Med_VI_PlgrPtq_gA7NCyD.jpg'),(20,'photos/_MG_5807_BW71Vbe.jpg',NULL,5,'',NULL,NULL,'photos/_MG_5807_BW71Vbe_vdw0WTl.jpg','photos/_MG_5807_BW71Vbe.jpg'),(21,'photos/Haras_de_Meknes____-_SOREC_-_Cr_-_Sife_Elamine_-_2011_-_Haute_Def-7008_LL68rej.jpg','',5,'','','','photos/Haras_de_Meknes____-_SOREC_-_Cr_-_Sife_Elamine_-_2011_-_Haute_Def-7008_LL68rej.jpg','photos/Haras_de_Meknes____-_SOREC_-_Cr_-_Sife_Elamine_-_2011_-_Haute_Def-7008_LL68rej.jpg'),(27,'photos/Fond_Web_1920x580_VAVF_0DqLRep.jpg',NULL,6,'',NULL,NULL,'photos/Fond_Web_1920x580_VAVF_shafXH7.jpg','photos/Fond_Web_1920x580_VAVF_0DqLRep.jpg'),(29,'photos/_B9Q0923_GP_SM_Med_V_PSA.jpg','Grands Prix',7,'','Grands Prix','Grands Prix','photos/_B9Q0923_GP_SM_Med_V_PSA.jpg','photos/_B9Q0923_GP_SM_Med_V_PSA.jpg'),(30,'photos/_B9Q0580.JPG','Grands Prix',7,'','Grands Prix','Grands Prix','photos/_B9Q0580.JPG','photos/_B9Q0580.JPG'),(31,'photos/_B9Q0920_Depart_GP_Med_V.jpg','Grands Prix',7,'','Grands Prix','Grands Prix','photos/_B9Q0920_Depart_GP_Med_V.jpg','photos/_B9Q0920_Depart_GP_Med_V.jpg'),(32,'photos/_B9Q0923_GP_SM_Med_V.jpg','Grands Prix',7,'','Grands Prix','Grands Prix','photos/_B9Q0923_GP_SM_Med_V.jpg','photos/_B9Q0923_GP_SM_Med_V.jpg'),(33,'photos/_B9Q0944.JPG','Grands Prix',7,'','Grands Prix','Grands Prix','photos/_B9Q0944.JPG','photos/_B9Q0944.JPG'),(34,'photos/_B9Q5831.JPG','Grands Prix',7,'','Grands Prix','Grands Prix','photos/_B9Q5831.JPG','photos/_B9Q5831.JPG'),(35,'photos/10385484_1529864027251987_1987798474278127713_n.jpg','Grands Prix',7,'','Grands Prix','Grands Prix','photos/10385484_1529864027251987_1987798474278127713_n.jpg','photos/10385484_1529864027251987_1987798474278127713_n.jpg'),(36,'photos/roi.jpg','Meeting',7,'','Meeting','Meeting','photos/roi.jpg','photos/roi.jpg'),(37,'photos/P15.jpg','JPO et Caravane',7,'','JPO et Caravane','JPO et Caravane','photos/P15.jpg','photos/P15.jpg'),(38,'photos/_MG_6974.JPG','Concours de Tbourida',7,'','Concours de Tbourida','Concours de Tbourida','photos/_MG_6974.JPG','photos/_MG_6974.JPG'),(39,'photos/MRC_040215_1121B.jpg','Concours de Tbourida',7,'','Concours de Tbourida','Concours de Tbourida','photos/MRC_040215_1121B.jpg','photos/MRC_040215_1121B.jpg'),(40,'photos/_MG_5857.JPG','Concours d\'élevage',7,'','Concours d\'élevage','Concours d\'élevage','photos/_MG_5857.JPG','photos/_MG_5857.JPG'),(41,'photos/in_2.jpg','Salon du cheval',7,'','Salon du cheval','Salon du cheval','photos/in_2.jpg','photos/in_2.jpg'),(42,'photos/STAND_GOO_3.jpg','Salon du cheval',7,'','Salon du cheval','Salon du cheval','photos/STAND_GOO_3.jpg','photos/STAND_GOO_3.jpg'),(43,'photos/5eme_edition_des_Journees_Portes_Ouvertes_aux_Haras_Nationaux_1WXtqNI.jpg','5ème édition des Journées Portes Ouvertes aux Haras Nationaux',8,'',NULL,'5ème édition des Journées Portes Ouvertes aux Haras Nationaux','photos/5eme_edition_des_Journees_Portes_Ouvertes_aux_Haras_Nationaux_QAqV1DY.jpg','photos/5eme_edition_des_Journees_Portes_Ouvertes_aux_Haras_Nationaux_1WXtqNI.jpg'),(44,'photos/Haras_National_de_Bouznika_-_Concours_de_marechalerie_chevaux_montes_et_entretien_ZTC2n0W.jpg','Haras National de Bouznika - Concours de maréchalerie, chevaux montés et entretien du cheval',8,'',NULL,'Haras National de Bouznika - Concours de maréchalerie, chevaux montés et entretien du cheval','photos/Haras_National_de_Bouznika_-_Concours_de_marechalerie_chevaux_montes_et_entretien_MOIJuvu.jpg','photos/Haras_National_de_Bouznika_-_Concours_de_marechalerie_chevaux_montes_et_entretien_ZTC2n0W.jpg'),(45,'photos/Haras_National_de_Bouznika_-_Edition_2016_des_JPO.jpg','Haras National de Bouznika - Edition 2016 des JPO',8,'',NULL,'Haras National de Bouznika - Edition 2016 des JPO','photos/Haras_National_de_Bouznika_-_Edition_2016_des_JPO_g1rrn9B.jpg','photos/Haras_National_de_Bouznika_-_Edition_2016_des_JPO.jpg'),(46,'photos/5_U556hqr.jpg','Tbourida',9,'',NULL,'Tbourida','photos/5_onriX6H.jpg','photos/5_U556hqr.jpg'),(47,'photos/2_TzcvHNd.jpg','Tbourida',9,'',NULL,'Tbourida','photos/2_TzcvHNd.jpg','photos/2_TzcvHNd.jpg'),(48,'photos/3_gikVwB9.jpg','Tbourida',9,'',NULL,'Tbourida','photos/3_gikVwB9.jpg','photos/3_gikVwB9.jpg'),(49,'photos/4.jpg','Tbourida',9,'',NULL,'Tbourida','photos/4.jpg','photos/4.jpg'),(50,'photos/1_Qt0werI_8DBlV0t.jpg','Tbourida',9,'',NULL,'Tbourida','photos/1_Qt0werI_yb01V0J.jpg','photos/1_Qt0werI_8DBlV0t.jpg'),(51,'photos/1_eJ6EO91.jpg',NULL,10,'','تربية الخيول',NULL,'photos/1_eJ6EO91.jpg','photos/1_eJ6EO91.jpg'),(52,'photos/2_5YA6irl.jpg','',10,'','','','photos/2_5YA6irl.jpg','photos/2_5YA6irl.jpg'),(61,'photos/47.PNG','test titre',12,'https://www.youtube.com/watch?v=7XxqMJByI2k','test titre arabe','test titre','photos/47.PNG','photos/47.PNG'),(62,'photos/v3.PNG','',12,'https://www.youtube.com/watch?v=7XxqMJByI2k','','','photos/v3.PNG','photos/v3.PNG'),(66,'photos/v4.PNG','',12,'https://www.youtube.com/watch?v=d7xdQW5_n4I','','','photos/v4.PNG','photos/v4.PNG'),(81,'photos/_MG_3656_-_copie.JPG','Concours d\'élevage ',15,'','سباقات تربية الخيول','Concours d\'élevage ','photos/_MG_3656_-_copie.JPG','photos/_MG_3656_-_copie.JPG'),(82,'photos/_MG_3838_-_copie.JPG','Concours d\'élevage ',15,'','سباقات تربية الخيول','Concours d\'élevage ','photos/_MG_3838_-_copie.JPG','photos/_MG_3838_-_copie.JPG'),(83,'photos/_MG_4121_-_copie.JPG','Concours d\'élevage ',15,'','سباقات تربية الخيول','Concours d\'élevage ','photos/_MG_4121_-_copie.JPG','photos/_MG_4121_-_copie.JPG'),(84,'photos/_MG_4799.JPG','Concours d\'élevage ',15,'','سباقات تربية الخيول','Concours d\'élevage ','photos/_MG_4799.JPG','photos/_MG_4799.JPG'),(85,'photos/_MG_7218.JPG','Concours d\'élevage ',15,'','سباقات تربية الخيول','Concours d\'élevage ','photos/_MG_7218_5X1zPWl.JPG','photos/_MG_7218.JPG'),(86,'photos/_MG_7555.JPG','Concours d\'élevage ',15,'','سباقات تربية الخيول','Concours d\'élevage ','photos/_MG_7555.JPG','photos/_MG_7555.JPG'),(87,'photos/_B9Q3579_Arrivee_GP_SCH_Casa_.jpg','Meeting international des Courses',16,'','الملتقى الدولي للسباقات ','Meeting international des Courses','photos/_B9Q3579_Arrivee_GP_SCH_Casa_.jpg','photos/_B9Q3579_Arrivee_GP_SCH_Casa_.jpg'),(88,'photos/_B9Q3797.JPG','Meeting international des Courses',16,'','الملتقى الدولي للسباقات ','Meeting international des Courses','photos/_B9Q3797.JPG','photos/_B9Q3797.JPG'),(89,'photos/_B9Q3954.JPG','Meeting international des Courses',16,'','Meeting international des Courses','Meeting international des Courses','photos/_B9Q3954.JPG','photos/_B9Q3954.JPG'),(90,'photos/_B9Q3969_Remise_GP_SM_Le_Roi_Med_VI_.JPG','Meeting international des Courses',16,'','الملتقى الدولي للسباقات ','Meeting international des Courses','photos/_B9Q3969_Remise_GP_SM_Le_Roi_Med_VI_.JPG','photos/_B9Q3969_Remise_GP_SM_Le_Roi_Med_VI_.JPG'),(91,'photos/slide_first_g67GcYi.jpg','',13,'http://www.sorec.ma','','','photos/slide_first_g67GcYi.jpg','photos/slide_first_g67GcYi.jpg'),(98,'photos/v5.PNG','',12,'https://www.youtube.com/watch?v=0La1cJ8KtME','','','photos/v5.PNG','photos/v5.PNG'),(99,'photos/Sans_titre.png','',12,'https://www.youtube.com/watch?v=67ponyLdVi8','','','photos/Sans_titre.png','photos/Sans_titre.png'),(100,'photos/v8.PNG','',12,'https://www.youtube.com/watch?v=a_sX2G-B6k8','','','photos/v8.PNG','photos/v8.PNG'),(101,'photos/992x458_bleu.jpg',NULL,17,'',NULL,NULL,'photos/BANNIERE-ÉLEVEUR-1920X580-VA_kOSVXXC.jpg','photos/992x458_bleu.jpg'),(102,'photos/1920X580-VA.jpg',NULL,17,'',NULL,NULL,'photos/BANNIERE_FEMME_JOKEY_1920X580_VA.jpg','photos/1920X580-VA.jpg'),(103,'',NULL,17,'',NULL,NULL,'photos/BANNIERE-ART-EQUEST-1920X580-VA_xz9nB7A.jpg',''),(104,'',NULL,17,'',NULL,NULL,'photos/BANNIERE-BARBE-1920X580-VA_TxbmKTC.jpg',''),(105,'',NULL,17,'',NULL,NULL,'photos/BANNIERE-1920X580-TBOURIDA-VA_O7ygg1d.jpg',''),(118,'photos/1_Cours_dethologie_scientifique_Rp8BqxI.jpg','Cours d\'éthologie scientifique - SOREC et Ekinatural',32,'',NULL,'Cours d\'éthologie scientifique - SOREC et Ekinatural','photos/1_Cours_dethologie_scientifique_Rp8BqxI_XDpennX.jpg','photos/1_Cours_dethologie_scientifique_Rp8BqxI.jpg'),(119,'photos/2_Dadda_Be_4_ans_-_Formation_a_pied_Savoir_3_FFE_qX1L7E0.jpg','Dadda (Barbe, 4 ans) - Formation à pied (Savoir 3 FFE)',32,'',NULL,'Dadda (Barbe, 4 ans) - Formation à pied (Savoir 3 FFE)','photos/2_Dadda_Be_4_ans_-_Formation_a_pied_Savoir_3_FFE_qX1L7E0_5QnWE61.jpg','photos/2_Dadda_Be_4_ans_-_Formation_a_pied_Savoir_3_FFE_qX1L7E0.jpg'),(120,'photos/4_Dadda_Be_4_ans_et_Driss_Korbi_kfzEi1f.jpg','Dadda (Barbe, 4 ans) et Driss Korbi',32,'',NULL,'Dadda (Barbe, 4 ans) et Driss Korbi','photos/4_Dadda_Be_4_ans_et_Driss_Korbi_kfzEi1f_5TKr8gi.jpg','photos/4_Dadda_Be_4_ans_et_Driss_Korbi_kfzEi1f.jpg'),(121,'photos/5_Dadda_Be_4_ans_et_Driss_Korbi.jpg','Dadda (Barbe, 4 ans) et Driss Korbi',32,'',NULL,'Dadda (Barbe, 4 ans) et Driss Korbi','photos/5_Dadda_Be_4_ans_et_Driss_Korbi_uxjwdLd.jpg','photos/5_Dadda_Be_4_ans_et_Driss_Korbi.jpg'),(122,'photos/6_Dadda_Be_4_ans_et_Driss_Korbi.jpg','Dadda (Barbe, 4 ans) et Driss Korbi',32,'',NULL,'Dadda (Barbe, 4 ans) et Driss Korbi','photos/6_Dadda_Be_4_ans_et_Driss_Korbi_Nho5VrV.jpg','photos/6_Dadda_Be_4_ans_et_Driss_Korbi.jpg'),(123,'photos/12_Damam_JM_ArBe_4_ans_et_Mohcine_El_Kelch.jpg','Damam JM (Arabe Barbe, 4 ans) et Mohcine El Kelch',32,'',NULL,'Damam JM (Arabe Barbe, 4 ans) et Mohcine El Kelch','photos/12_Damam_JM_ArBe_4_ans_et_Mohcine_El_Kelch_UDo26c9.jpg','photos/12_Damam_JM_ArBe_4_ans_et_Mohcine_El_Kelch.jpg'),(124,'photos/29_Dikken_Be_4_ans_et_Adil_Rdif.jpg','Dikken (Barbe, 4 ans) et Adil Rdif',32,'',NULL,'Dikken (Barbe, 4 ans) et Adil Rdif','photos/29_Dikken_Be_4_ans_et_Adil_Rdif_kbVe9ST.jpg','photos/29_Dikken_Be_4_ans_et_Adil_Rdif.jpg'),(125,'photos/30_Dikken_Be_4_ans_et_Adil_Rdif.jpg','Dikken (Barbe, 4 ans) et Adil Rdif',32,'',NULL,'Dikken (Barbe, 4 ans) et Adil Rdif','photos/30_Dikken_Be_4_ans_et_Adil_Rdif_dEYgIgs.jpg','photos/30_Dikken_Be_4_ans_et_Adil_Rdif.jpg'),(126,'photos/31_Dikken_Be_4_ans_et_Adil_Rdif.jpg','Dikken (Barbe, 4 ans) et Adil Rdif',32,'',NULL,'Dikken (Barbe, 4 ans) et Adil Rdif','photos/31_Dikken_Be_4_ans_et_Adil_Rdif_trnG3HP.jpg','photos/31_Dikken_Be_4_ans_et_Adil_Rdif.jpg'),(127,'photos/32_Dikken_Be_4_ans_et_Adil_Rdif.jpg','Dikken (Barbe, 4 ans) et Adil Rdif',32,'',NULL,'Dikken (Barbe, 4 ans) et Adil Rdif','photos/32_Dikken_Be_4_ans_et_Adil_Rdif_O0nKxuj.jpg','photos/32_Dikken_Be_4_ans_et_Adil_Rdif.jpg'),(128,'photos/33_Dikken_Be_4_ans_et_Gwladys_Lecarpentier.jpg','Dikken (Barbe, 4 ans) et Gwladys Lecarpentier',32,'',NULL,'Dikken (Barbe, 4 ans) et Gwladys Lecarpentier','photos/33_Dikken_Be_4_ans_et_Gwladys_Lecarpentier_VpcLrkG.jpg','photos/33_Dikken_Be_4_ans_et_Gwladys_Lecarpentier.jpg'),(129,'photos/38_Dloul_ArBe_4_ans_et_Hicham_Hamda.jpg','Dloul (Arabe Barbe, 4 ans) et Hicham Hamda',32,'',NULL,'Dloul (Arabe Barbe, 4 ans) et Hicham Hamda','photos/38_Dloul_ArBe_4_ans_et_Hicham_Hamda_wF3q6Af.jpg','photos/38_Dloul_ArBe_4_ans_et_Hicham_Hamda.jpg'),(130,'photos/39_Dloul_ArBe_4_ans_et_Hicham_Hamda_MpRovRJ.jpg','Dloul (Arabe Barbe, 4 ans) et Hicham Hamda',32,'',NULL,'Dloul (Arabe Barbe, 4 ans) et Hicham Hamda','photos/39_Dloul_ArBe_4_ans_et_Hicham_Hamda_MpRovRJ_1140Kmv.jpg','photos/39_Dloul_ArBe_4_ans_et_Hicham_Hamda_MpRovRJ.jpg'),(131,'photos/40_Dloul_ArBe_4_ans_et_Hicham_Hamda.jpg','Dloul (Arabe Barbe, 4 ans) et Hicham Hamda',32,'',NULL,'Dloul (Arabe Barbe, 4 ans) et Hicham Hamda','photos/40_Dloul_ArBe_4_ans_et_Hicham_Hamda_Dvv35o8.jpg','photos/40_Dloul_ArBe_4_ans_et_Hicham_Hamda.jpg'),(132,'photos/41_Dloul_ArBe_4_ans_et_Hicham_Hamda_9w37ods.jpg','Dloul (Arabe Barbe, 4 ans) et Hicham Hamda',32,'',NULL,'Dloul (Arabe Barbe, 4 ans) et Hicham Hamda','photos/41_Dloul_ArBe_4_ans_et_Hicham_Hamda_9w37ods_s77HrAN.jpg','photos/41_Dloul_ArBe_4_ans_et_Hicham_Hamda_9w37ods.jpg'),(133,'photos/59_Traduction_de_supports_pedagogiques.jpg','Supports pédagogiques',32,'',NULL,'Supports pédagogiques','photos/59_Traduction_de_supports_pedagogiques_MNKJZKf.jpg','photos/59_Traduction_de_supports_pedagogiques.jpg'),(134,'photos/62_Mohsine_et_Damam.jpg','Damam JM (Arabe Barbe, 4 ans) et Mohcine EL Kelch',32,'',NULL,'Damam JM (Arabe Barbe, 4 ans) et Mohcine EL Kelch','photos/62_Mohsine_et_Damam_21Niyp3.jpg','photos/62_Mohsine_et_Damam.jpg'),(135,'photos/63_Mohsine_et_Damam.jpg','Damam JM (Arabe Barbe, 4 ans) et Mohcine EL Kelch',32,'',NULL,'Damam JM (Arabe Barbe, 4 ans) et Mohcine EL Kelch','photos/63_Mohsine_et_Damam_3UPiIZU.jpg','photos/63_Mohsine_et_Damam.jpg'),(136,'photos/64_Gwladys.jpg','Educatrice Gwladys Lecarpentier (Ekinatural)',32,'',NULL,'Educatrice Gwladys Lecarpentier (Ekinatural)','photos/64_Gwladys_CKbCY7W.jpg','photos/64_Gwladys.jpg'),(137,'photos/65_Gwladys_t0sTpcR.jpg','Educatrice Gwladys Lecarpentier (Ekinatural)',32,'',NULL,'Educatrice Gwladys Lecarpentier (Ekinatural)','photos/65_Gwladys_t0sTpcR_GfAAiif.jpg','photos/65_Gwladys_t0sTpcR.jpg'),(138,'photos/Haras_National_de_Marrakech_-_Concours_de_marechalerie_chevaux_montes_et_entretie_sMDBRqS.jpg','Haras National de Marrakech - Concours de maréchalerie, chevaux montés et entretien du cheval',8,'',NULL,'Haras National de Marrakech - Concours de maréchalerie, chevaux montés et entretien du cheval','photos/Haras_National_de_Marrakech_-_Concours_de_marechalerie_chevaux_montes_et_entretie_KEMEGO6.jpg','photos/Haras_National_de_Marrakech_-_Concours_de_marechalerie_chevaux_montes_et_entretie_sMDBRqS.jpg'),(139,'photos/Haras_National_de_Marrakech_-_Edition_2016_des_JPO.jpg','Haras National de Marrakech - Edition 2016 des JPO',8,'',NULL,'Haras National de Marrakech - Edition 2016 des JPO','photos/Haras_National_de_Marrakech_-_Edition_2016_des_JPO_YgQkFfd.jpg','photos/Haras_National_de_Marrakech_-_Edition_2016_des_JPO.jpg'),(140,'photos/Haras_National_de_Meknes_-_Edition_2016_des_JPO.jpg','Haras National de Meknès - Edition 2016 des JPO',8,'',NULL,'Haras National de Meknès - Edition 2016 des JPO','photos/Haras_National_de_Meknes_-_Edition_2016_des_JPO_1PL2TAt.jpg','photos/Haras_National_de_Meknes_-_Edition_2016_des_JPO.jpg'),(141,'photos/Haras_National_de_Meknes-_Concours_de_marechalerie_chevaux_montes_et_entretien_du_cheval.jpg','Haras National de Meknès- Concours de maréchalerie, chevaux montés et entretien du cheval',8,'',NULL,'Haras National de Meknès- Concours de maréchalerie, chevaux montés et entretien du cheval','photos/Haras_National_de_Meknes-_Concours_de_marechalerie_chevaux_montes_et_entretien_du_OLl61EB.jpg','photos/Haras_National_de_Meknes-_Concours_de_marechalerie_chevaux_montes_et_entretien_du_cheval.jpg'),(142,'photos/Haras_National_dEl_Jadida_-_Concours_de_marechalerie_chevaux_montes_et_entretien__gSGIYdb.jpg','Haras National d\'El Jadida - Concours de maréchalerie, chevaux montés et entretien du cheval',8,'',NULL,'Haras National d\'El Jadida - Concours de maréchalerie, chevaux montés et entretien du cheval','photos/Haras_National_dEl_Jadida_-_Concours_de_marechalerie_chevaux_montes_et_entretien__8kQF5jN.jpg','photos/Haras_National_dEl_Jadida_-_Concours_de_marechalerie_chevaux_montes_et_entretien__gSGIYdb.jpg'),(143,'photos/Haras_National_dEl_Jadida_-_Edition_2016_des_JPO.jpg','Haras National d\'El Jadida - Edition 2016 des JPO',8,'',NULL,'Haras National d\'El Jadida - Edition 2016 des JPO','photos/Haras_National_dEl_Jadida_-_Edition_2016_des_JPO_ynSP3ev.jpg','photos/Haras_National_dEl_Jadida_-_Edition_2016_des_JPO.jpg'),(144,'photos/Haras_National_dOujda_-_Edition_2016_des_JPO.jpg','Haras National d\'Oujda - Edition 2016 des JPO',8,'',NULL,'Haras National d\'Oujda - Edition 2016 des JPO','photos/Haras_National_dOujda_-_Edition_2016_des_JPO_kut0Czl.jpg','photos/Haras_National_dOujda_-_Edition_2016_des_JPO.jpg'),(145,'photos/Haras_National_dOujda-_Concours_de_marechalerie_chevaux_montes_et_entretien_du_cheval.jpg','Haras National d\'Oujda- Concours de maréchalerie, chevaux montés et entretien du cheval',8,'',NULL,'Haras National d\'Oujda- Concours de maréchalerie, chevaux montés et entretien du cheval','photos/Haras_National_dOujda-_Concours_de_marechalerie_chevaux_montes_et_entretien_du_ch_jWjyjEa.jpg','photos/Haras_National_dOujda-_Concours_de_marechalerie_chevaux_montes_et_entretien_du_cheval.jpg'),(166,'photos/IMG_5892_hLWhpXb_ZIc9ec5.JPG','Best-of Spectacle 2015 - Ecole d\'Art Equestre',35,'','افضل صور عرض مدرسة الفنون الفروسية','Best-of Spectacle 2015 - Ecole d\'Art Equestre','photos/IMG_5892_hLWhpXb_N87l8DH.JPG','photos/IMG_5892_hLWhpXb_ZIc9ec5.JPG'),(167,'photos/IMG_5893_ZfY716i.JPG','Best-of Spectacle 2015 - Ecole d\'Art Equestre',35,'','افضل صور عرض مدرسة الفنون الفروسية','Best-of Spectacle 2015 - Ecole d\'Art Equestre','photos/IMG_5893_Wa1KEM3.JPG','photos/IMG_5893_ZfY716i.JPG'),(168,'photos/IMG_5895_gaiOoH4.JPG','Best-of Spectacle 2015 - Ecole d\'Art Equestre',35,'','افضل صور عرض مدرسة الفنون الفروسية','Best-of Spectacle 2015 - Ecole d\'Art Equestre','photos/IMG_5895_EadtdwR.JPG','photos/IMG_5895_gaiOoH4.JPG'),(169,'photos/IMG_5896.JPG','Best-of Spectacle 2015 - Ecole d\'Art Equestre',35,'','افضل صور عرض مدرسة الفنون الفروسية','Best-of Spectacle 2015 - Ecole d\'Art Equestre','photos/IMG_5896_wMTDoLz.JPG','photos/IMG_5896.JPG'),(170,'photos/IMG_5898.JPG','Best-of Spectacle 2015 - Ecole d\'Art Equestre',35,'','افضل صور عرض مدرسة الفنون الفروسية','Best-of Spectacle 2015 - Ecole d\'Art Equestre','photos/IMG_5898_0E5tFs6.JPG','photos/IMG_5898.JPG'),(171,'photos/IMG_5899.JPG','Best-of Spectacle 2015 - Ecole d\'Art Equestre',35,'','افضل صور عرض مدرسة الفنون الفروسية','Best-of Spectacle 2015 - Ecole d\'Art Equestre','photos/IMG_5899_XlGAdvI.JPG','photos/IMG_5899.JPG'),(172,'photos/IMG_5900.JPG','Best-of Spectacle 2015 - Ecole d\'Art Equestre',35,'','افضل صور عرض مدرسة الفنون الفروسية','Best-of Spectacle 2015 - Ecole d\'Art Equestre','photos/IMG_5900_Lj1IxTc.JPG','photos/IMG_5900.JPG'),(173,'photos/IMG_5901.JPG','Best-of Spectacle 2015 - Ecole d\'Art Equestre',35,'','افضل صور عرض مدرسة الفنون الفروسية','Best-of Spectacle 2015 - Ecole d\'Art Equestre','photos/IMG_5901_7czR3H1.JPG','photos/IMG_5901.JPG'),(174,'photos/IMG_5902_HDosCXk.JPG','Best-of Spectacle 2015 - Ecole d\'Art Equestre',35,'','افضل صور عرض مدرسة الفنون الفروسية','Best-of Spectacle 2015 - Ecole d\'Art Equestre','photos/IMG_5902_pVLjxjm.JPG','photos/IMG_5902_HDosCXk.JPG'),(175,'photos/IMG_5903.JPG','Best-of Spectacle 2015 - Ecole d\'Art Equestre',35,'','افضل صور عرض مدرسة الفنون الفروسية','Best-of Spectacle 2015 - Ecole d\'Art Equestre','photos/IMG_5903_jtbFlmJ.JPG','photos/IMG_5903.JPG'),(176,'photos/IMG_5904_8PwGmbM.JPG','Best-of Spectacle 2015 - Ecole d\'Art Equestre',35,'','افضل صور عرض مدرسة الفنون الفروسية','Best-of Spectacle 2015 - Ecole d\'Art Equestre','photos/IMG_5904_qw7Xp54.JPG','photos/IMG_5904_8PwGmbM.JPG'),(177,'photos/IMG_5905_yD9ZvZD.JPG','Best-of Spectacle 2015 - Ecole d\'Art Equestre',35,'','افضل صور عرض مدرسة الفنون الفروسية','Best-of Spectacle 2015 - Ecole d\'Art Equestre','photos/IMG_5905_hjo0SJ8.JPG','photos/IMG_5905_yD9ZvZD.JPG'),(179,'photos/bandeau_tbourida.png',NULL,6,'',NULL,NULL,'photos/bandeau_tbourida_bmhj1W5.png','photos/bandeau_tbourida.png'),(180,'photos/1920X580-VF_qhYaIkz.jpg','Grand Prix Hassn II',13,'',NULL,'Grand Prix Hassn II','photos/1920X580-VA_04ejiP4.jpg','photos/1920X580-VF_qhYaIkz.jpg'),(182,'photos/600X414_VF.jpg','VoltigeS',13,'',NULL,'VoltigeS','photos/600X414_VA.jpg','photos/600X414_VF.jpg'),(194,'photos/1_hPpx9mj.JPG','Best-of Tbourida 2016',33,'','أفضل صور تبوريدة الخيول 2016 ','Best-of Tbourida 2016','photos/1_dC6XmNW.JPG','photos/1_hPpx9mj.JPG'),(195,'photos/2_IqigT5L.JPG','Inter-régionaux de Meknès ',33,'','المسابقات الجهوية بمكناس','Inter-régionaux de Meknès ','photos/2_lsVkoM5.JPG','photos/2_IqigT5L.JPG'),(196,'photos/3.JPG','Inter-régionaux de Meknès',33,'','المسابقات الجهوية بمكناس','Inter-régionaux de Meknès','photos/3_MItga9C.JPG','photos/3.JPG'),(197,'photos/4_qKZjDIm.JPG','Inter-régionaux de Meknès',33,'','المسابقات الجهوية بمكناس','Inter-régionaux de Meknès','photos/4_4IE2Myk.JPG','photos/4_qKZjDIm.JPG'),(198,'photos/5_OpkFjfm.JPG','Inter-régionaux de Meknès',33,'','المسابقات الجهوية بمكناس','Inter-régionaux de Meknès','photos/5_sLHvKId.JPG','photos/5_OpkFjfm.JPG'),(199,'photos/1_WU6Dcpo_hnSKx8D.JPG','Inter-régionaux de Beni-Mellal',33,'','المسابقات الجهوية ببني ملال','Inter-régionaux de Beni-Mellal','photos/1_WU6Dcpo_buvNGtz.JPG','photos/1_WU6Dcpo_hnSKx8D.JPG'),(200,'photos/2_TKs1alF_j0vF0d1.JPG','Inter-régionaux de Beni-Mellal',33,'','المسابقات الجهوية ببني ملال','Inter-régionaux de Beni-Mellal','photos/2_TKs1alF_OltMzLi.JPG','photos/2_TKs1alF_j0vF0d1.JPG'),(201,'photos/3_PSg0mpX_WiCQPTH.JPG','Inter-régionaux de Beni-Mellal',33,'','المسابقات الجهوية ببني ملال','Inter-régionaux de Beni-Mellal','photos/3_PSg0mpX_kmGqzcq.JPG','photos/3_PSg0mpX_WiCQPTH.JPG'),(202,'photos/4_MRrw7ph_1V89kPo.JPG','Inter-régionaux de Beni-Mellal',33,'','المسابقات الجهوية ببني ملال','Inter-régionaux de Beni-Mellal','photos/4_MRrw7ph_tIyGjUg.JPG','photos/4_MRrw7ph_1V89kPo.JPG'),(203,'photos/5_bylJwHX_dcNlMFa.JPG','Inter-régionaux de Beni-Mellal',33,'','المسابقات الجهوية ببني ملال','Inter-régionaux de Beni-Mellal','photos/5_bylJwHX_yTTBUUz.JPG','photos/5_bylJwHX_dcNlMFa.JPG'),(204,'photos/1920X580_VF_2_21LSMwY.jpg',NULL,6,'',NULL,NULL,'photos/1920X580_VA_2_RJdneMz.jpg','photos/1920X580_VF_2_21LSMwY.jpg'),(205,'photos/1_0faB6y0_C8EQdXz.jpg',NULL,36,'',NULL,NULL,'photos/1_0faB6y0_OrT0Xfk.jpg','photos/1_0faB6y0_C8EQdXz.jpg'),(206,'photos/2_0K11MkP_k3Pzj6k.jpg',NULL,36,'',NULL,NULL,'photos/2_0K11MkP_vo70Wqp.jpg','photos/2_0K11MkP_k3Pzj6k.jpg'),(207,'photos/3_swB8WDD_lpvWEOm.jpg',NULL,36,'',NULL,NULL,'photos/3_swB8WDD_eEGvgfb.jpg','photos/3_swB8WDD_lpvWEOm.jpg'),(208,'photos/4_cYNldfC_UcYzosx.jpg',NULL,36,'',NULL,NULL,'photos/4_cYNldfC_FGSgjjN.jpg','photos/4_cYNldfC_UcYzosx.jpg'),(209,'photos/5_h9wj773_6IjpScZ.jpg',NULL,36,'',NULL,NULL,'photos/5_h9wj773_qgSMCSI.jpg','photos/5_h9wj773_6IjpScZ.jpg'),(210,'photos/6_bg1w7OQ.jpg',NULL,36,'',NULL,NULL,'photos/6_OktBmFi.jpg','photos/6_bg1w7OQ.jpg');

--
-- Table structure for table `univers_categorie_univers`
--

CREATE TABLE `univers_categorie_univers` (
  `id` int(11) NOT NULL AUTO_INCREMENT,
  `nom` varchar(350) NOT NULL,
  `nom_fr` varchar(350) DEFAULT NULL,
  `nom_ar` varchar(350) DEFAULT NULL,
  `slug` varchar(350) DEFAULT NULL,
  `slug_ar` varchar(350) DEFAULT NULL,
  `slug_fr` varchar(350) DEFAULT NULL,
  PRIMARY KEY (`id`)
) ENGINE=InnoDB AUTO_INCREMENT=5 DEFAULT CHARSET=utf8;

--
-- Dumping data for table `univers_categorie_univers`
--

INSERT INTO `univers_categorie_univers` VALUES (1,'L\'élevage équin ','L\'élevage équin ','تربية الخيول','lelevage-equin','تربية_الخيول','lelevage-equin'),(2,'Courses hippiques ','Courses hippiques ','سباقات الخيل','courses-hippiques','سباقات_الخيل','courses-hippiques'),(3,'Arts Equestres ','Arts Equestres ','فنون الفروسية','arts-equestres','فنون_الفروسية','arts-equestres'),(4,'Jeux','Jeux','ألألعاب','jeux','ألألعاب','jeux');

--
-- Table structure for table `univers_univers`
--

CREATE TABLE `univers_univers` (
  `id` int(11) NOT NULL AUTO_INCREMENT,
  `nom` varchar(350) NOT NULL,
  `nom_fr` varchar(350) DEFAULT NULL,
  `nom_ar` varchar(350) DEFAULT NULL,
  `image` varchar(100) NOT NULL,
  `slug` varchar(350) DEFAULT NULL,
  `slug_fr` varchar(350) DEFAULT NULL,
  `slug_ar` varchar(350) DEFAULT NULL,
  `description` longtext NOT NULL,
  `description_fr` longtext,
  `description_ar` longtext,
  `ordre` int(11) NOT NULL,
  `categorie_id` int(11) NOT NULL,
  `description2` longtext NOT NULL,
  `description2_fr` longtext NOT NULL,
  `description2_ar` longtext NOT NULL,
  PRIMARY KEY (`id`),
  KEY `un_categorie_id_362b752d44dc92b8_fk_univers_categorie_univers_id` (`categorie_id`),
  CONSTRAINT `un_categorie_id_362b752d44dc92b8_fk_univers_categorie_univers_id` FOREIGN KEY (`categorie_id`) REFERENCES `univers_categorie_univers` (`id`)
) ENGINE=InnoDB AUTO_INCREMENT=21 DEFAULT CHARSET=utf8;

--
-- Dumping data for table `univers_univers`
--

INSERT INTO `univers_univers` VALUES (1,'Les  Haras nationaux','Les  Haras nationaux',' المرابط الوطنية','univers/equin_zPdlxdM.jpg','les-haras-nationaux','les-haras-nationaux','_المرابط_الوطنية','<p>None</p>\r\n','<p>None</p>\r\n','',2,1,'','',''),(2,'Les concours','Les concours','المسابقات','univers/equin_ZfTdWZ3_HRaKcRI.jpg','les-concours','les-concours','المسابقات','<p>Chaque ann&eacute;e, des concours de Tbourida et des concours d&rsquo;&eacute;levage sont organis&eacute;s par la SOREC. Ils ont en commun de permettre d&rsquo;identifier et de mettre en valeur les meilleurs chevaux Barbes et Arabes-Barbes du Royaume.</p>\r\n','<p>Chaque ann&eacute;e, des concours de Tbourida et des concours d&rsquo;&eacute;levage sont organis&eacute;s par la SOREC. Ils ont en commun de permettre d&rsquo;identifier et de mettre en valeur les meilleurs chevaux Barbes et Arabes-Barbes du Royaume.</p>\r\n','<p>كل سنة، تنظم الشركة الملكية لتشجيع الفرس مسابقات التبوريدة ومسابقات في تربية الخيول. وتشترك كلها في كونها تسمح بتحديد هوية الخيول البربرية والعربية- البربرية الموجودة بالمملكة قصد تشخيصها والرفع من قيمتها.</p>\r\n',3,1,'','',''),(3,'La Promotion','La Promotion','تشجيع','univers/equin_CaBxMCL.jpg','la-promotion','la-promotion','تشجيع','<p><strong>&laquo; Les Journ&eacute;e Portes Ouvertes &raquo; et &laquo; Caravane de sensibilisation &raquo; sont des <a class=\"bold gold\" href=\"/agenda/\" title=\"Événements \">&eacute;v&eacute;nements</a> annuels phares permettant l&rsquo;&eacute;change, la compr&eacute;hension des besoins et la diffusion des bonnes pratiques, par les &eacute;quipes de la SOREC, au service des professionnels de l&rsquo;&eacute;levage.</strong></p>\r\n\r\n<p>Ces &eacute;v&eacute;nements s&rsquo;ajoutent &agrave; l&rsquo;action quotidienne des haras nationaux et de leurs relais, les stations de monte &eacute;quine, r&eacute;parties sur tout le territoire.</p>\r\n','<p><strong>&laquo; Les Journ&eacute;e Portes Ouvertes &raquo; et &laquo; Caravane de sensibilisation &raquo; sont des <a class=\"bold gold\" href=\"/agenda/\" title=\"Événements \">&eacute;v&eacute;nements</a> annuels phares permettant l&rsquo;&eacute;change, la compr&eacute;hension des besoins et la diffusion des bonnes pratiques, par les &eacute;quipes de la SOREC, au service des professionnels de l&rsquo;&eacute;levage.</strong></p>\r\n\r\n<p>Ces &eacute;v&eacute;nements s&rsquo;ajoutent &agrave; l&rsquo;action quotidienne des haras nationaux et de leurs relais, les stations de monte &eacute;quine, r&eacute;parties sur tout le territoire.</p>\r\n','<p class=\"text_light top20 bold_txt\" dir=\"rtl\">وتعتبر &quot;أيام الأبواب المفتوحة&quot; و&quot;قافلة التحسيس&quot; حدثين سنويين مهمين يمكنان من إتاحة الفرصة لتبادل الأفكار بين المربين والإحاطة بالحاجيات وتشجيع الممارسات المهنية السليمة على يد فرق الشركة الملكية لتشجيع الفرس، وذلك خدمة لمصلحة مهنيي تربية الخيول.</p>\r\n\r\n<p class=\"text_light top10 bottom30\" dir=\"rtl\">وينضاف هذان الحدثان إلى العمل اليومي الذي ينجز في المرابط الوطنية ومحطات تربية الخيول والتزاوج الموزعة على كافة التراب المغربي.</p>\r\n',4,1,'<p><span style=\"font-size:20px;\">Pour promouvoir bonnes pratiques &eacute;quines aupr&egrave;s des &eacute;leveurs, les &eacute;quipes de la SOREC organisent chaque ann&eacute;e des Journ&eacute;es Portes Ouvertes dans les haras nationaux et effectuent le tour du Maroc des &eacute;leveurs &eacute;quins dans une &laquo; Caravane de Sensibilisation &raquo;.</span></p>\r\n','<p><span style=\"font-size:20px;\">Pour promouvoir bonnes pratiques &eacute;quines aupr&egrave;s des &eacute;leveurs, les &eacute;quipes de la SOREC organisent chaque ann&eacute;e des Journ&eacute;es Portes Ouvertes dans les haras nationaux et effectuent le tour du Maroc des &eacute;leveurs &eacute;quins dans une &laquo; Caravane de Sensibilisation &raquo;.</span></p>\r\n','<p dir=\"rtl\"><span style=\"font-size:20px;\">دأبت الفرق التابعة للشركة الملكية لتشجيع الفرس على تنظيم أيام الأبواب المفتوحة في المرابط الوطنية من أجل تشجيع وتحسيس المربين بأهمية السلوكيات المهنية في هذا المجال، كما أنها تنظم جولة لمربي الخيول بمناطق المملكة في إطار &quot;قافلة التحسيس&quot;.</span></p>\r\n'),(4,'Lélevage équin ','Lélevage équin ','تربية الخيول ','univers/equin_ZfTdWZ3_6BBR81l.jpg','lelevage-equin','lelevage-equin','تربية_الخيول_','<p>Le CNIAEB, Centre National d&rsquo;Ins&eacute;mination Artificielle Equine de Bouznika, a &eacute;t&eacute; le premier centre d&rsquo;Afrique du Nord &agrave; permettre la production de semence congel&eacute;e et sa mise &agrave; disposition au plus pr&egrave;s des &eacute;leveurs.</p>\r\n','<p>Le CNIAEB, Centre National d&rsquo;Ins&eacute;mination Artificielle Equine de Bouznika, a &eacute;t&eacute; le premier centre d&rsquo;Afrique du Nord &agrave; permettre la production de semence congel&eacute;e et sa mise &agrave; disposition au plus pr&egrave;s des &eacute;leveurs.</p>\r\n','<p>&nbsp;يعتبر المركز الوطني للتلقيح الاصطناعي للخيول ببوزنيقة أول مركز في شمال إفريقيا يتيح إمكانية إنتاج اللقاحات المجمدة&nbsp;ووضعها رهن إشارة مربي الخيول.</p>\r\n',1,1,'','',''),(5,'Les 100 ans des courses','Les 100 ans des courses','100 سنة من السباقات','univers/courses_pbzzSxH_V9V4PJ0.jpg','les-100-ans-des-courses','les-100-ans-des-courses','100_سنة_من_السباقات','<p class=\"vision footer_text top30 italic\">La SOREC d&eacute;livre des licences permettant aux propri&eacute;taires, jockeys et entra&icirc;neurs de participer aux courses hippiques.</p>\r\n','<p class=\"vision footer_text top30 italic\">La SOREC d&eacute;livre des licences permettant aux propri&eacute;taires, jockeys et entra&icirc;neurs de participer aux courses hippiques.</p>\r\n','<p class=\"vision footer_text top30 italic\">وتمنح الشركة الملكية لتشجيع الفرس تراخيص تسمح للملاك والفرسان والمدربين بالمشاركة في سباقات الخيل.</p>\r\n',1,2,'','',''),(6,'Les hippodromes','Les hippodromes','المضامير','univers/1920X580_1.jpg','hippodromes','hippodromes','المضامير','<p><strong>Hippodromes&nbsp; : la SOREC entreprend en continu des travaux sur ses infrastructures hippiques</strong></p>\r\n\r\n<p>Khenifra, Bouznika, Bouskoura auront leurs hippodromes et centres d&rsquo;entrainement au d&eacute;but de l&rsquo;ann&eacute;e 2015. Les hippodromes de Rabat et d&rsquo;El Jadida seront r&eacute;am&eacute;nag&eacute;s &agrave; moyen terme et, dans la m&ecirc;me r&eacute;gion, la SOREC a pour objectif de construire deux centres d&rsquo;entrainement (&agrave; Khemisset et El Jadida).</p>\r\n\r\n<p>En parall&egrave;le, la SOREC poursuit la mise &agrave; niveau des hippodromes : qualit&eacute; des pistes, espaces d&rsquo;accueil pour le public, &eacute;crans&nbsp;g&eacute;ants, etc.</p>\r\n\r\n<p>&nbsp;</p>\r\n\r\n<p><strong>Fiche technique par hippodrome&nbsp;:</strong></p>\r\n\r\n<p><em>Hippodrome de Casablanca &ndash; Anfa<img alt=\"\" src=\"http://www.wbc-maroc.com/newsletter/sorec/images/ANFA.jpg\" style=\"float:right; height:199px; width:300px\" /> </em></p>\r\n\r\n<p>Ann&eacute;e de cr&eacute;ation : 1912</p>\r\n\r\n<p>Superficie : 20 hectares, piste en sable de 1700m</p>\r\n\r\n<p>Capacit&eacute; : 700 spectateurs, 39 r&eacute;unions annuelles</p>\r\n\r\n<p>Caract&eacute;ristiques : golf 9 trous, country club, terrasse sur&eacute;lev&eacute;e, restaurant, piscine</p>\r\n\r\n<p>Calendrier des courses : Tous les vendredis de mi-septembre &agrave; mi-juillet</p>\r\n\r\n<p>&nbsp;</p>\r\n\r\n<p><em>Hippodrome de Rabat </em></p>\r\n\r\n<p>Ann&eacute;e de cr&eacute;ation : 1920</p>\r\n\r\n<p>Superficie : 54 hectares</p>\r\n\r\n<p>Capacit&eacute; : 2000 spectateurs, 38 r&eacute;unions annuelles</p>\r\n\r\n<p>Caract&eacute;ristiques : tribune couverte, piste en sable, installations modernes</p>\r\n\r\n<p>Calendrier des courses : Tous les dimanches de mi-septembre &agrave; mi-juillet</p>\r\n\r\n<p>&nbsp;</p>\r\n\r\n<p><em>Hippodrome de Settat</em></p>\r\n\r\n<p>Ann&eacute;e de cr&eacute;ation : 1986</p>\r\n\r\n<p>Superficie : 40 hectares, deux pistes : 1km et 758m</p>\r\n\r\n<p>Caract&eacute;ristiques : centre de loisirs, terrain de tennis, piscine</p>\r\n\r\n<p>Calendrier des courses : Tous les vendredis de mi-septembre &agrave; mi-juillet</p>\r\n\r\n<p>&nbsp;</p>\r\n\r\n<p><em>Hippodrome d&rsquo;El Jadida<img alt=\"\" src=\"http://www.wbc-maroc.com/newsletter/sorec/images/haras_d\'el_jadida.jpg\" style=\"float:right; height:200px; width:300px\" /></em></p>\r\n\r\n<p>Ann&eacute;e de cr&eacute;ation : 1920</p>\r\n\r\n<p>Superficie : 18 hectares</p>\r\n\r\n<p>Capacit&eacute; : 1000 spectateurs</p>\r\n\r\n<p>Caract&eacute;ristiques : installations sportives, espaces verts, zone de loisirs, espace de jeux&hellip;</p>\r\n\r\n<p>Calendrier des courses : Tous les mercredis de septembre &agrave; fin d&eacute;cembre.</p>\r\n\r\n<p>Tous les lundis d&rsquo;avril &agrave; fin juin</p>\r\n\r\n<p>&nbsp;</p>\r\n\r\n<p><em>Hippodrome de Khemisset</em></p>\r\n\r\n<p>Ann&eacute;e de cr&eacute;ation : 2009</p>\r\n\r\n<p>Superficie : tour de piste 1500m</p>\r\n\r\n<p>Capacit&eacute; : 2000 spectateurs, 38 r&eacute;unions annuelles</p>\r\n\r\n<p>Caract&eacute;ristiques : tribune couverte, piste en sable, installations modernes</p>\r\n\r\n<p>Calendrier des courses : Tous les samedis de mi-septembre &agrave; mi-juillet</p>\r\n\r\n<p>&nbsp;</p>\r\n\r\n<p><em>Hippodrome de Mekn&egrave;s<img alt=\"\" src=\"http://www.wbc-maroc.com/newsletter/sorec/images/MEKNES.jpg\" style=\"float:right; height:199px; width:300px\" /></em></p>\r\n\r\n<p>Ann&eacute;e de cr&eacute;ation : 2004</p>\r\n\r\n<p>Superficie : 44 hectares</p>\r\n\r\n<p>Capacit&eacute; : 1000 spectateurs, 30 r&eacute;unions annuelles</p>\r\n\r\n<p>Caract&eacute;ristiques : Tribune couverte, piste en sable, espaces verts</p>\r\n\r\n<p>Calendrier des courses: Tous les samedis de mi-septembre &agrave; mi-juillet</p>\r\n','<p><strong>Hippodromes&nbsp; : la SOREC entreprend en continu des travaux sur ses infrastructures hippiques</strong></p>\r\n\r\n<p>Khenifra, Bouznika, Bouskoura auront leurs hippodromes et centres d&rsquo;entrainement au d&eacute;but de l&rsquo;ann&eacute;e 2015. Les hippodromes de Rabat et d&rsquo;El Jadida seront r&eacute;am&eacute;nag&eacute;s &agrave; moyen terme et, dans la m&ecirc;me r&eacute;gion, la SOREC a pour objectif de construire deux centres d&rsquo;entrainement (&agrave; Khemisset et El Jadida).</p>\r\n\r\n<p>En parall&egrave;le, la SOREC poursuit la mise &agrave; niveau des hippodromes : qualit&eacute; des pistes, espaces d&rsquo;accueil pour le public, &eacute;crans&nbsp;g&eacute;ants, etc.</p>\r\n\r\n<p>&nbsp;</p>\r\n\r\n<p><strong>Fiche technique par hippodrome&nbsp;:</strong></p>\r\n\r\n<p><em>Hippodrome de Casablanca &ndash; Anfa<img alt=\"\" src=\"http://www.wbc-maroc.com/newsletter/sorec/images/ANFA.jpg\" style=\"float:right; height:199px; width:300px\" /> </em></p>\r\n\r\n<p>Ann&eacute;e de cr&eacute;ation : 1912</p>\r\n\r\n<p>Superficie : 20 hectares, piste en sable de 1700m</p>\r\n\r\n<p>Capacit&eacute; : 700 spectateurs, 39 r&eacute;unions annuelles</p>\r\n\r\n<p>Caract&eacute;ristiques : golf 9 trous, country club, terrasse sur&eacute;lev&eacute;e, restaurant, piscine</p>\r\n\r\n<p>Calendrier des courses : Tous les vendredis de mi-septembre &agrave; mi-juillet</p>\r\n\r\n<p>&nbsp;</p>\r\n\r\n<p><em>Hippodrome de Rabat </em></p>\r\n\r\n<p>Ann&eacute;e de cr&eacute;ation : 1920</p>\r\n\r\n<p>Superficie : 54 hectares</p>\r\n\r\n<p>Capacit&eacute; : 2000 spectateurs, 38 r&eacute;unions annuelles</p>\r\n\r\n<p>Caract&eacute;ristiques : tribune couverte, piste en sable, installations modernes</p>\r\n\r\n<p>Calendrier des courses : Tous les dimanches de mi-septembre &agrave; mi-juillet</p>\r\n\r\n<p>&nbsp;</p>\r\n\r\n<p><em>Hippodrome de Settat</em></p>\r\n\r\n<p>Ann&eacute;e de cr&eacute;ation : 1986</p>\r\n\r\n<p>Superficie : 40 hectares, deux pistes : 1km et 758m</p>\r\n\r\n<p>Caract&eacute;ristiques : centre de loisirs, terrain de tennis, piscine</p>\r\n\r\n<p>Calendrier des courses : Tous les vendredis de mi-septembre &agrave; mi-juillet</p>\r\n\r\n<p>&nbsp;</p>\r\n\r\n<p><em>Hippodrome d&rsquo;El Jadida<img alt=\"\" src=\"http://www.wbc-maroc.com/newsletter/sorec/images/haras_d\'el_jadida.jpg\" style=\"float:right; height:200px; width:300px\" /></em></p>\r\n\r\n<p>Ann&eacute;e de cr&eacute;ation : 1920</p>\r\n\r\n<p>Superficie : 18 hectares</p>\r\n\r\n<p>Capacit&eacute; : 1000 spectateurs</p>\r\n\r\n<p>Caract&eacute;ristiques : installations sportives, espaces verts, zone de loisirs, espace de jeux&hellip;</p>\r\n\r\n<p>Calendrier des courses : Tous les mercredis de septembre &agrave; fin d&eacute;cembre.</p>\r\n\r\n<p>Tous les lundis d&rsquo;avril &agrave; fin juin</p>\r\n\r\n<p>&nbsp;</p>\r\n\r\n<p><em>Hippodrome de Khemisset</em></p>\r\n\r\n<p>Ann&eacute;e de cr&eacute;ation : 2009</p>\r\n\r\n<p>Superficie : tour de piste 1500m</p>\r\n\r\n<p>Capacit&eacute; : 2000 spectateurs, 38 r&eacute;unions annuelles</p>\r\n\r\n<p>Caract&eacute;ristiques : tribune couverte, piste en sable, installations modernes</p>\r\n\r\n<p>Calendrier des courses : Tous les samedis de mi-septembre &agrave; mi-juillet</p>\r\n\r\n<p>&nbsp;</p>\r\n\r\n<p><em>Hippodrome de Mekn&egrave;s<img alt=\"\" src=\"http://www.wbc-maroc.com/newsletter/sorec/images/MEKNES.jpg\" style=\"float:right; height:199px; width:300px\" /></em></p>\r\n\r\n<p>Ann&eacute;e de cr&eacute;ation : 2004</p>\r\n\r\n<p>Superficie : 44 hectares</p>\r\n\r\n<p>Capacit&eacute; : 1000 spectateurs, 30 r&eacute;unions annuelles</p>\r\n\r\n<p>Caract&eacute;ristiques : Tribune couverte, piste en sable, espaces verts</p>\r\n\r\n<p>Calendrier des courses: Tous les samedis de mi-septembre &agrave; mi-juillet</p>\r\n','<h1>المضامير ومراكز التدريب : تقوم الشركة الملكية لتشجيع الفرس بشكل متواصل بأشغال تهيئة بنيات سباقات الخيل. في هذا الإطار، سيصبح لمدينة خنيفرة وبوزنيقة ولبوسكورة مضاميرها ومراكزها الخاصة ابتداء من العام 2015، كما أن مضماري الرباط والجديدة ستعاد تهيئتهما في الأمد المتوسط. وفي نفس الجهة، تنوي الشركة الملكية لتشجيع الفرس بناء مركزين للتدريب (الخميسات و الجديدة). موازاة مع ذلك، تواصل الشركة الملكية لتشجيع الفرس تأهيل المضامير من حيث جودة ميدان العدو وفضاءات الاستقبال المخصصة للجمهور وتجهيزها بشاشات عملاقة، إلخ.</h1>\r\n\r\n<p>&nbsp;</p>\r\n',3,2,'','',''),(8,'La réglementation','La réglementation','الإطار التنظيمي','univers/courses_hLgXN0H_hZug2pV.jpg','reglementation','reglementation','الإطار_التنظيمي','<h1 class=\"bottom10\">Une course hippique est un moment de sport intense qui n&eacute;cessite une organisation millim&eacute;tr&eacute;e</h1>\r\n\r\n<p>Les courses hippiques marocaines sont minutieusement suivies avant, pendant et apr&egrave;s leur d&eacute;roulement. Elles ob&eacute;issent &agrave; une r&eacute;glementation sp&eacute;cifique et &agrave; des proc&eacute;dures pr&eacute;cises pour garantir les meilleures conditions et une parfaite r&eacute;gularit&eacute; &agrave; l&rsquo;ensemble des acteurs des courses. Un personnel d&eacute;di&eacute; intervient &agrave; chaque maillon de la cha&icirc;ne.</p>\r\n','<h1 class=\"bottom10\">Une course hippique est un moment de sport intense qui n&eacute;cessite une organisation millim&eacute;tr&eacute;e</h1>\r\n\r\n<p>Les courses hippiques marocaines sont minutieusement suivies avant, pendant et apr&egrave;s leur d&eacute;roulement. Elles ob&eacute;issent &agrave; une r&eacute;glementation sp&eacute;cifique et &agrave; des proc&eacute;dures pr&eacute;cises pour garantir les meilleures conditions et une parfaite r&eacute;gularit&eacute; &agrave; l&rsquo;ensemble des acteurs des courses. Un personnel d&eacute;di&eacute; intervient &agrave; chaque maillon de la cha&icirc;ne.</p>\r\n','<p>يعتبر سباق الخيل لحظة رياضية بامتياز تتطلب تنظيما دقيقا. في هذا السياق، تخضع السباقات المغربية للتتبع الدقيق قبل وأثناء وبعد إجرائها، وتخضع أيضا لتنظيم خاص ومساطر محكمة من أجل توفير أفضل الشروط لإجرائها لكافة الفاعلين فيها. في هذا الإطار، يتم تخصيص فريق عمل لكل حلقة من حلقات هذه السباقات.</p>\r\n',4,2,'','',''),(9,'L\'internationalisation','L\'internationalisation','الانفتاح على المستوى الدولي','univers/courses_2FZutjp.jpg','internationalisation','internationalisation','الانفتاح_على_المستوى_الدولي','<p>Pour saluer les efforts de perfectionnement et de professionnalisation des courses hippiques port&eacute;s par la SOREC, l&rsquo;European Pattern Committee a donn&eacute; son accord en 2014 pour l&rsquo;organisation de 5 courses Listed au Maroc. R&eacute;parties sur l&rsquo;ann&eacute;e, ces courses sont ouvertes aux internationaux.</p>\r\n','<p>Pour saluer les efforts de perfectionnement et de professionnalisation des courses hippiques port&eacute;s par la SOREC, l&rsquo;European Pattern Committee a donn&eacute; son accord en 2014 pour l&rsquo;organisation de 5 courses Listed au Maroc. R&eacute;parties sur l&rsquo;ann&eacute;e, ces courses sont ouvertes aux internationaux.</p>\r\n','<p style=\"text-align: right;\">في العام 2014، أعطت الـ European Pattern Committee موافقتها لتنظيم 5 سباقات بالمغرب تشجيعا منها للجهود التي تبذلها الشركة الملكية لتشجيع الفرس من أجل الرفع من مهنية سباقات الخيول بالمغرب، وهي السباقات الموزعة على أشهر السنة والمفتوحة على المشاركات الدولية.</p>\r\n',2,2,'<p>في العام 2014، أعطت الـ European Pattern Committee موافقتها لتنظيم 5 سباقات بالمغرب تشجيعا منها للجهود التي تبذلها الشركة الملكية لتشجيع الفرس من أجل الرفع من مهنية سباقات الخيول بالمغرب، وهي السباقات الموزعة على أشهر السنة والمفتوحة على المشاركات الدولية.</p>\r\n','<p>في العام 2014، أعطت الـ European Pattern Committee موافقتها لتنظيم 5 سباقات بالمغرب تشجيعا منها للجهود التي تبذلها الشركة الملكية لتشجيع الفرس من أجل الرفع من مهنية سباقات الخيول بالمغرب، وهي السباقات الموزعة على أشهر السنة والمفتوحة على المشاركات الدولية.</p>\r\n',''),(10,'La Formation des cavaliers','La Formation des cavaliers','تكوين الفرسان','univers/courses_8tZEYdX.jpg','la-formation-cavaliers','la-formation-cavaliers','تكوين_الفرسان','<h1 class=\"bottom10\">A propos de l&rsquo;Institut National du Cheval Prince H&eacute;ritier Moulay El Hassan</h1>\r\n\r\n<p>Inaugur&eacute; par son Altesse Royale le Prince H&eacute;ritier Moulay El Hassan le 23 septembre 2013, l&rsquo;Institut National du Cheval &lsquo;&lsquo;Prince H&eacute;ritier Moulay El Hassan &lsquo;&lsquo; est le premier &eacute;tablissement d&eacute;di&eacute; aux m&eacute;tiers du cheval au Maroc. Situ&eacute; &agrave; Dar Essalam &agrave; Rabat, il a &eacute;t&eacute; cr&eacute;&eacute; sur Hautes Instructions de S.M. le Roi Mohammed VI, par l&rsquo;OFPPT, en partenariat avec d&rsquo;autres institutions publiques. Il a &eacute;t&eacute; con&ccedil;u pour former les jeunes et les professionnels du secteur aux diff&eacute;rents m&eacute;tiers li&eacute;s &agrave; la fili&egrave;re &eacute;quine et pour abriter des manifestations &eacute;questres nationales et internationales.</p>\r\n','<h1 class=\"bottom10\">A propos de l&rsquo;Institut National du Cheval Prince H&eacute;ritier Moulay El Hassan</h1>\r\n\r\n<p>Inaugur&eacute; par son Altesse Royale le Prince H&eacute;ritier Moulay El Hassan le 23 septembre 2013, l&rsquo;Institut National du Cheval &lsquo;&lsquo;Prince H&eacute;ritier Moulay El Hassan &lsquo;&lsquo; est le premier &eacute;tablissement d&eacute;di&eacute; aux m&eacute;tiers du cheval au Maroc. Situ&eacute; &agrave; Dar Essalam &agrave; Rabat, il a &eacute;t&eacute; cr&eacute;&eacute; sur Hautes Instructions de S.M. le Roi Mohammed VI, par l&rsquo;OFPPT, en partenariat avec d&rsquo;autres institutions publiques. Il a &eacute;t&eacute; con&ccedil;u pour former les jeunes et les professionnels du secteur aux diff&eacute;rents m&eacute;tiers li&eacute;s &agrave; la fili&egrave;re &eacute;quine et pour abriter des manifestations &eacute;questres nationales et internationales.</p>\r\n','<h1>نبذة عن المعهد الوطني للفرس</h1>\r\n\r\n<p>يعتبر المعهد الوطني للفرس ولي العهد الأمير مولاي الحسن، الذي تم تدشينه من قبل الأمير في 23 شتنبر 2013، هو أول مؤسسة مخصصة لمهن الفرس بالمغرب. تم إنشاء المعهد، الذي يقع في دار السلام بالرباط والذي شيد بتوجيهات عليا من صاحب الجلالة الملك محمد السادس، من قبل مكتب التكوين المهني وإنعاش الشغل بشراكة مع هيئات عمومية أخرى. وقد جاء بناؤه ليكون منشأة تهتم بتكوين الشباب ومهنيي القطاع في مختلف المهن المرتبطة بسلسلة تأهيل الفرس وإيواء التظاهرات الوطنية والدولية التي تجرى في مجال الفروسية.</p>\r\n',5,2,'','',''),(11,'Arts équestres modernes','Arts équestres modernes','فنون الفروسية العصرية','univers/arts_equestre_qZi2E1q.jpg','arts-equestres-modernes','arts-equestres-modernes','فنون_الفروسية_العصرية','<p>Les arts &eacute;questres visent &agrave; repr&eacute;senter de fa&ccedil;on esth&eacute;tique l&rsquo;harmonie la plus parfaite qui peut se cr&eacute;er entre un homme et son cheval. Ils reposent sur des principes fondamentaux d&rsquo;absence de force et de contraintes ainsi que sur une sollicitation harmonieuse de l&rsquo;homme respectant le corps et le d&eacute;sir du cheval. Le dialogue homme-cheval peut atteindre une proximit&eacute; suppl&eacute;mentaire gr&acirc;ce &agrave; la cadence musicale qui, quand elle capte le tempo du cheval, donne &agrave; l&rsquo;&eacute;cuyer la possibilit&eacute; de marier ses mouvements avec sa monture.&nbsp;<br />\r\nLes arts &eacute;questres recouvrent une diversit&eacute; de disciplines.</p>\r\n','<p>Les arts &eacute;questres visent &agrave; repr&eacute;senter de fa&ccedil;on esth&eacute;tique l&rsquo;harmonie la plus parfaite qui peut se cr&eacute;er entre un homme et son cheval. Ils reposent sur des principes fondamentaux d&rsquo;absence de force et de contraintes ainsi que sur une sollicitation harmonieuse de l&rsquo;homme respectant le corps et le d&eacute;sir du cheval. Le dialogue homme-cheval peut atteindre une proximit&eacute; suppl&eacute;mentaire gr&acirc;ce &agrave; la cadence musicale qui, quand elle capte le tempo du cheval, donne &agrave; l&rsquo;&eacute;cuyer la possibilit&eacute; de marier ses mouvements avec sa monture.&nbsp;<br />\r\nLes arts &eacute;questres recouvrent une diversit&eacute; de disciplines.</p>\r\n','<p>تشرف الشركة الملكية لتشجيع الفرس، كل سنة، على تنظيم مسابقات في فن التبوريدة وتربية الخيول، وهي المسابقات التي تشترك في كونها تسمح بتشخيص هوية أفضل الخيول البربرية والعربية- البربرية والرفع من قيمتها في المغرب.</p>\r\n',1,3,'','',''),(12,'La formation ','La formation ','التكوين','univers/arts_equestre_wqZBDDM.jpg','la-formation','la-formation','التكوين','<p>None</p>\r\n','<p>None</p>\r\n','',2,3,'','',''),(13,'Les effectifs','Les effectifs','الأرقام','univers/arts_equestre_QEhUAmA.jpg','les-effectifs','les-effectifs','الأرقام','<p>None</p>\r\n','<p>None</p>\r\n','',3,3,'','',''),(14,'Le spectacle','Le spectacle','العروض','univers/arts_equestre_4M2QGUV.jpg','le-spectacle','le-spectacle','العروض','<p class=\"text_light vision bottom30 w_vision\"><span class=\"bold\">Pour la 9 &egrave;me &eacute;dition du Salon du Cheval d&rsquo;El Jadida, l&rsquo;Ecole des Arts Equestre de Marrakech pr&eacute;sentera un spectacle intitul&eacute; VoltigeS, qui m&ecirc;le voltige classique et voltige cosaque. La cavalerie est de race barbe et arabe-barbe. D&rsquo;ann&eacute;e en ann&eacute;e au Salon du Cheval d&rsquo;El Jadida, les apprentis et les chevaux &eacute;voluent de fa&ccedil;on remarquable.</span></p>\r\n','<p class=\"text_light vision bottom30 w_vision\"><span class=\"bold\">Pour la 9 &egrave;me &eacute;dition du Salon du Cheval d&rsquo;El Jadida, l&rsquo;Ecole des Arts Equestre de Marrakech pr&eacute;sentera un spectacle intitul&eacute; VoltigeS, qui m&ecirc;le voltige classique et voltige cosaque. La cavalerie est de race barbe et arabe-barbe. D&rsquo;ann&eacute;e en ann&eacute;e au Salon du Cheval d&rsquo;El Jadida, les apprentis et les chevaux &eacute;voluent de fa&ccedil;on remarquable.</span></p>\r\n','<p class=\"text_light vision bottom30 w_vision bold\">تقدم الشركة الملكية لتشجيع الفرس والجمعية المغربية للأطفال في وضعية غير مستقرة 3 عروض في الفروسية خلال الدورة الثامنة لمعرض الفرس بالجديدة ، ينشطها المتدربون على فنون الفروسية في المربط الوطني بمراكش. أما الأفراس التي ترافق هذه العروض فهي من السلالة البربرية والعربية- البربرية. سنة بعد سنة، يبرهن المتدربون والخيول على مستوى التطور الذي بلغوه في تخصصات فنون الفروسية.</p>\r\n',4,3,'','',''),(16,'Les jeux  hippiques ','Les jeux  hippiques ','ألعاب سباقات الخيل','univers/jeux_iu1ktbj.jpg','les-jeux-hippiques','les-jeux-hippiques','ألعاب_سباقات_الخيل','<p>Au Maroc, il est aussi bien possible de jouer sur les courses marocaines que sur les courses fran&ccedil;aises. La SOREC g&egrave;re les jeux hippiques, qui sont organis&eacute;s selon le syst&egrave;me du Pari Mutuel.</p>\r\n','<p>Au Maroc, il est aussi bien possible de jouer sur les courses marocaines que sur les courses fran&ccedil;aises. La SOREC g&egrave;re les jeux hippiques, qui sont organis&eacute;s selon le syst&egrave;me du Pari Mutuel.</p>\r\n','<p>في المغرب، يمكن ممارسة الرهان على الخيول سواء من خلال السباقات المغربية أو الفرنسية. وتتولى الشركة الملكية لتشجيع الفرس هذه الألعاب، التي يتم تنظيمها حسب نظام الرهان المشترك. وتعتبر ألعاب سباقات الخيل من الألعاب التي تخدم سلسلة تربية الفرس وتشجيعه بشكل عام.</p>\r\n',0,4,'','',''),(18,'Le programme des courses marocaines','Le programme des courses marocaines','برنامج السباقات المغربية','univers/courese_programme.jpg','programme-des-courses-marocaines','programme-des-courses-marocaines','برنامج_السباقات_المغربية','<div class=\"vision none_back\">\r\n<p>Retrouvez l&rsquo;ensemble des informations sur les courses marocaines (palmar&egrave;s, performances, r&eacute;sultats, courses en live) sur <a class=\"gold\" href=\"https://www.sorec-galop.ma/\" target=\"_blank\">https://www.sorec-galop.ma/</a></p>\r\n</div>\r\n','<div class=\"vision none_back\">\r\n<p>Retrouvez l&rsquo;ensemble des informations sur les courses marocaines (palmar&egrave;s, performances, r&eacute;sultats, courses en live) sur <a class=\"gold\" href=\"https://www.sorec-galop.ma/\" target=\"_blank\">https://www.sorec-galop.ma/</a></p>\r\n</div>\r\n','<div class=\"vision none_back\" dir=\"rtl\">\r\n<p>كتشفوا كل المعلومات حول السباقات المغربية ( الجوائز، العروض، النتائج، سباقات مباشرة ) على الرابط التالي <a class=\"gold\" href=\"https://www.sorec-galop.ma/\" target=\"_blank\">https://www.sorec-galop.ma/</a></p>\r\n</div>\r\n',6,2,'','',''),(20,'Le programme des jeux hippiques','Le programme des jeux hippiques','برنامج ألعاب الفروسية','univers/puce.png','programme-courses','programme-courses','برنامج_ألعاب_الفروسية','<p>test</p>\r\n','<p>test</p>\r\n','',2,4,'','','');

--
-- Table structure for table `univers_univers_paragraphe`
--

CREATE TABLE `univers_univers_paragraphe` (
  `id` int(11) NOT NULL AUTO_INCREMENT,
  `titre` varchar(350) NOT NULL,
  `titre_fr` varchar(350) DEFAULT NULL,
  `titre_ar` varchar(350) DEFAULT NULL,
  `image` varchar(100) NOT NULL,
  `contenu` longtext,
  `contenu_fr` longtext,
  `contenu_ar` longtext,
  `univers_id` int(11) NOT NULL,
  PRIMARY KEY (`id`),
  KEY `univers_univer_univers_id_1644a2bcd78aa618_fk_univers_univers_id` (`univers_id`),
  CONSTRAINT `univers_univer_univers_id_1644a2bcd78aa618_fk_univers_univers_id` FOREIGN KEY (`univers_id`) REFERENCES `univers_univers` (`id`)
) ENGINE=InnoDB AUTO_INCREMENT=46 DEFAULT CHARSET=utf8;

--
-- Dumping data for table `univers_univers_paragraphe`
--

INSERT INTO `univers_univers_paragraphe` VALUES (3,'Encadrement Amélioration ','Encadrement Amélioration ',' تربية خيول','univers/haras_m_MGno7fi_7DUNmN9.jpg','<p class=\"title-sub\">Encadrement et Am&eacute;lioration de la race chevaline constitue une des principales <a class=\"gold bold\" href=\"/historique_missions/\" title=\"Historique et missions de la SOREC\">missions</a> de la SOREC.</p>\r\n\r\n<p>L&rsquo;&eacute;levage, tel qu&rsquo;encourag&eacute; actuellement par les haras nationaux, est constitu&eacute; des races principales suivantes :</p>\r\n\r\n<ul class=\"liste_cheval_m top20\">\r\n	<li>- Le Pur-Sang arabe</li>\r\n	<li>- Le Pur-Sang anglais</li>\r\n	<li>- L&rsquo;Anglo-Arabe</li>\r\n	<li>- Le Barbe</li>\r\n	<li>- L&rsquo;Arabe-Barbe</li>\r\n</ul>\r\n\r\n<p>L&rsquo;ambition, mise en &oelig;uvre par l&rsquo;action des 5 haras nationaux, est de produire des chevaux de qualit&eacute; et d&rsquo;am&eacute;liorer les races &eacute;quines en s&rsquo;appuyant sur les derni&egrave;res techniques de g&eacute;n&eacute;tique et de biologie animale.<br />\r\nLes hommes et les femmes de la SOREC mettent &agrave; disposition tout leur savoir-faire scientifique et leur exp&eacute;rience au service des &eacute;leveurs, tout au long du cycle de vie de leurs chevaux. Les haras nationaux travaillent aussi &agrave; former, &agrave; diffuser et &agrave; promouvoir les techniques modernes d&rsquo;&eacute;levage et les bonnes pratiques, respectueuses du bien-&ecirc;tre des chevaux.</p>\r\n\r\n<p>Par ailleurs, plusieurs mesures incitatives, en faveur des &eacute;leveurs (primes aux naisseurs, aides aux importations de poulini&egrave;res de qualit&eacute;, etc.), existent et visent &agrave; encourager le d&eacute;veloppement d&rsquo;un &eacute;levage &eacute;quin de qualit&eacute; au Maroc.</p>\r\n','<p class=\"title-sub\">Encadrement et Am&eacute;lioration de la race chevaline constitue une des principales <a class=\"gold bold\" href=\"/historique_missions/\" title=\"Historique et missions de la SOREC\">missions</a> de la SOREC.</p>\r\n\r\n<p>L&rsquo;&eacute;levage, tel qu&rsquo;encourag&eacute; actuellement par les haras nationaux, est constitu&eacute; des races principales suivantes :</p>\r\n\r\n<ul class=\"liste_cheval_m top20\">\r\n	<li>- Le Pur-Sang arabe</li>\r\n	<li>- Le Pur-Sang anglais</li>\r\n	<li>- L&rsquo;Anglo-Arabe</li>\r\n	<li>- Le Barbe</li>\r\n	<li>- L&rsquo;Arabe-Barbe</li>\r\n</ul>\r\n\r\n<p>L&rsquo;ambition, mise en &oelig;uvre par l&rsquo;action des 5 haras nationaux, est de produire des chevaux de qualit&eacute; et d&rsquo;am&eacute;liorer les races &eacute;quines en s&rsquo;appuyant sur les derni&egrave;res techniques de g&eacute;n&eacute;tique et de biologie animale.<br />\r\nLes hommes et les femmes de la SOREC mettent &agrave; disposition tout leur savoir-faire scientifique et leur exp&eacute;rience au service des &eacute;leveurs, tout au long du cycle de vie de leurs chevaux. Les haras nationaux travaillent aussi &agrave; former, &agrave; diffuser et &agrave; promouvoir les techniques modernes d&rsquo;&eacute;levage et les bonnes pratiques, respectueuses du bien-&ecirc;tre des chevaux.</p>\r\n\r\n<p>Par ailleurs, plusieurs mesures incitatives, en faveur des &eacute;leveurs (primes aux naisseurs, aides aux importations de poulini&egrave;res de qualit&eacute;, etc.), existent et visent &agrave; encourager le d&eacute;veloppement d&rsquo;un &eacute;levage &eacute;quin de qualit&eacute; au Maroc.</p>\r\n','<p>&nbsp;عملية تربية الخيول- كما يتم تشجيعها حاليا بالمرابط الوطنية- السلالات الرئيسة التالية :</p>\r\n\r\n<ul class=\"liste_cheval_m top20\">\r\n	<li>- السلالة العربية الأصيلة،</li>\r\n	<li>- السلالة الإنجليزية الأصيلة،</li>\r\n	<li>- السلالة العربية- الإنجليزية،</li>\r\n	<li>- السلالة البربرية،</li>\r\n	<li>- السلالة العربية- البريرية.</li>\r\n</ul>\r\n\r\n<p>وتطمح المرابط الوطنية الخمسة، من خلال العمل الذي تقوم به في هذا الإطار، إلى إنتاج خيول أصيلة وتحسين السلالات الأخرى اعتمادا على آخر التقنيات المستجدة في مجالي الوراثة والبيولوجيا الحيوانية. في هذا السياق، يتعبأ رجال ونساء الشركة الملكية لتشجيع الفرس لتسخير خبرتهم العلمية وتجربتهم لخدمة المربين على امتداد دورة حياة الفرس. موازاة مع ذلك، تعمل المرابط الوطنية على توفير التكوين الملائم في مجال تربية الخيول، ونشر وتعميم التقنيات الحديثة المستجدة في هذا الميدان، فضلا عن تشجيع السلوكيات المناسبة لتحقيق راحة الفرس ورعايته.</p>\r\n\r\n<p>من جهة أخرى، تعتمد الشركة الملكية عددا من الإجراءات والتدابير التحفيزية لفائدة مربي الخيول (وهي عبارة عن منح مخصصة للمربين المولِّدين، مساعدات على استيراد الأفراس من سلالة أصيلة، إلخ) والتي تبتغي تطوير تربية الخيول من السلالات العريقة بالمغرب.</p>\r\n',4),(4,'Objectifs ','Objectifs ','أهداف','univers/obj_sorec_E1l15Cm.jpg','<p class=\"title-sub\">Les objectifs de la SOREC dans les arts &eacute;questres modernes</p>\r\n\r\n<ul>\r\n	<li>- D&eacute;velopper et faire rayonner des disciplines d&rsquo;arts &eacute;questres modernes :</li>\r\n	<li>&nbsp; &nbsp;Dressage classique</li>\r\n	<li>&nbsp; &nbsp;Voltige &eacute;questre</li>\r\n	<li>&nbsp; &nbsp;Travail en libert&eacute;</li>\r\n	<li>- Former des jeunes Marocains &agrave; devenir des artistes cavaliers</li>\r\n	<li>- Promouvoir la forte aptitude des races Barbe et Arabe-Barbe aux arts &eacute;questres modernes</li>\r\n	<li>- Favoriser le rayonnement de la tradition marocaine et le savoir-faire en mati&egrave;re de cirque &eacute;questre</li>\r\n</ul>\r\n','<p class=\"title-sub\">Les objectifs de la SOREC dans les arts &eacute;questres modernes</p>\r\n\r\n<ul>\r\n	<li>- D&eacute;velopper et faire rayonner des disciplines d&rsquo;arts &eacute;questres modernes :</li>\r\n	<li>&nbsp; &nbsp;Dressage classique</li>\r\n	<li>&nbsp; &nbsp;Voltige &eacute;questre</li>\r\n	<li>&nbsp; &nbsp;Travail en libert&eacute;</li>\r\n	<li>- Former des jeunes Marocains &agrave; devenir des artistes cavaliers</li>\r\n	<li>- Promouvoir la forte aptitude des races Barbe et Arabe-Barbe aux arts &eacute;questres modernes</li>\r\n	<li>- Favoriser le rayonnement de la tradition marocaine et le savoir-faire en mati&egrave;re de cirque &eacute;questre</li>\r\n</ul>\r\n','<p class=\"title-sub\">أهداف الشركة الملكية لتشجيع الفرس في مجال فنون الفروسية العصرية</p>\r\n\r\n<ul>\r\n	<li>- تطوير وإشعاع مختلف فروع فنون الفروسية العصرية :</li>\r\n	<li>الترويض الكلاسيكي</li>\r\n	<li>ترويض الخيول على انجاز اللوحات الحركية</li>\r\n	<li>الأداء الحر</li>\r\n	<li>- تكوين الشباب المغاربة على أن يصبحوا فنانين فرسان</li>\r\n	<li>- تشجيع السلالة البربرية والعربية- البربرية من الخيول على اكتساب القدرات العالية في فنون الفروسية العصرية</li>\r\n	<li>- تشجيع الإشعاع التقليدي المغربي والخبرة في مجال سيرك الفروسية</li>\r\n</ul>\r\n',11),(5,'La Formation SOREC– AMESIP  test','La Formation SOREC– AMESIP  test','الشراكة بين الشركة الملكية لتشجيع الفرس و الجمعية المغربية لمساعدة الأطفال في وضعية غير مستقرة','univers/part_sorec_J5xfJ1k.jpg','<p class=\"title-sub\">Les formateurs sont :</p>\r\n\r\n<p>La formation a &eacute;t&eacute; initi&eacute;e en 2011 par la SOREC, dans le haras national de Marrakech. Depuis 2013, l&rsquo;AMESIP, Association Marocaine d&rsquo;aide aux Enfants en Situation Pr&eacute;caire, apporte son soutien p&eacute;dagogique &agrave; la conception et mise en &oelig;uvre du projet depuis 2013.</p>\r\n\r\n<p>Cr&eacute;&eacute;e en 1996, l&rsquo;AMESIP &oelig;uvre pour sortir les enfants de la pr&eacute;carit&eacute; et pour favoriser leur insertion sociale. L&rsquo;AMESIP pilote plusieurs projets culturels et &eacute;ducatifs, notamment l&rsquo;&eacute;cole nationale du cirque Shemsy de Sal&eacute;.</p>\r\n','<p class=\"title-sub\">Les formateurs sont :</p>\r\n\r\n<p>La formation a &eacute;t&eacute; initi&eacute;e en 2011 par la SOREC, dans le haras national de Marrakech. Depuis 2013, l&rsquo;AMESIP, Association Marocaine d&rsquo;aide aux Enfants en Situation Pr&eacute;caire, apporte son soutien p&eacute;dagogique &agrave; la conception et mise en &oelig;uvre du projet depuis 2013.</p>\r\n\r\n<p>Cr&eacute;&eacute;e en 1996, l&rsquo;AMESIP &oelig;uvre pour sortir les enfants de la pr&eacute;carit&eacute; et pour favoriser leur insertion sociale. L&rsquo;AMESIP pilote plusieurs projets culturels et &eacute;ducatifs, notamment l&rsquo;&eacute;cole nationale du cirque Shemsy de Sal&eacute;.</p>\r\n','<p class=\"title-sub\">بدأ التكوين في العام 2011 من طرف الشركة الملكية لتشجيع الفرس في المربط الوطني بمراكش. ومنذ العام 2013، انخرطت الجمعية المغربية لمساعدة الأطفال في وضعية غير مستقرة في تقديم دعمها البيداغوجي من خلال وضع التصورات وتنفيذ المشروع.</p>\r\n\r\n<p>وتعمل الجمعية، التي تأسست في العام 1996، من أجل إنقاذ الأطفال من وضعيتهم غير المستقرة وتشجيع ادماجهم الاجتماعي، وذلك من خلال العديد من المشاريع الثقافية والتربوية، لاسيما المدرسة الوطنية للسيرك &quot;شمسي&quot; بسلا.</p>\r\n',11),(6,'5 haras nationaux ','5 haras nationaux ','المرابط الوطنية الخمسة','univers/haras_el.jpg','<p class=\"title-sub\">La SOREC s&rsquo;appuie sur cinq haras nationaux pour mener &agrave; bien cette mission</p>\r\n\r\n<ul class=\"liste_cheval_m top20\">\r\n	<li>- Le haras national de Bouznika</li>\r\n	<li>- Le haras national d&rsquo;El Jadida</li>\r\n	<li>- Le haras national de Marrakech</li>\r\n	<li>- Le haras national de Mekn&egrave;s</li>\r\n	<li>- Le haras national d&rsquo;Oujda</li>\r\n</ul>\r\n\r\n<p class=\"title-sub\">Les haras s&rsquo;appuient sur un r&eacute;seau de plus de 50 stations de monte, qui couvrent tout le territoire marocain et permettent aux &eacute;leveurs d&rsquo;avoir acc&egrave;s &agrave; une offre similaire &agrave; celle des haras nationaux, au plus pr&egrave;s de leurs &eacute;curies.<br />\r\nUne m&eacute;decine &eacute;quine de pointe et en constante am&eacute;lioration y est propos&eacute;e, par la SOREC et ses partenaires : L&#39;Institut Agronomique et V&eacute;t&eacute;rinaire Hassan II, la nouvelle clinique &eacute;quine et les v&eacute;t&eacute;rinaires priv&eacute;s. L&rsquo;objectif est d&rsquo;assurer le meilleur service aux &eacute;leveurs pendant la saison de monte et de r&eacute;aliser un suivi r&eacute;gulier et sensibiliser aux bonnes pratiques durant toute l&rsquo;ann&eacute;e.</p>\r\n\r\n<p>Pr&egrave;s de 300 &eacute;talons sont g&eacute;r&eacute;s et mis &agrave; la disposition des &eacute;leveurs. Ils permettent de saillir, chaque ann&eacute;e, plus de 13 000 juments.<br />\r\nPlusieurs techniques de reproduction sont utilis&eacute;es : la monte naturelle, l&rsquo;ins&eacute;mination artificielle et le transfert d&rsquo;embryon &agrave; partir de 2016. Ainsi, une bonne g&eacute;n&eacute;tique, &agrave; la fois sous forme d&rsquo;&eacute;talons et de semences est propos&eacute;e aux &eacute;leveurs.</p>\r\n','<p class=\"title-sub\">La SOREC s&rsquo;appuie sur cinq haras nationaux pour mener &agrave; bien cette mission</p>\r\n\r\n<ul class=\"liste_cheval_m top20\">\r\n	<li>- Le haras national de Bouznika</li>\r\n	<li>- Le haras national d&rsquo;El Jadida</li>\r\n	<li>- Le haras national de Marrakech</li>\r\n	<li>- Le haras national de Mekn&egrave;s</li>\r\n	<li>- Le haras national d&rsquo;Oujda</li>\r\n</ul>\r\n\r\n<p class=\"title-sub\">Les haras s&rsquo;appuient sur un r&eacute;seau de plus de 50 stations de monte, qui couvrent tout le territoire marocain et permettent aux &eacute;leveurs d&rsquo;avoir acc&egrave;s &agrave; une offre similaire &agrave; celle des haras nationaux, au plus pr&egrave;s de leurs &eacute;curies.<br />\r\nUne m&eacute;decine &eacute;quine de pointe et en constante am&eacute;lioration y est propos&eacute;e, par la SOREC et ses partenaires : L&#39;Institut Agronomique et V&eacute;t&eacute;rinaire Hassan II, la nouvelle clinique &eacute;quine et les v&eacute;t&eacute;rinaires priv&eacute;s. L&rsquo;objectif est d&rsquo;assurer le meilleur service aux &eacute;leveurs pendant la saison de monte et de r&eacute;aliser un suivi r&eacute;gulier et sensibiliser aux bonnes pratiques durant toute l&rsquo;ann&eacute;e.</p>\r\n\r\n<p>Pr&egrave;s de 300 &eacute;talons sont g&eacute;r&eacute;s et mis &agrave; la disposition des &eacute;leveurs. Ils permettent de saillir, chaque ann&eacute;e, plus de 13 000 juments.<br />\r\nPlusieurs techniques de reproduction sont utilis&eacute;es : la monte naturelle, l&rsquo;ins&eacute;mination artificielle et le transfert d&rsquo;embryon &agrave; partir de 2016. Ainsi, une bonne g&eacute;n&eacute;tique, &agrave; la fois sous forme d&rsquo;&eacute;talons et de semences est propos&eacute;e aux &eacute;leveurs.</p>\r\n','<p class=\"title-sub\">تعتمد الشركة الملكية لتشجيع الفرس على خمسة مرابط وطنية لإنجاح مهمتها وهي :</p>\r\n\r\n<ul class=\"liste_cheval_m top20\">\r\n	<li>- المربط الوطني ببوزنيقة،</li>\r\n	<li>- المربط الوطني بالجديدة،</li>\r\n	<li>- المربط الوطني بمراكش،</li>\r\n	<li>- المربط الوطني بمكناس،</li>\r\n	<li>- المربط الوطني بوجدة.</li>\r\n</ul>\r\n\r\n<p class=\"title-sub\">وفي خطتها لتشجيع تربية وتوالد الخيول الأصيلة، تعتمد المرابط على شبكة تتكون من أكثر من 50 محطة للتزاوج تغطي كافة تراب المملكة وتتيح للمربين إمكانية الاستفادة من البنيات الملائمة الشبيهة بتلك التي توجد بالمرابط الوطنية دون الابتعاد كثيرا عن اسطبلاتهم الخاصة.<br />\r\nفي الإطار ذاته، توفر الشركة الملكية لتشجيع الفرس وشركائها للمربين كل الإمكانات الطبية وفق آخر التقنيات المطورة في مجال العناية بالفرس، أهمها معهد الحسن الثاني للزراعة والبيطرة ومصحة بيطرية جديدة خاصة بعلاج الفرس وبيطريين خواص، وذلك بغية توفير أفضل خدمة ممكنة للمربين خلال موسم التزاوج وضمان التتبع المنتظم اللازم للعملية، زيادة على تحسيس المربين بأسلم طرق التعامل مع الفرس خلال السنة كاملها.</p>\r\n\r\n<p>وتشرف الشركة على تسيير حوالي 300 فحل تضعها، في الوقت نفسه، رهن إشارة المربين، والتي تسمح بمزاوجة أكثر من 000 13 فرس سنويا، وذلك باستعمال عدد من التقنيات منها: التزاوج الطبيعي، التلقيح الاصطناعي، ثم تقنية نقل الأجنة، وهي التقنية التي بدأ استعمالها انطلاقا من هذه السنة، سنة 2016. هكذا، تُعرض على المربين خصائص وراثية ذات جودة عالية سواء من حيث الفحول أو اللقاحات المستعملة.<br />\r\nويعتبر المركز الوطني للتلقيح الاصطناعي للخيول ببوزنيقة أول مركز في شمال إفريقيا يتيح إمكانية إنتاج اللقاحات المجمدة ووضعها رهن إشارة مربي الخيول</p>\r\n',4),(7,' Le Haras national de Bouznika',' Le Haras national de Bouznika','المربط الوطني ببوزنيقة','univers/haras_b_uffAeWX.jpg','<p class=\"title-sub\">Le Haras National de Bouznika a &eacute;t&eacute; construit en 1994 au c&oelig;ur d&rsquo;une Kasbah, sur une superficie de 8 ha.<br />\r\nIl a &eacute;t&eacute; r&eacute;am&eacute;nag&eacute; en 2014. 100 nouveaux boxes ont &eacute;t&eacute; construits pour accueillir des chevaux pendant la saison de monte et les concours d&rsquo;&eacute;levage.</p>\r\n\r\n<p>Caract&eacute;ristiques g&eacute;n&eacute;rales :</p>\r\n\r\n<ul>\r\n	<li>- Production de chevaux de courses (Pur-Sang Arabe, Pur-Sang Anglais) et des chevaux Barbes et Arabes-Barbes</li>\r\n	<li>- 25 &eacute;talons</li>\r\n	<li>- Prestations de monte publique, d&rsquo;h&eacute;bergement de juments</li>\r\n	<li>- 3 Stations de monte rattach&eacute;es</li>\r\n	<li>- Un club house</li>\r\n</ul>\r\n','<p class=\"title-sub\">Le Haras National de Bouznika a &eacute;t&eacute; construit en 1994 au c&oelig;ur d&rsquo;une Kasbah, sur une superficie de 8 ha.<br />\r\nIl a &eacute;t&eacute; r&eacute;am&eacute;nag&eacute; en 2014. 100 nouveaux boxes ont &eacute;t&eacute; construits pour accueillir des chevaux pendant la saison de monte et les concours d&rsquo;&eacute;levage.</p>\r\n\r\n<p>Caract&eacute;ristiques g&eacute;n&eacute;rales :</p>\r\n\r\n<ul>\r\n	<li>- Production de chevaux de courses (Pur-Sang Arabe, Pur-Sang Anglais) et des chevaux Barbes et Arabes-Barbes</li>\r\n	<li>- 25 &eacute;talons</li>\r\n	<li>- Prestations de monte publique, d&rsquo;h&eacute;bergement de juments</li>\r\n	<li>- 3 Stations de monte rattach&eacute;es</li>\r\n	<li>- Un club house</li>\r\n</ul>\r\n','<p class=\"title-sub\">&nbsp;تأسس المربط الوطني ببوزنيقة في العام 1994 في قلب قصبة، على مساحة 8 هكتارات قبل أن تتم إعادة تهيئته في العام 2014. إذ تم بناء 100 حجرة جديدة خاصة باستقبال الخيول خلال فصل التزاوج وسباقات التربية.</p>\r\n\r\n<p>خصائص عامة :</p>\r\n\r\n<ul>\r\n	<li>- إنتاج خيول السباق (السلالة العربية الأصيلة، السلالة الإنجليزية الأصيلة) وخيول بربرية وعربية- بربرية،</li>\r\n	<li>- 25 فحلا،</li>\r\n	<li>- خدمات المزاوجة العمومية، إيواء الأفراس،</li>\r\n	<li>- 3 محطات ملحقة للتزاوج،</li>\r\n	<li>- نادي الفرس</li>\r\n</ul>\r\n',1),(8,'Le Centre National d’Insémination Artificielle Equine de Bouznika (CNIAEB)','Le Centre National d’Insémination Artificielle Equine de Bouznika (CNIAEB)','المركز الوطني للتلقيح الاصطناعي','univers/cneab_SAqaqqt.jpg','<p class=\"title-sub\">Le haras national de Bouznika abrite le CNIAEB, centre de production et de mise en place de semences congel&eacute;es &eacute;quines. Ce centre a &eacute;t&eacute; cr&eacute;&eacute; en 2002<br />\r\nLes proc&eacute;d&eacute;s utilis&eacute;s sont enti&egrave;rement conformes aux normes europ&eacute;ennes. Le centre a &eacute;t&eacute; agr&eacute;&eacute; en 2002 par les autorit&eacute;s marocaines et en 2003 par une commission europ&eacute;enne pour l&rsquo;export de semences. Le Maroc est le premier pays d&#39;Afrique du Nord &agrave; se doter de ce type de centre.</p>\r\n\r\n<p>Caract&eacute;ristiques g&eacute;n&eacute;rales :</p>\r\n\r\n<ul>\r\n	<li>- Manipulation de la semence congel&eacute;e</li>\r\n	<li>- Encadrement des centres de mise en place priv&eacute;s</li>\r\n	<li>- Prestations : importation, production, stockage et exp&eacute;dition des semences congel&eacute;es</li>\r\n</ul>\r\n','<p class=\"title-sub\">Le haras national de Bouznika abrite le CNIAEB, centre de production et de mise en place de semences congel&eacute;es &eacute;quines. Ce centre a &eacute;t&eacute; cr&eacute;&eacute; en 2002<br />\r\nLes proc&eacute;d&eacute;s utilis&eacute;s sont enti&egrave;rement conformes aux normes europ&eacute;ennes. Le centre a &eacute;t&eacute; agr&eacute;&eacute; en 2002 par les autorit&eacute;s marocaines et en 2003 par une commission europ&eacute;enne pour l&rsquo;export de semences. Le Maroc est le premier pays d&#39;Afrique du Nord &agrave; se doter de ce type de centre.</p>\r\n\r\n<p>Caract&eacute;ristiques g&eacute;n&eacute;rales :</p>\r\n\r\n<ul>\r\n	<li>- Manipulation de la semence congel&eacute;e</li>\r\n	<li>- Encadrement des centres de mise en place priv&eacute;s</li>\r\n	<li>- Prestations : importation, production, stockage et exp&eacute;dition des semences congel&eacute;es</li>\r\n</ul>\r\n','<p class=\"title-sub\">يأوي المربط الوطني ببوزنيقة بين أسواره المركز الوطني للتلقيح الاصطناعي؛ مركز إنتاج وإعداد اللقاحات المنوية المجمدة للخيول. وقد تأسس المركز في العام 2002 لينجز مهامه وفق المعايير الأوربية.</p>\r\n\r\n<p>تم اعتماد المركز رسميا سنة 2002 من قبل السلطات المغربية، قبل أن يحصل سنة 2003 على الاعتماد من قبل لجنة أوربية لتصدير اللقاحات المنوية. ويعتبر المغرب أول بلد في إفريقيا الشمالية يتوفر على مركز من هذا النوع.</p>\r\n\r\n<p>خصائص عامة :</p>\r\n\r\n<ul>\r\n	<li>- التحكم في استعمال اللقاح المنوي المجمد،</li>\r\n	<li>- تأطير مراكز التنفيذ الخاصة،</li>\r\n	<li>- الخدمات : الاستيراد، الإنتاج، تخزين وإرسال اللقاحات المنوية المجمدة.</li>\r\n</ul>\r\n',1),(9,'Le Haras national d’El Jadida','Le Haras national d’El Jadida','المربط الوطني بالجديدة','univers/haras_j_LI745Op.jpg','<p class=\"title-sub\">Cr&eacute;&eacute; en 1913, le haras National d&rsquo;El Jadida s&rsquo;&eacute;tend sur une superficie totale de 5 hectares. A l&rsquo;origine, ce haras avait une vocation purement militaire puis il a &eacute;t&eacute; transform&eacute; en 1946 en entit&eacute; civile mise sous la tutelle du Minist&egrave;re de l&rsquo;Agriculture. A partir de 2011, toutes ses activit&eacute;s ont &eacute;t&eacute; transf&eacute;r&eacute;es &agrave; la SOREC.</p>\r\n\r\n<p>La SOREC a entrepris une reconstruction totale du haras. L&rsquo;inauguration est pr&eacute;vue pour octobre 2015. La nouvelle configuration permettra au haras de disposer d&rsquo;infrastructures performantes, permettant le d&eacute;ploiement des meilleures techniques de reproduction et le respect du bien &ecirc;tre de chevaux</p>\r\n\r\n<p>Caract&eacute;ristiques g&eacute;n&eacute;rales :</p>\r\n\r\n<ul>\r\n	<li>- Production des 5 principales races de chevaux</li>\r\n	<li>- 72 &eacute;talons</li>\r\n	<li>- Prestations de monte publique et d&rsquo;h&eacute;bergement des juments</li>\r\n	<li>- 12 stations de monte rattach&eacute;es</li>\r\n	<li>- Un club &eacute;questre</li>\r\n</ul>\r\n','<p class=\"title-sub\">Cr&eacute;&eacute; en 1913, le haras National d&rsquo;El Jadida s&rsquo;&eacute;tend sur une superficie totale de 5 hectares. A l&rsquo;origine, ce haras avait une vocation purement militaire puis il a &eacute;t&eacute; transform&eacute; en 1946 en entit&eacute; civile mise sous la tutelle du Minist&egrave;re de l&rsquo;Agriculture. A partir de 2011, toutes ses activit&eacute;s ont &eacute;t&eacute; transf&eacute;r&eacute;es &agrave; la SOREC.</p>\r\n\r\n<p>La SOREC a entrepris une reconstruction totale du haras. L&rsquo;inauguration est pr&eacute;vue pour octobre 2015. La nouvelle configuration permettra au haras de disposer d&rsquo;infrastructures performantes, permettant le d&eacute;ploiement des meilleures techniques de reproduction et le respect du bien &ecirc;tre de chevaux</p>\r\n\r\n<p>Caract&eacute;ristiques g&eacute;n&eacute;rales :</p>\r\n\r\n<ul>\r\n	<li>- Production des 5 principales races de chevaux</li>\r\n	<li>- 72 &eacute;talons</li>\r\n	<li>- Prestations de monte publique et d&rsquo;h&eacute;bergement des juments</li>\r\n	<li>- 12 stations de monte rattach&eacute;es</li>\r\n	<li>- Un club &eacute;questre</li>\r\n</ul>\r\n','<p class=\"title-sub\">&nbsp;تأسس في العام 1931، ويمتد على مساحة إجمالية قدرها 5 هكتارات. كان هذا المربط مخصصا، في الأصل، لأغراض عسكرية قبل أن يتحول سنة 1946 إلى وحدة مدنية تابعة لوزارة الفلاحة. وابتداء من العام 2011، تم نقل جميع أنشطته إلى الشركة الملكية لتشجيع الفرس، التي بادرت إلى إعادة بنائه بشكل كامل. وقد تم تدشينه في أكتوبر 2015 بعد أن أضحى يتوفر على بنيات عالية الأداء توفر أفضل تقنيات التوالد واحترام راحة الخيل.</p>\r\n\r\n<p>خصائص عامة :</p>\r\n\r\n<ul>\r\n	<li>- إنتاج السلالات الخمس البارزة من الخيل،</li>\r\n	<li>- 72 فحلا،</li>\r\n	<li>- خدمات تناسل الخيول وإيواء الأفراس،</li>\r\n	<li>- 12 مركزا لتنمية كريمة للخيول و محطات لتحسين النسل.</li>\r\n	<li>- نادي للفروسية.</li>\r\n</ul>\r\n',1),(10,'Le Haras national de Meknès','Le Haras national de Meknès','المربط الوطني بمكناس','univers/haras_mek.jpg','<p class=\"title-sub\">Cr&eacute;&eacute; en 1912, le Haras de Mekn&egrave;s est le plus ancien des haras nationaux. Class&eacute; patrimoine historique de la ville et entour&eacute; d&rsquo;une muraille, il s&rsquo;&eacute;tend sur une superficie de pr&egrave;s de 67 ha, dont 40 ha sont occup&eacute;s par l&rsquo;hippodrome. Il contient la seule jumenterie nationale.</p>\r\n\r\n<p>Cet &eacute;tablissement a &eacute;t&eacute; r&eacute;cemment dot&eacute; de nouvelles installations, am&eacute;nag&eacute;es dans le respect de l&rsquo;identit&eacute; architecturale du site.</p>\r\n\r\n<p>Caract&eacute;ristiques g&eacute;n&eacute;rales :</p>\r\n\r\n<ul>\r\n	<li>- Jumenterie nationale barbe et production de chevaux Barbes et Arabes-Barbes</li>\r\n	<li>- 78 &eacute;talons</li>\r\n	<li>- Prestations de monte publique, d&rsquo;h&eacute;bergement des juments</li>\r\n	<li>- 15 stations de monte rattach&eacute;es</li>\r\n	<li>- Un club &eacute;questre</li>\r\n</ul>\r\n','<p class=\"title-sub\">Cr&eacute;&eacute; en 1912, le Haras de Mekn&egrave;s est le plus ancien des haras nationaux. Class&eacute; patrimoine historique de la ville et entour&eacute; d&rsquo;une muraille, il s&rsquo;&eacute;tend sur une superficie de pr&egrave;s de 67 ha, dont 40 ha sont occup&eacute;s par l&rsquo;hippodrome. Il contient la seule jumenterie nationale.</p>\r\n\r\n<p>Cet &eacute;tablissement a &eacute;t&eacute; r&eacute;cemment dot&eacute; de nouvelles installations, am&eacute;nag&eacute;es dans le respect de l&rsquo;identit&eacute; architecturale du site.</p>\r\n\r\n<p>Caract&eacute;ristiques g&eacute;n&eacute;rales :</p>\r\n\r\n<ul>\r\n	<li>- Jumenterie nationale barbe et production de chevaux Barbes et Arabes-Barbes</li>\r\n	<li>- 78 &eacute;talons</li>\r\n	<li>- Prestations de monte publique, d&rsquo;h&eacute;bergement des juments</li>\r\n	<li>- 15 stations de monte rattach&eacute;es</li>\r\n	<li>- Un club &eacute;questre</li>\r\n</ul>\r\n','<p class=\"title-sub\">تأسس هذا المربط في العام 1912، لذلك يعتبر أقدم المرابط الوطنية. يمتد المربط، الذي يعتبر إرثا تاريخيا للمدينة والمحاط بجدار كبير، على مساحة تقدر بحوالي 67 هكتارا، منها 40 هكتارا مخصصة لمضمار السباق. وهو المربط الذي يأوي الوحدة الوطنية الوحيدة الخاصة بتربية الأفراس.</p>\r\n\r\n<p>زُودت هذه المؤسسة مؤخرا بتجهيزات جديدة تمت تهيئتها في إطار احترام الهوية المعمارية للموقع.</p>\r\n\r\n<p>خصائص عامة :</p>\r\n\r\n<ul>\r\n	<li>- وحدة وطنية للسلالة البربرية وإنتاج و تربية الخيول البربرية والعربية- البربرية،</li>\r\n	<li>- 78 فحلا،</li>\r\n	<li>- خدمات تناسل الخيول، إيواء الأفراس،</li>\r\n	<li>- 15 محطة ملحقة للتزاوج،</li>\r\n	<li>- نادي للفروسية.</li>\r\n</ul>\r\n',1),(11,'Le Haras national de Marrakech','Le Haras national de Marrakech','المربط الوطني بمراكش','univers/haras_kech_xX2Hjdm.jpg','<p class=\"title-sub\">Cr&eacute;&eacute; en 1913, le Haras National de Marrakech est un ancien &eacute;tablissement hippique qui fournissait des chevaux pour la cavalerie au d&eacute;but du 20&egrave;me si&egrave;cle. Il a &eacute;t&eacute; pris en charge par le Minist&egrave;re de l&rsquo;Agriculture en 1947 et reconstruit en 2009.</p>\r\n\r\n<p><strong>Toutes ses activit&eacute;s ont &eacute;t&eacute; transf&eacute;r&eacute;es &agrave; la SOREC en 2011. Une &eacute;cole d&rsquo;arts &eacute;questres y a alors &eacute;t&eacute; &eacute;tablie. Elle propose d&eacute;sormais une formation de dressage classique, de voltige &eacute;questre et de travail en libert&eacute;.</strong></p>\r\n\r\n<p>Caract&eacute;ristiques g&eacute;n&eacute;rales :</p>\r\n\r\n<ul>\r\n	<li>- Production de chevaux Barbes et Arabes-Barbes</li>\r\n	<li>- 55 &eacute;talons</li>\r\n	<li>- Une &eacute;cole nationale de d&rsquo;Arts &eacute;questres</li>\r\n	<li>- Prestations de monte publique</li>\r\n	<li>- 9 stations de monte rattach&eacute;es</li>\r\n</ul>\r\n','<p class=\"title-sub\">Cr&eacute;&eacute; en 1913, le Haras National de Marrakech est un ancien &eacute;tablissement hippique qui fournissait des chevaux pour la cavalerie au d&eacute;but du 20&egrave;me si&egrave;cle. Il a &eacute;t&eacute; pris en charge par le Minist&egrave;re de l&rsquo;Agriculture en 1947 et reconstruit en 2009.</p>\r\n\r\n<p><strong>Toutes ses activit&eacute;s ont &eacute;t&eacute; transf&eacute;r&eacute;es &agrave; la SOREC en 2011. Une &eacute;cole d&rsquo;arts &eacute;questres y a alors &eacute;t&eacute; &eacute;tablie. Elle propose d&eacute;sormais une formation de dressage classique, de voltige &eacute;questre et de travail en libert&eacute;.</strong></p>\r\n\r\n<p>Caract&eacute;ristiques g&eacute;n&eacute;rales :</p>\r\n\r\n<ul>\r\n	<li>- Production de chevaux Barbes et Arabes-Barbes</li>\r\n	<li>- 55 &eacute;talons</li>\r\n	<li>- Une &eacute;cole nationale de d&rsquo;Arts &eacute;questres</li>\r\n	<li>- Prestations de monte publique</li>\r\n	<li>- 9 stations de monte rattach&eacute;es</li>\r\n</ul>\r\n','<p class=\"title-sub\">يعتبر المربط الوطني بمراكش، الذي تأسس في العام 1913، واحدا من أقدم مرابط الخيل الذي كان يوفر خيولا لفرق الخيالة مطلع القرن العشرين. تكلفت به وزارة الفلاحة سنة 1947 وأعيد بناؤه سنة 2009، قبل أن تُنقل جميع أنشطته إلى الشركة الملكية لتشجيع الفرس سنة 2011 ويأوي مدرسة لفنون الفروسية، التي أضحت توفر تكوينا في التربية الكلاسيكية والترويض على الحركات المبرمجة والحرة.</p>\r\n\r\n<p>خصائص عامة :</p>\r\n\r\n<ul>\r\n	<li>- إنتاج الخيول البربرية والعربية- البربرية،</li>\r\n	<li>- 55 فحلا،</li>\r\n	<li>- مدرسة وطنية لفن الفروسية،</li>\r\n	<li>- خدمات تناسل الخيول و ايواء الأفراس،</li>\r\n	<li>- 9 محطات ملحقة للتزاوج</li>\r\n</ul>\r\n',1),(12,'Le Haras national d’Oujda','Le Haras national d’Oujda','المربط الوطني بوجدة','univers/haras_o.jpg','<p class=\"title-sub\">Cr&eacute;&eacute; en 1913, le haras national d&rsquo;Oujda est un ancien &eacute;tablissement hippique. En 1947, le Minist&egrave;re de l&rsquo;Agriculture a pris en charge le site et a organis&eacute; sa reconstruction. En 2011, l&rsquo;ensemble des activit&eacute;s du haras ont &eacute;t&eacute; transf&eacute;r&eacute;es &agrave; la SOREC. La reconstruction du site a pris fin en 2012.</p>\r\n\r\n<p>Caract&eacute;ristiques g&eacute;n&eacute;rales :</p>\r\n\r\n<ul>\r\n	<li>- Production de chevaux Barbes et Arabes-Barbes</li>\r\n	<li>- 53 &eacute;talons</li>\r\n	<li>- Prestations de monte publique</li>\r\n	<li>- 12 stations de monte rattach&eacute;es</li>\r\n</ul>\r\n','<p class=\"title-sub\">Cr&eacute;&eacute; en 1913, le haras national d&rsquo;Oujda est un ancien &eacute;tablissement hippique. En 1947, le Minist&egrave;re de l&rsquo;Agriculture a pris en charge le site et a organis&eacute; sa reconstruction. En 2011, l&rsquo;ensemble des activit&eacute;s du haras ont &eacute;t&eacute; transf&eacute;r&eacute;es &agrave; la SOREC. La reconstruction du site a pris fin en 2012.</p>\r\n\r\n<p>Caract&eacute;ristiques g&eacute;n&eacute;rales :</p>\r\n\r\n<ul>\r\n	<li>- Production de chevaux Barbes et Arabes-Barbes</li>\r\n	<li>- 53 &eacute;talons</li>\r\n	<li>- Prestations de monte publique</li>\r\n	<li>- 12 stations de monte rattach&eacute;es</li>\r\n</ul>\r\n','<p class=\"title-sub\">&nbsp;يعتبر مربط مدينة وجدة، الذي يعود تاريخ تأسيسه إلى سنة 1913، هو الآخر من أقدم المؤسسات الموجهة لتربية بالخيول في المغرب، قبل أن يصبح تابعا لوزارة الفلاحة التي أعادت بناءه. وفي سنة 2011، تم نقل كافة أنشطته إلى الشركة الملكية لتشجيع الفرس، قبل أن تنجز عملية إعادة بنائه التي انتهت سنة 2012.</p>\r\n\r\n<p>خصائص عامة :</p>\r\n\r\n<ul>\r\n	<li>- إنتاج الخيول البربرية والعربية- البربرية،</li>\r\n	<li>- 53 فحلا،</li>\r\n	<li>- خدمات تناسل الخيول،</li>\r\n	<li>- 12 محطة ملحقة للتزاوج.</li>\r\n</ul>\r\n',1),(13,'Les concours de Tbourida  ','Les concours de Tbourida  ','مباريات التبوريدة','univers/c_univers_yb0t5lP.jpg','<p class=\"title-sub\">La SOREC organise chaque ann&eacute;e, des concours de <a class=\"gold bold\" href=\"/la_tbourida/\" title=\"La Tbourida\">Tbourida</a>, en partenariat avec la FRMSE (F&eacute;d&eacute;ration Royale Marocaine des Sports Equestre). Organis&eacute;s dans un esprit de f&ecirc;tes populaires c&eacute;l&eacute;brant l&rsquo;art de la Tbourida, ces concours s&rsquo;articulent autour de trois grandes &eacute;tapes :</p>\r\n\r\n<ul class=\"liste_cheval_m top20\">\r\n	<li>- Les concours r&eacute;gionaux organis&eacute;s dans plusieurs villes du Maroc permettent de s&eacute;lectionner les meilleurs sorbas (troupes de Tbourida)</li>\r\n	<li>- Les sorbas qualifi&eacute;es rejoignent les deux concours inter-r&eacute;gionaux</li>\r\n	<li>- Les meilleures troupes participent &agrave; la finale du concours de Tbourida, lors du Troph&eacute;e Hassan II de Dar Essalam &agrave; Rabat</li>\r\n</ul>\r\n\r\n<p class=\"bold\">On compte actuellement plus de 300 sorbas, environ 5 000 cavaliers et 5 000 chevaux qui participent &agrave; plus de 20 concours de Tbourida chaque ann&eacute;e. Au fur et &agrave; mesure, la port&eacute;e de la Tbourida est &eacute;tendue, la s&eacute;curit&eacute; des chevaux et des cavaliers s&rsquo;am&eacute;liore et des actions de sensibilisation au bien-&ecirc;tre du cheval sont r&eacute;alis&eacute;es.</p>\r\n','<p class=\"title-sub\">La SOREC organise chaque ann&eacute;e, des concours de <a class=\"gold bold\" href=\"/la_tbourida/\" title=\"La Tbourida\">Tbourida</a>, en partenariat avec la FRMSE (F&eacute;d&eacute;ration Royale Marocaine des Sports Equestre). Organis&eacute;s dans un esprit de f&ecirc;tes populaires c&eacute;l&eacute;brant l&rsquo;art de la Tbourida, ces concours s&rsquo;articulent autour de trois grandes &eacute;tapes :</p>\r\n\r\n<ul class=\"liste_cheval_m top20\">\r\n	<li>- Les concours r&eacute;gionaux organis&eacute;s dans plusieurs villes du Maroc permettent de s&eacute;lectionner les meilleurs sorbas (troupes de Tbourida)</li>\r\n	<li>- Les sorbas qualifi&eacute;es rejoignent les deux concours inter-r&eacute;gionaux</li>\r\n	<li>- Les meilleures troupes participent &agrave; la finale du concours de Tbourida, lors du Troph&eacute;e Hassan II de Dar Essalam &agrave; Rabat</li>\r\n</ul>\r\n\r\n<p class=\"bold\">On compte actuellement plus de 300 sorbas, environ 5 000 cavaliers et 5 000 chevaux qui participent &agrave; plus de 20 concours de Tbourida chaque ann&eacute;e. Au fur et &agrave; mesure, la port&eacute;e de la Tbourida est &eacute;tendue, la s&eacute;curit&eacute; des chevaux et des cavaliers s&rsquo;am&eacute;liore et des actions de sensibilisation au bien-&ecirc;tre du cheval sont r&eacute;alis&eacute;es.</p>\r\n','<p class=\"title-sub\">تنظم الشركة الملكية لتشجيع الفرس كل سنة مسابقات خاصة بالتبوريدة بشراكة مع الجامعة الملكية المغربية للفروسية. وتجري هذه المسابقات، التي تدور في أجواء احتفالية شعبية تمجد فن&nbsp;<a href=\"http://sorec.ma/ar/la_tbourida/\" title=\"التبوريدة\">التبوريدة</a>، عبر ثلاث مراحل كبرى هي :*- المسابقات الجهوية المنظمة في العديد من المدن المغربية، وتمكن من انتقاء أجود السربات،</p>\r\n\r\n<ul>\r\n	<li>- السربات المؤهلة تشارك في المسابقتين المنظمتين فيما بين الجهات،</li>\r\n	<li>- السربات الأفضل تتأهل إلى نهاية مسابقة التبوريدة التي تجري في إطار فعاليات جائزة الحسن الثاني بدار السلام بالرباط.</li>\r\n</ul>\r\n\r\n<p class=\"title-sub\">يوجد اليوم بالمغرب أكثر من 300 سربة، وحوالي 5000 فارس يشاركون في أكثر من 20 سباقا للتبوريدة كل سنة. حاليا، تشهد مسابقات التبوريدة إقبالا متزايدا ما فتئ مجاله يتسع شيئا فشيئا بموازاة مع تحسن سلامة الخيول والفرسان وجهود التحسيس التي تبذل من أجل راحة الفرس.</p>\r\n',2),(14,'Les concours d’élevage','Les concours d’élevage','مسابقات تربية الخيول','univers/c_univers2_nskscjm.jpg','<p class=\"title-sub\">La SOREC organise, chaque ann&eacute;e, des concours d&rsquo;<a class=\"gold bold\" href=\"/elevage-equin/\" title=\"L\'élevage équin\">&eacute;levage</a> de chevaux Barbes et Arabes-Barbes. Ils visent &agrave; mettre en valeur les meilleurs chevaux de ces races.</p>\r\n\r\n<p>Chaque ann&eacute;e, durant les concours d&rsquo;&eacute;levage, on peut appr&eacute;cier la qualit&eacute; du cheptel &eacute;quin et mesurer les r&eacute;sultats des actions d&rsquo;am&eacute;lioration g&eacute;n&eacute;tique.</p>\r\n\r\n<p>Durant ces concours, les &eacute;leveurs sont sensibilis&eacute;s aux bonnes pratiques de pr&eacute;paration du jeune cheval afin de faciliter sa mise sur le march&eacute;.</p>\r\n\r\n<p class=\"bold\">Chaque ann&eacute;e, 20 concours d&rsquo;&eacute;levage sont organis&eacute;s. Plus de 4 000 chevaux y participent.</p>\r\n','<p class=\"title-sub\">La SOREC organise, chaque ann&eacute;e, des concours d&rsquo;<a class=\"gold bold\" href=\"/elevage-equin/\" title=\"L\'élevage équin\">&eacute;levage</a> de chevaux Barbes et Arabes-Barbes. Ils visent &agrave; mettre en valeur les meilleurs chevaux de ces races.</p>\r\n\r\n<p>Chaque ann&eacute;e, durant les concours d&rsquo;&eacute;levage, on peut appr&eacute;cier la qualit&eacute; du cheptel &eacute;quin et mesurer les r&eacute;sultats des actions d&rsquo;am&eacute;lioration g&eacute;n&eacute;tique.</p>\r\n\r\n<p>Durant ces concours, les &eacute;leveurs sont sensibilis&eacute;s aux bonnes pratiques de pr&eacute;paration du jeune cheval afin de faciliter sa mise sur le march&eacute;.</p>\r\n\r\n<p class=\"bold\">Chaque ann&eacute;e, 20 concours d&rsquo;&eacute;levage sont organis&eacute;s. Plus de 4 000 chevaux y participent.</p>\r\n','<p class=\"title-sub\">&nbsp;يوجد اليوم بالمغرب أكثر من 300 سربة، وحوالي 5000 فارس يشاركون في أكثر من 20 سباقا للتبوريدة كل سنة. حاليا، تشهد مسابقات التبوريدة إقبالا متزايدا ما فتئ مجاله يتسع شيئا فشيئا بموازاة مع تحسن سلامة الخيول والفرسان وجهود التحسيس التي تبذل من أجل راحة الفرس</p>\r\n\r\n<p class=\"title-sub\">&nbsp;.يوجد اليوم بالمغرب أكثر من 300 سربة، وحوالي 5000 فارس يشاركون في أكثر من 20 سباقا للتبوريدة كل سنة. حاليا، تشهد مسابقات التبوريدة إقبالا متزايدا ما فتئ مجاله يتسع شيئا فشيئا بموازاة مع تحسن سلامة الخيول والفرسان وجهود التحسيس التي تبذل من أجل راحة الفرس.</p>\r\n<p class=\"title-sub\">&nbsp;وتشهد كل سنة تنظيم 20 مسابقة في تربية الخيول، يشارك فيها أكثر من 4000 فرس.</p>\r\n',2),(15,'Les Journées Portes Ouvertes des Haras Nationaux','Les Journées Portes Ouvertes des Haras Nationaux','أيام الأبواب المفتوحة للمرابط الوطنية','univers/promo_univers_sgRB0mD_2aXLpbo.jpg','<p class=\"title-sub\">Cr&eacute;&eacute;s en 2012, les Journ&eacute;es Portes Ouvertes des Haras Nationaux prennent la forme de rencontres permettant des &eacute;changes privil&eacute;gi&eacute;s entres les &eacute;quipes de la SOREC, des experts, et des professeurs universitaires de l&rsquo;Institut Agronomique et V&eacute;t&eacute;rinaire Hassan II et les professionnels. Les visiteurs peuvent y d&eacute;couvrir les services propos&eacute;s par les haras nationaux, assister &agrave; des conf&eacute;rences et participer &agrave; des ateliers de d&eacute;monstration et &agrave; des tables rondes autour des bonnes pratiques de l&rsquo;&eacute;levage &eacute;quin.</p>\r\n\r\n<p>Les Journ&eacute;es Portes Ouvertes touchent actuellement plus de 1 000 professionnels de l&rsquo;&eacute;levage &eacute;quin chaque ann&eacute;e.</p>\r\n','<p class=\"title-sub\">Cr&eacute;&eacute;s en 2012, les Journ&eacute;es Portes Ouvertes des Haras Nationaux prennent la forme de rencontres permettant des &eacute;changes privil&eacute;gi&eacute;s entres les &eacute;quipes de la SOREC, des experts, et des professeurs universitaires de l&rsquo;Institut Agronomique et V&eacute;t&eacute;rinaire Hassan II et les professionnels. Les visiteurs peuvent y d&eacute;couvrir les services propos&eacute;s par les haras nationaux, assister &agrave; des conf&eacute;rences et participer &agrave; des ateliers de d&eacute;monstration et &agrave; des tables rondes autour des bonnes pratiques de l&rsquo;&eacute;levage &eacute;quin.</p>\r\n\r\n<p>Les Journ&eacute;es Portes Ouvertes touchent actuellement plus de 1 000 professionnels de l&rsquo;&eacute;levage &eacute;quin chaque ann&eacute;e.</p>\r\n','<p class=\"title-sub\">أصبحت تظاهرة أيام الأبواب المفتوحة للمرابط الوطنية، التي بدأ تنظيمها في العام 2012، فرصة للقاءات التي يتم خلالها تبادل الأفكار بين فرق الشركة الملكية لتشجيع الفرس والخبراء والأساتذة الجامعيين في معهد الحسن الثاني للزراعة والبيطرة والمهنيين، كما أنها حدث يكتشف خلاله الزوار الخدمات المعروضة من قبل المرابط الوطنية وحضور الندوات المنظمة في هذا الإطار والمشاركة في الورشات المهنية وفي الموائد المستديرة التي تتخذ من السلوكيات المهنية السليمة في عالم تربية الخيول موضوعا عاما لها.</p>\r\n\r\n<p>اليوم، أضحت الأبواب المفتوحة للمرابط الوطنية تجلب إليها أكثر من 1000 مهني يعملون في مجال تربية الخيول كل سنة.</p>\r\n',3),(16,'La caravane de sensibilisation de l’élevage équin','La caravane de sensibilisation de l’élevage équin','قافلة التحسيس بتربية الخيول','univers/caravane_6rFu916_6ZTpyW4.jpg','<p class=\"title-sub\">Cr&eacute;&eacute;e en 2013, dans le but de mener une r&eacute;elle action de proximit&eacute;, la Caravane de sensibilisation de l&rsquo;&eacute;levage &eacute;quin de la SOREC parcourt le Maroc et va &agrave; la rencontre des &eacute;leveurs, dans leurs &eacute;curies.</p>\r\n\r\n<p><strong>Organis&eacute;e chaque ann&eacute;e, durant 4 semaines et en 20 &eacute;tapes, la Caravane de sensibilisation, permet &agrave; pr&egrave;s de 1 000 &eacute;leveurs de rencontrer les &eacute;quipes de la SOREC, dont l&rsquo;objectif est de recueillir les besoins et former aux meilleurs pratiques &eacute;quines.</strong></p>\r\n','<p class=\"title-sub\">Cr&eacute;&eacute;e en 2013, dans le but de mener une r&eacute;elle action de proximit&eacute;, la Caravane de sensibilisation de l&rsquo;&eacute;levage &eacute;quin de la SOREC parcourt le Maroc et va &agrave; la rencontre des &eacute;leveurs, dans leurs &eacute;curies.</p>\r\n\r\n<p><strong>Organis&eacute;e chaque ann&eacute;e, durant 4 semaines et en 20 &eacute;tapes, la Caravane de sensibilisation, permet &agrave; pr&egrave;s de 1 000 &eacute;leveurs de rencontrer les &eacute;quipes de la SOREC, dont l&rsquo;objectif est de recueillir les besoins et former aux meilleurs pratiques &eacute;quines.</strong></p>\r\n','<p class=\"title-sub \">اعتادت قافلة التحسيس، التي بدأت نشاطها لأول مرة في العام 2013 بهدف خلق مبادرة تروم الاقتراب أكثر من المعنيين، على أن تطوف المغرب للقاء المربين في اسطبلاتهم الخاصة. وتعد القافلة، التي تنظم كل سنة خلال 4 أسابيع متتالية على امتداد 20 مرحلة، مناسبة لحوالي 1000 مربي للإلتقاء بفرق الشركة الملكية لتشجيع الفرس من أجل تشخيص الحاجيات وتحسيس المربين بضرورة الالتزام بطرق التربية السليمة للخيول.</p>\r\n',3),(17,'Les courses hippiques ont fêté leur centenaire en 2014','Les courses hippiques ont fêté leur centenaire en 2014','احتفال سباقات الخيل، سنة 2014، بمرور 100 سنة على وجودها','univers/P2_oYAi7Wk.jpg','<p class=\"title-sub\">La SOREC se mobilise pour organiser chaque ann&eacute;e plus de 2000 courses, dans ses six&nbsp;<a href=\"http://www.sorec.ma/hippodromes/\" title=\"Les hippodromes du Maroc\">hippodromes</a>, avec une moyenne de 10 partants par course &agrave; une fr&eacute;quence de 6 r&eacute;unions par semaine.</p>\r\n\r\n<p>Les 6 hippodromes du Royaume sont ceux de Casablanca, Rabat, El Jadida, Settat, Mekn&egrave;s et Khemisset. Le calendrier hippique est constitu&eacute; de 9 Grands Prix princiers, de 7 Grands Prix nationaux et de 32 courses principales. Les courses sont organis&eacute;es en partenariat avec les soci&eacute;t&eacute;s de courses hippiques.</p>\r\n\r\n<p>Les races qui participent aux courses de galop sont :</p>\r\n\r\n<ul>\r\n	<li>- Le Pur-Sang anglais</li>\r\n	<li>- Le Pur-Sang arabe</li>\r\n	<li>- L&#39;Anglo-Arabe</li>\r\n</ul>\r\n','<p class=\"title-sub\">La SOREC se mobilise pour organiser chaque ann&eacute;e plus de 2000 courses, dans ses six&nbsp;<a href=\"http://www.sorec.ma/hippodromes/\" title=\"Les hippodromes du Maroc\">hippodromes</a>, avec une moyenne de 10 partants par course &agrave; une fr&eacute;quence de 6 r&eacute;unions par semaine.</p>\r\n\r\n<p>Les 6 hippodromes du Royaume sont ceux de Casablanca, Rabat, El Jadida, Settat, Mekn&egrave;s et Khemisset. Le calendrier hippique est constitu&eacute; de 9 Grands Prix princiers, de 7 Grands Prix nationaux et de 32 courses principales. Les courses sont organis&eacute;es en partenariat avec les soci&eacute;t&eacute;s de courses hippiques.</p>\r\n\r\n<p>Les races qui participent aux courses de galop sont :</p>\r\n\r\n<ul>\r\n	<li>- Le Pur-Sang anglais</li>\r\n	<li>- Le Pur-Sang arabe</li>\r\n	<li>- L&#39;Anglo-Arabe</li>\r\n</ul>\r\n','<p class=\"title-sub\">وعيا منها بأن سباقات الخيل تشكل محركا أساسيا لتطور سلسلة تربية الخيل كلها، تتعبأ الشركة الملكية لتشجيع الفرس لتنظيم أكثر من 2000 سباق للخيل كل سنة في ستة مضامير بمعدل 10 مشاركين في كل سباق وبوتيرة 6 لقاءات في الأسبوع.</p>\r\n\r\n<p><a href=\"http://sorec.ma/ar/hippodromes/\" title=\"مضامير المغرب\">المضامير</a>&nbsp;الستة الموزعة على عدة مناطق بالمملكة هي مضمار الدار البيضاء والرباط والجديدة وسطات ومكناس والخميسات، أما المواعيد الكبرى فتتألف من 9 جوائز أميرية كبرى و7 جوائز وطنية كبرى و32 سباقا رئيسيا. وتنظم السباقات بشراكة مع مختلف شركات سباقات الخيل.</p>\r\n\r\n<p>السلالات التي تشارك في سباقات العدو هي :</p>\r\n\r\n<ul>\r\n	<li>- السلالة الإنجليزية العريقة : تتميز بالخفة والسرعة، تعتبر خيول هذه السلالة هي الأمثل في مثل هذه السباقات،</li>\r\n	<li>- السلالة العربية العريقة : تتميز بالقدرة على التحمل والسرعة، خيول هذه السلالة نبيلة وسريعة،</li>\r\n	<li>- السلالة الإنجليزية- العربية : تتميز بالخفة والاستقامة، خيول هذه السلالة متعددة الخصائص.</li>\r\n</ul>\r\n',5),(18,'Ouverture à l\'international des courses hippiques marocaines','Ouverture à l\'international des courses hippiques marocaines','سباقات الخيل المغربية معترف بها ومنفتحة على المستوى الدولي من خلال :','univers/crs_BG249ZY_OcY1vG6.jpg','<p class=\"title-sub\">Les courses hippiques marocaines sont reconnues et s&rsquo;ouvrent &agrave; l&rsquo;international</p>\r\n\r\n<p>- <strong>Par le Meeting international des courses de Pur-sang</strong>&nbsp;: c&rsquo;est le rendez-vous annuel des professionnels mondiaux des courses hippiques, avec l&rsquo;organisation de deux courses de Groupe 3 (IFAHR).</p>\r\n\r\n<p>-&nbsp;<strong>Par les comp&eacute;titions internationales</strong>&nbsp;:</p>\r\n\r\n<ul>\r\n	<li>SOREC-Cup&nbsp;: course offerte annuellement dans le cadre de r&eacute;unions hippiques de prestige, organis&eacute;es en France, en Irlande et en Turquie.</li>\r\n	<li>Etape marocaine du championnat du monde &laquo;&nbsp;HH Sheikha Fatima Bent Mubarak&nbsp;&raquo;, r&eacute;serv&eacute;e aux cavali&egrave;res femmes.</li>\r\n	<li>Coupe FRBC (French Racing and Breeding Committee) et &laquo;&nbsp;The President UAE-Cup&nbsp;&raquo;, int&eacute;gr&eacute;es en 2014 au programme du Meeting international des courses de Pur-Sang.</li>\r\n	<li>Etape marocaine du championnat m&eacute;diterran&eacute;en des jockeys.</li>\r\n</ul>\r\n','<p class=\"title-sub\">Les courses hippiques marocaines sont reconnues et s&rsquo;ouvrent &agrave; l&rsquo;international</p>\r\n\r\n<p>- <strong>Par le Meeting international des courses de Pur-sang</strong>&nbsp;: c&rsquo;est le rendez-vous annuel des professionnels mondiaux des courses hippiques, avec l&rsquo;organisation de deux courses de Groupe 3 (IFAHR).</p>\r\n\r\n<p>-&nbsp;<strong>Par les comp&eacute;titions internationales</strong>&nbsp;:</p>\r\n\r\n<ul>\r\n	<li>SOREC-Cup&nbsp;: course offerte annuellement dans le cadre de r&eacute;unions hippiques de prestige, organis&eacute;es en France, en Irlande et en Turquie.</li>\r\n	<li>Etape marocaine du championnat du monde &laquo;&nbsp;HH Sheikha Fatima Bent Mubarak&nbsp;&raquo;, r&eacute;serv&eacute;e aux cavali&egrave;res femmes.</li>\r\n	<li>Coupe FRBC (French Racing and Breeding Committee) et &laquo;&nbsp;The President UAE-Cup&nbsp;&raquo;, int&eacute;gr&eacute;es en 2014 au programme du Meeting international des courses de Pur-Sang.</li>\r\n	<li>Etape marocaine du championnat m&eacute;diterran&eacute;en des jockeys.</li>\r\n</ul>\r\n','<p class=\"title-sub\">&nbsp;الملتقى الدولي لسباقات السلالات العريقة: وهو موعد سنوي يلتقي فيه المهنيون الدوليون، مع تنظيم سباقين من الفئة 3 (IFAHR).</p>\r\n\r\n<p><strong>- المنافسات الدولية :</strong></p>\r\n\r\n<ul>\r\n	<li>- كأس الشركة الملكية لتشجيع الفرس: وهو سباق ينظم سنويا في إطار ملتقيات سباق الخيول الراقية المنظمة في فرنسا وإيرلندا وتركيا.</li>\r\n	<li>- المرحلة المغربية لبطولة العالم &quot;صاحبة السمو الملكي الشيخة فاطمة بنت مبارك&quot;، المخصص للنساء الفارسات.</li>\r\n	<li>- كأس FRBC ( French Racing and Breeding Commitee) و &quot;The President UAE-Cup&quot; (كأس رئيس دولة الإمارات العربية المتحدة)، اللذان أُدمجا سنة 2014 في برنامج الملتقى الدولي لسباقات السلالات العريقة.</li>\r\n	<li>- المرحلة المغربية لبطولة البحر المتوسط للفرسان (الجوكي).</li>\r\n</ul>\r\n',9),(19,'Formation diplômante aux métiers du monde des courses','Formation diplômante aux métiers du monde des courses','تكوين في مهن سباقات الخيل','univers/form_c_1l3MXSt.jpg','<p class=\"title-sub\">Cette formation est lanc&eacute;e par la SOREC, en partenariat avec l&rsquo;OFPPT. La premi&egrave;re promotion sera constitu&eacute;e 15 nouveaux jockeys form&eacute;s &agrave; <o class=\"bold\">l&rsquo;Institut National du Cheval &laquo;Prince H&eacute;ritier Moulay El Hassan&raquo; (INC)</o>.</p>\r\n\r\n<p>Alliant enseignement acad&eacute;mique et travaux pratiques sportifs, le cursus propos&eacute; offre une immersion r&eacute;elle dans l&rsquo;univers passionnant des courses hippiques. La formation est assur&eacute;e par des formateurs de haut niveau, des professionnels et experts nationaux et internationaux.</p>\r\n','<p class=\"title-sub\">Cette formation est lanc&eacute;e par la SOREC, en partenariat avec l&rsquo;OFPPT. La premi&egrave;re promotion sera constitu&eacute;e 15 nouveaux jockeys form&eacute;s &agrave; <o class=\"bold\">l&rsquo;Institut National du Cheval &laquo;Prince H&eacute;ritier Moulay El Hassan&raquo; (INC)</o>.</p>\r\n\r\n<p>Alliant enseignement acad&eacute;mique et travaux pratiques sportifs, le cursus propos&eacute; offre une immersion r&eacute;elle dans l&rsquo;univers passionnant des courses hippiques. La formation est assur&eacute;e par des formateurs de haut niveau, des professionnels et experts nationaux et internationaux.</p>\r\n','<p class=\"title-sub\">بدأت الشركة الملكية لتشجيع الفرس العمل بهذا التكوين بشراكة مع مكتب التكوين المهني وإنعاش الشغل، وسيتم تكوين أول فوج، وهو يتألف من 15 فارسا (جوكي) جديدا، بالمعهد الوطني للفرس &quot;ولي العهد الأمير مولاي الحسن&quot;.</p>\r\n\r\n<p>البرنامج التكويني، الذي يجمع بين التعليم الأكاديمي والأعمال التطبيقية الرياضية، يسمح بالاندماج الكلي في عالم سباقات الخيل الشيقة، ويشرف على تلقينه مكونون من مستوى عال ومهنيون وخبراء وطنيون ودوليون.</p>\r\n',10),(21,'La Formation SOREC – AMESIP','La Formation SOREC – AMESIP','التكوين الشركة الملكية لتشجيع الفرس - الجمعية المغربية لمساعدة الأطفال في وضعية غير مستقرة','univers/form_3_KHkValE.jpg','<p class=\"title-sub\">La formation SOREC &ndash; AMESIP aux arts &eacute;questres modernes a lieu au <a class=\"bold gold\" href=\"/haras_nationaux/\" title=\"Haras du Maroc\">haras national de Marrakech</a>.<br />\r\nElle cible les adolescents et jeunes adultes, Elle offre un enseignement de haut niveau, de 3 disciplines :</p>\r\n\r\n<ul class=\"liste_cheval_m top20\">\r\n	<li>- Le dressage classique</li>\r\n	<li>- La voltige &eacute;questre</li>\r\n	<li>- Le travail en libert&eacute;</li>\r\n</ul>\r\n','<p class=\"title-sub\">La formation SOREC &ndash; AMESIP aux arts &eacute;questres modernes a lieu au <a class=\"bold gold\" href=\"/haras_nationaux/\" title=\"Haras du Maroc\">haras national de Marrakech</a>.<br />\r\nElle cible les adolescents et jeunes adultes, Elle offre un enseignement de haut niveau, de 3 disciplines :</p>\r\n\r\n<ul class=\"liste_cheval_m top20\">\r\n	<li>- Le dressage classique</li>\r\n	<li>- La voltige &eacute;questre</li>\r\n	<li>- Le travail en libert&eacute;</li>\r\n</ul>\r\n','<p class=\"title-sub\">&nbsp;يتم التكوين المشترك بين الشركة الملكية لتشجيع الفرس والجمعية المغربية لمساعدة الأطفال في وضعية غير مستقرة في فنون الفروسية العصرية بالمربط الوطني بمدينة مراكش. ويركز على المراهقين والبالغين الشباب المنتمين إلى مختلف الفئات الاجتماعية الهشة. ويمنح البرنامج التكويني مستوى عالي الجودة في ثلاثة تخصصات :</p>\r\n\r\n<ul>\r\n	<li>- الترويض الكلاسيكي</li>\r\n	<li>- الترويض على الأداء الحركي</li>\r\n	<li>- الأداء الحر</li>\r\n</ul>\r\n',12),(22,'Formateurs','Formateurs','المكونون','univers/formateur2_5JLxK6n.jpg','<p>Les formateurs sont :</p>\r\n\r\n<p class=\"title-sub\">Formation &eacute;questre g&eacute;n&eacute;rale&nbsp;: Khalil R&eacute;da, qui a d&eacute;but&eacute; au Maroc &agrave; l&rsquo;Acad&eacute;mie d&rsquo;Art Equestre de Ouirgane et qui a travaill&eacute; et particip&eacute; &agrave; des spectacles pendant 25 ans en Europe</p>\r\n\r\n<p class=\"title-sub\">Dressage classique : Carlos Pinto, cavalier &eacute;questre et expert en dressage, de renomm&eacute;e mondiale. Carlos Pinto est &agrave; la fois entraineur, cavalier professionnel de dressage et &eacute;leveur de chevaux lusitaniens. Il participe aux plus grands &eacute;v&egrave;nements sportifs internationaux et dirige des troupes de spectacles &eacute;questres fran&ccedil;aises de renom, notamment l&rsquo;acad&eacute;mie de Versailles</p>\r\n\r\n<p class=\"title-sub\">Voltige &eacute;questre :</p>\r\n\r\n<ul class=\"liste_cheval_m top20\">\r\n	<li class=\"left20\">- Eric Gauthier. Il a tourn&eacute; avec les plus grandes compagnies de cirque traditionnel d&rsquo;Europe. Outre la voltige cosaque, il poss&egrave;de une rare ma&icirc;trise de la voltige &laquo;&agrave; la Jockey&raquo;.</li>\r\n</ul>\r\n\r\n<p class=\"title-sub\">Travail en libert&eacute; : Ali Oulouda, qui a une exp&eacute;rience de plus de 45 ans dans le dressage, acquise dans le Cirque deKnie, en Suisse</p>\r\n','<p>Les formateurs sont :</p>\r\n\r\n<p class=\"title-sub\">Formation &eacute;questre g&eacute;n&eacute;rale&nbsp;: Khalil R&eacute;da, qui a d&eacute;but&eacute; au Maroc &agrave; l&rsquo;Acad&eacute;mie d&rsquo;Art Equestre de Ouirgane et qui a travaill&eacute; et particip&eacute; &agrave; des spectacles pendant 25 ans en Europe</p>\r\n\r\n<p class=\"title-sub\">Dressage classique : Carlos Pinto, cavalier &eacute;questre et expert en dressage, de renomm&eacute;e mondiale. Carlos Pinto est &agrave; la fois entraineur, cavalier professionnel de dressage et &eacute;leveur de chevaux lusitaniens. Il participe aux plus grands &eacute;v&egrave;nements sportifs internationaux et dirige des troupes de spectacles &eacute;questres fran&ccedil;aises de renom, notamment l&rsquo;acad&eacute;mie de Versailles</p>\r\n\r\n<p class=\"title-sub\">Voltige &eacute;questre :</p>\r\n\r\n<ul class=\"liste_cheval_m top20\">\r\n	<li class=\"left20\">- Eric Gauthier. Il a tourn&eacute; avec les plus grandes compagnies de cirque traditionnel d&rsquo;Europe. Outre la voltige cosaque, il poss&egrave;de une rare ma&icirc;trise de la voltige &laquo;&agrave; la Jockey&raquo;.</li>\r\n</ul>\r\n\r\n<p class=\"title-sub\">Travail en libert&eacute; : Ali Oulouda, qui a une exp&eacute;rience de plus de 45 ans dans le dressage, acquise dans le Cirque deKnie, en Suisse</p>\r\n','<p class=\"title-sub\">&nbsp;فنون الفروسية : أكاديمية الإخوة الفرسان رضا، التي تأسست في بلجيكا وأصبح لها إشعاع كبير في كافة البلدان الأوربية،</p>\r\n\r\n<p class=\"title-sub\">&nbsp;تربية الخيول الكلاسيكية: كارلوس بينتو، فارس وخبير في الترويض الكلاسيكي من طراز عالمي. يعتبر كارلوس بينتو فارسا محترفا في الترويض ومربي الخيول الإيبرية (لوسيتانيا)، وهو ما يجعله حاضرا في أكبر التظاهرات الرياضية الدولية ومشرفا على قيادة العديد من المجموعات الفرجوية المعروفة في عالم الفروسية الفرنسية، خاصة أكاديمية فرساي.</p>\r\n\r\n<ul>\r\n	<li>- الترويض الحركي</li>\r\n	<li>- جيل أودجون، الذي شارك في تأسيس شركة &quot;أوسيرك&quot;.</li>\r\n	<li>- إريك غوتيي : شارك مع أكبر شركات السيرك التقليدي في أوربا. إضافة إلى مهنيته في تخصص الحركات على ظهر الفرس، يتمتع إريك غوتيي بقدرة كبيرة نادرة على التحكم في الفرس مع الحركات.</li>\r\n</ul>\r\n\r\n<p>الأداء الحر : السيد علي آيت أولودا، الذي يتمتع بما يزيد عن 45 سنة من التجربة في ترويض الخيول، والتي اكتسبها من خلال عمله مع سيرك كني الراقي في سويسرا.</p>\r\n\r\n<p>سلوكيات الحيوان وراحة الفرس : إيكيناتورال... مبادرة الفارسة كوالاديز لوكاربونتيي.</p>\r\n',12),(23,'Apprentis','Apprentis','المتدربون','univers/effectif-1_0ntbkcI.jpg','<p class=\"title-sub\">L&#39;effectifs se compose de :</p>\r\n\r\n<p>- 15 apprentis marocains en formation. Ces jeunes &eacute;taient majoritairement en d&eacute;crochage scolaire. Leur s&eacute;lection s&rsquo;op&egrave;re sur la base de leur motivation et de leurs aptitudes.</p>\r\n\r\n<p>- 2 apprentis destin&eacute;s &agrave; devenir de futurs formateurs</p>\r\n','<p class=\"title-sub\">L&#39;effectifs se compose de :</p>\r\n\r\n<p>- 15 apprentis marocains en formation. Ces jeunes &eacute;taient majoritairement en d&eacute;crochage scolaire. Leur s&eacute;lection s&rsquo;op&egrave;re sur la base de leur motivation et de leurs aptitudes.</p>\r\n\r\n<p>- 2 apprentis destin&eacute;s &agrave; devenir de futurs formateurs</p>\r\n','<p>15 متعلما مغربيا في إطار التكوين. أغلب هؤلاء الشباب انقطعوا عن الدراسة. ويتم اختيارهم اعتمادا على مدى استعدادهم وحماسهم، وعلى قدراتهم أيضا.</p>\r\n\r\n<p>- متدربان يتعلمان أصول التكوين في أفق أن يصبحا مكونيْن في المستقبل.</p>\r\n',13),(24,'Formation','Formation','التكوين','univers/effectif-2_93KnWBJ.jpg','<p class=\"title-sub\">L&#39;effectifs se compose de :</p>\r\n\r\n<p>- 1 professeur d&rsquo;arts &eacute;questres &agrave; temps plein</p>\r\n\r\n<p>- 1 professeur d&rsquo;acrobatie au sol</p>\r\n\r\n<p>- Des formateurs internationaux experts en dressage, voltige et libert&eacute;.</p>\r\n','<p class=\"title-sub\">L&#39;effectifs se compose de :</p>\r\n\r\n<p>- 1 professeur d&rsquo;arts &eacute;questres &agrave; temps plein</p>\r\n\r\n<p>- 1 professeur d&rsquo;acrobatie au sol</p>\r\n\r\n<p>- Des formateurs internationaux experts en dressage, voltige et libert&eacute;.</p>\r\n','<p style=\"text-align: right;\">أستاذ في فنون الفروسية، منصب شغل بساعات كاملة،</p>\r\n\r\n<p style=\"text-align: right;\">- أستاذ في الحركات الفنية الأرضية،</p>\r\n\r\n<p style=\"text-align: right;\">- حوالي 50 أسبوعا من المساعدة التقنية الدولية (الأداء الحركي، الأداء الحر، الترويض الكلاسيكي، الرقص المعاصر، أخصائي ملابس)</p>\r\n',13),(25,'Cavalerie','Cavalerie','الخيالة','univers/effectif-3_cE8pDSn.jpg','<p class=\"title-sub\">La cavalerie se compose de 40 chevaux Barbe et Arabe Barbe&nbsp;:</p>\r\n\r\n<p>- 20 chevaux sont d&eacute;di&eacute;s &agrave; la Haute Ecole de Dressage</p>\r\n\r\n<p>- 13 chevaux sont d&eacute;di&eacute;s &agrave; la voltige cosaque et classique</p>\r\n\r\n<p>- 7 chevaux sont d&eacute;di&eacute;s &agrave; la libert&eacute;</p>\r\n\r\n<p>Ces chevaux ont &eacute;t&eacute; soigneusement s&eacute;lectionn&eacute;s parmi les &eacute;levages traditionnels du Maroc entier.</p>\r\n','<p class=\"title-sub\">La cavalerie se compose de 40 chevaux Barbe et Arabe Barbe&nbsp;:</p>\r\n\r\n<p>- 20 chevaux sont d&eacute;di&eacute;s &agrave; la Haute Ecole de Dressage</p>\r\n\r\n<p>- 13 chevaux sont d&eacute;di&eacute;s &agrave; la voltige cosaque et classique</p>\r\n\r\n<p>- 7 chevaux sont d&eacute;di&eacute;s &agrave; la libert&eacute;</p>\r\n\r\n<p>Ces chevaux ont &eacute;t&eacute; soigneusement s&eacute;lectionn&eacute;s parmi les &eacute;levages traditionnels du Maroc entier.</p>\r\n','<p>23 فرسا بربريا وعربيا- بربريا في طور الإعداد والموجهة لأحد التخصصات الآتية :</p>\r\n\r\n<p>- الترويض،&nbsp;<br />\r\n- الأداء الحركي الكلاسيكي،&nbsp;<br />\r\n- الأداء الحركي على ظهر الفرس والأداء الحر</p>\r\n\r\n<p>- فرسان، أحدهما بربري والثاني عربي- بربري قيد الإعداد (6 أشهر) للاستعمال في الأداء الحركي.</p>\r\n\r\n<p>- حوالي 10 تجمعات و 5 مسابقات للتربية والترويض للاختيار.</p>\r\n\r\n<p>- الإقامة :&nbsp;<br />\r\n- منصبان للخدمة القريبة&nbsp;<br />\r\n- داخلية ونظام نصف مطعمي بالنسبة لجميع المتدربين.</p>\r\n',13),(26,'Spectacle des Nuits Equestres : VoltigeS','Spectacle des Nuits Equestres : VoltigeS','الفروسية الكلاسيكية','univers/formateur_ZrV7vaE.jpg','<p class=\"title-sub\">&laquo;&nbsp;VoltigeS&nbsp;&raquo; met sc&egrave;ne les chevaux Barbes et Arabes Barbes, dans un spectacle qui offre un mariage original entre la voltige guerri&egrave;re en ligne droite et la voltige de cirque, en cercle.</p>\r\n\r\n<p>Au rythme des percussions marocaines, la cavalerie en ligne droite, lanc&eacute;e au grand galop sur la piste, nous offre une performance instinctive et rapide entre le cavalier et son cheval, proche d&rsquo;un &eacute;lan guerrier.</p>\r\n\r\n<p>A cette &eacute;nergie, un acrobate &agrave; cheval au centre de la piste, r&eacute;pond tout en l&eacute;g&egrave;ret&eacute; et en finesse. Le soliste et son cheval arabe-barbe forment un couple harmonieux et festif.</p>\r\n\r\n<p>Toute la fusion des voltiges, des acrobates et des musiciens s&rsquo;impr&egrave;gne des couleurs culturelles et artistiques marocaines.</p>\r\n','<p class=\"title-sub\">&laquo;&nbsp;VoltigeS&nbsp;&raquo; met sc&egrave;ne les chevaux Barbes et Arabes Barbes, dans un spectacle qui offre un mariage original entre la voltige guerri&egrave;re en ligne droite et la voltige de cirque, en cercle.</p>\r\n\r\n<p>Au rythme des percussions marocaines, la cavalerie en ligne droite, lanc&eacute;e au grand galop sur la piste, nous offre une performance instinctive et rapide entre le cavalier et son cheval, proche d&rsquo;un &eacute;lan guerrier.</p>\r\n\r\n<p>A cette &eacute;nergie, un acrobate &agrave; cheval au centre de la piste, r&eacute;pond tout en l&eacute;g&egrave;ret&eacute; et en finesse. Le soliste et son cheval arabe-barbe forment un couple harmonieux et festif.</p>\r\n\r\n<p>Toute la fusion des voltiges, des acrobates et des musiciens s&rsquo;impr&egrave;gne des couleurs culturelles et artistiques marocaines.</p>\r\n','\r\n<p class=\"title-sub\">&nbsp;يعود هذا التخصص للمتدربين الأكثر تقدما في التكوين، ويعتمد على تعلم الفروسية المعرفية تحت إشراف الفارس المحترف كارلوس بينتو. إذ يجمع هذا الأخير بين مهارة الفارس المحترف ومروض الخيول الإيبرية. خبرته الطويلة تؤهله للمشاركة في أكبر التظاهرات الرياضية الدولية وقيادة فرق العروض في مجال الفروسية الفرنسية المعروفة، لاسيما أكاديمية فرساي.</p>\r\n\r\n<p style=\"text-align: right;\">العرض الأول هو عبارة عن تقديم فني لخيول بربرية وعربية- بربرية عمرها 4 سنوات :</p>\r\n\r\n<ul>\r\n	<li style=\"text-align: right;\">- 6 خيول و فرسان</li>\r\n	<li style=\"text-align: right;\">- المدة الزمنية التقريبية : 4 دقائق</li>\r\n	<li style=\"text-align: right;\">- موسيقى مغربية وموسيقى كلاسيكية</li>\r\n</ul>\r\n',14),(27,'Représentations en carrière d’animation','Représentations en carrière d’animation','الأداء الحركي','univers/spectacle_ifhH61l.png','<p class=\"title-sub\">L&rsquo;Ecole des Arts Equestres de Marrakech donnera 4 repr&eacute;sentations en carri&egrave;re d&rsquo;animation du Salon du Cheval d&rsquo;El Jadida.</p>\r\n\r\n<p>Il s&rsquo;agira de d&eacute;monstrations de voltige classique, de voltige cosaque et de travail en libert&eacute;. Elles seront effectu&eacute;es par 5 chevaux, 3 voltigeurs classiques, 3 voltigeurs cosaques et un dresseur en libert&eacute;.</p>\r\n\r\n<p>Leurs repr&eacute;sentations auront lieu mardi 11 octobre (11h), mercredi 12 octobre (14h30), jeudi 13 octobre (15h et dimanche 16 octobre (11h).</p>\r\n','<p class=\"title-sub\">L&rsquo;Ecole des Arts Equestres de Marrakech donnera 4 repr&eacute;sentations en carri&egrave;re d&rsquo;animation du Salon du Cheval d&rsquo;El Jadida.</p>\r\n\r\n<p>Il s&rsquo;agira de d&eacute;monstrations de voltige classique, de voltige cosaque et de travail en libert&eacute;. Elles seront effectu&eacute;es par 5 chevaux, 3 voltigeurs classiques, 3 voltigeurs cosaques et un dresseur en libert&eacute;.</p>\r\n\r\n<p>Leurs repr&eacute;sentations auront lieu mardi 11 octobre (11h), mercredi 12 octobre (14h30), jeudi 13 octobre (15h et dimanche 16 octobre (11h).</p>\r\n','\r\n<p class=\"title-sub\">&nbsp;يتعلق الأمر بعرض من عروض التكوين المشترك بين الشركة الملكية لتشجيع الفرس والجمعية المغربية للأطفال في وضعية غير مستقرة في مجال الأداء الحركي الأكاديمي، الحركي على ظهر الخيل والترويض المرتبط بسيرك الفروسية. يقدم العرض بقيادة جيل أودجون بتعاون مع إريك غوتيي</p>\r\n\r\n<p style=\"text-align: right;\">شارك جيل أودجون، الذي تكون على يدي ألبير كاري وشوتاشن كورتو، في تأسيس فرقة &quot;أوسيرك&quot;، ويعتبر متخصصا في الأداء الحركي على الخيل والترويض الحر. وقد أهله مستواه المهاري ليكون أحد المكونين الكبار الذين تتلمذ على يديهم كبار فرسان الحركات على ظهر الخيل الفرنسيينest.</p>\r\n\r\n<p style=\"text-align: right;\">بدأ إريك غوتيي مساره المهني كفنان سيرك وممارس للأداء الحركي سنة 1984 بعد 6 سنوات من التكوين في المدرسة الوطنية للسيرك آني فراتليني. بعد تخرجه، شارك في جولات مع أكبر فرق السيرك التقليدي في أوربا. زيادة على مهارته في الحركات على ظهر الخيل، يعتبر محترفا في مجال الأداء الحركي (الجوكي) .</p>\r\n\r\n<p style=\"text-align: right;\">ويتمثل العرض الثاني في تقديم الأداء الحركي الأكاديمي والأداء الحركي على ظهر الخيل.</p>\r\n\r\n<ul>\r\n	<li style=\"text-align: right;\">- 5 خيول,</li>\r\n	<li style=\"text-align: right;\">- 7 محترفين في الأداء الحركي</li>\r\n	<li style=\"text-align: right;\">- 3 مساعدين</li>\r\n	<li style=\"text-align: right;\">- المدة التقريبية للعرض : 8 دقائق</li>\r\n	<li style=\"text-align: right;\">- مسلك عرض مزدوج</li>\r\n	<li style=\"text-align: right;\">- موسيقى مختلطة مغربية معاصرة</li>\r\n</ul>\r\n',14),(28,'Réseau jeux hippiques ','Réseau jeux hippiques ','شبكة ألعاب سباقات الخيل','univers/anfa_w3uJQPj.jpg','<p class=\"top25 title-sub\">Le r&eacute;seau des jeux hippiques se caract&eacute;rise par :</p>\r\n\r\n<ul class=\"top10\">\r\n	<li>- Une expertise de plus de 70 ans</li>\r\n	<li>- Un r&eacute;seau totalement informatis&eacute; et s&eacute;curis&eacute;</li>\r\n	<li>- Plus de 30 agences et de 500 caf&eacute;s partenaires, r&eacute;partis sur l&rsquo;ensemble du pays</li>\r\n	<li>- Une organisation rigoureuse vous assurant proximit&eacute;, service et accompagnement</li>\r\n	<li>- Une offre de produits vari&eacute;s, qui s&rsquo;enrichit</li>\r\n</ul>\r\n','<p class=\"top25 title-sub\">Le r&eacute;seau des jeux hippiques se caract&eacute;rise par :</p>\r\n\r\n<ul class=\"top10\">\r\n	<li>- Une expertise de plus de 70 ans</li>\r\n	<li>- Un r&eacute;seau totalement informatis&eacute; et s&eacute;curis&eacute;</li>\r\n	<li>- Plus de 30 agences et de 500 caf&eacute;s partenaires, r&eacute;partis sur l&rsquo;ensemble du pays</li>\r\n	<li>- Une organisation rigoureuse vous assurant proximit&eacute;, service et accompagnement</li>\r\n	<li>- Une offre de produits vari&eacute;s, qui s&rsquo;enrichit</li>\r\n</ul>\r\n','<ul>\r\n</ul>\r\n\r\n<ul>\r\n	<li>&nbsp;خبرة تزيد عن 70 سنة</li>\r\n	<li>- شبكة خاضعة كليا لمنظومة معلوماتية مؤمنة</li>\r\n	<li>- أكثر من 30 وكالة و500 مقهى شريكة موزعة على كافة مناطق التراب الوطني</li>\r\n	<li>- تنظيم محكم يضمن لكم القرب والخدمة والمرافقة</li>\r\n	<li>- عرض من المنتوجات المتنوعة يغتني تدريجيا</li>\r\n</ul>\r\n',16),(29,'Jouer responsable ','Jouer responsable ','اللعب المسؤول','univers/mascotte_oM4onOI.png','<p class=\"top25 title-sub\">Le r&eacute;seau des jeux hippiques se caract&eacute;rise par :</p>\r\n\r\n<ul class=\"top10\">\r\n	<li>- Une expertise de plus de 70 ans</li>\r\n	<li>- Un r&eacute;seau totalement informatis&eacute; et s&eacute;curis&eacute;</li>\r\n	<li>- Plus de 30 agences et de 500 caf&eacute;s partenaires, r&eacute;partis sur l&rsquo;ensemble du pays</li>\r\n	<li>- Une organisation rigoureuse vous assurant proximit&eacute;, service et accompagnement</li>\r\n	<li>- Une offre de produits vari&eacute;s, qui s&rsquo;enrichit</li>\r\n</ul>\r\n','<p class=\"top25 title-sub\">Le r&eacute;seau des jeux hippiques se caract&eacute;rise par :</p>\r\n\r\n<ul class=\"top10\">\r\n	<li>- Une expertise de plus de 70 ans</li>\r\n	<li>- Un r&eacute;seau totalement informatis&eacute; et s&eacute;curis&eacute;</li>\r\n	<li>- Plus de 30 agences et de 500 caf&eacute;s partenaires, r&eacute;partis sur l&rsquo;ensemble du pays</li>\r\n	<li>- Une organisation rigoureuse vous assurant proximit&eacute;, service et accompagnement</li>\r\n	<li>- Une offre de produits vari&eacute;s, qui s&rsquo;enrichit</li>\r\n</ul>\r\n','<p>ينبغي أن يظل اللعب مجرد متعة وهواية. في هذا الإطار، تشجع الشركة الملكية لتشجيع الفرس على احترام السلوكيات المثلى في اللعب :</p>\r\n\r\n<ul>\r\n	<li>- اللعب مرخص للأشخاص البالغين فقط (ابتداء من 18 سنة)</li>\r\n	<li>- لا يجب الاقتراض ومراكمة الديون في سبيل اللعب</li>\r\n	<li>- يجب التحكم في رغبة اللعب من خلال تحديد حدود اللعب والحفاظ على رجاحة العقل</li>\r\n	<li>- المبالغة والإدمان على اللعب يضران بالشخص ومحيطه</li>\r\n	<li>- يمنع منعا باتا إعطاء منحة مالية أو إتاوة. في حال الفوز، يعود مبلغ الربح كله للفائز وإليه وحده.</li>\r\n	<li>- وحدها، فقط، شبكة البيع التابعة للشركة الملكية لتشجيع الفرس مخول لها تسويق رهانات سباقات الخيل. أما الألعاب السرية فيعاقب عليها القانون.</li>\r\n</ul>\r\n',16),(30,'Contrôle d’identité des chevaux','Contrôle d’identité des chevaux','مراقبة هوية الخيول :','univers/intertitiel_mobile_320X480_VF.jpg','<p class=\"title-sub\">Avant de participer aux courses, tous les chevaux sont soumis &agrave; un contr&ocirc;le d&rsquo;identit&eacute; et de propri&eacute;t&eacute;. Ce contr&ocirc;le est effectu&eacute; par le v&eacute;t&eacute;rinaire de service.</p>\r\n','<p class=\"title-sub\">Avant de participer aux courses, tous les chevaux sont soumis &agrave; un contr&ocirc;le d&rsquo;identit&eacute; et de propri&eacute;t&eacute;. Ce contr&ocirc;le est effectu&eacute; par le v&eacute;t&eacute;rinaire de service.</p>\r\n','<p class=\"title-sub\">قبل المشاركة في السباقات، تخضع جميع الخيول لمراقبة الهوية والنظافة من قبل الطبيب البيطري التابع للمصلحة.</p>\r\n',8),(31,'Contrôle Anti-Dopage','Contrôle Anti-Dopage','مراقبة المنشطات :','univers/reg_QtkfFVj_XAH3ogj.jpg','<p class=\"title-sub\">Des contr&ocirc;les anti-dopage sont r&eacute;alis&eacute;s syst&eacute;matiquement &agrave; l&rsquo;issue de chaque course pour les gagnants et jusqu&rsquo;&agrave; 5 autres chevaux participants sont tir&eacute;s au sort.</p>\r\n','<p class=\"title-sub\">Des contr&ocirc;les anti-dopage sont r&eacute;alis&eacute;s syst&eacute;matiquement &agrave; l&rsquo;issue de chaque course pour les gagnants et jusqu&rsquo;&agrave; 5 autres chevaux participants sont tir&eacute;s au sort.</p>\r\n','<p class=\"title-sub\">تخضع الخيول الرابحة في نهاية السباق، بشكل منتظم، لمراقبة المنشطات في جسمها. كما تطال المراقبة 5 خيول أخرى مشاركة يتم اختيارها بالقرعة.</p>\r\n',8),(32,'Commissariat Aux Courses','Commissariat Aux Courses','مراقبو السباقات :','univers/reg_QtkfFVj.jpg','<p class=\"title-sub\">Garants de la r&eacute;gularit&eacute; des courses et de l&rsquo;application des dispositions du Code des Courses, ils ont un r&ocirc;le d&rsquo;arbitres de la comp&eacute;tition. Parmi les supports r&eacute;glementaires les plus utilis&eacute;s dans le cadre de leur travail : le Code des Courses et le Guide des sanctions et des Infractions.</p>\r\n','<p class=\"title-sub\">Garants de la r&eacute;gularit&eacute; des courses et de l&rsquo;application des dispositions du Code des Courses, ils ont un r&ocirc;le d&rsquo;arbitres de la comp&eacute;tition. Parmi les supports r&eacute;glementaires les plus utilis&eacute;s dans le cadre de leur travail : le Code des Courses et le Guide des sanctions et des Infractions.</p>\r\n','<p class=\"title-sub\">يتجلى دور المراقبين، الذين يشرفون على نظامية السباقات وتطبيق القانون، في تحكيم المنافسة بما يحترم قوانينها التنظيمية. ومن القوانين التنظيمية الأكثر استعمالا في هذا المجال يوجد قانون السباقات ودليل العقوبات والخروقات.</p>\r\n',8),(33,'Contrôle Filmé','Contrôle Filmé','المراقبة المصورة','univers/reg_QtkfFVj_11PSAlG.jpg','<p class=\"title-sub\">Le contr&ocirc;le film&eacute; permet de veiller au respect des r&egrave;gles des courses. Gr&acirc;ce aux cam&eacute;ramans, aux cadreurs et &agrave; la r&eacute;gie audio d&eacute;di&eacute;e, l&rsquo;&eacute;quipe SOREC de contr&ocirc;le film&eacute; g&eacute;n&egrave;re les images exactes en simultan&eacute; et permet aux commissaires des courses d&rsquo;arbitrer.</p>\r\n','<p class=\"title-sub\">Le contr&ocirc;le film&eacute; permet de veiller au respect des r&egrave;gles des courses. Gr&acirc;ce aux cam&eacute;ramans, aux cadreurs et &agrave; la r&eacute;gie audio d&eacute;di&eacute;e, l&rsquo;&eacute;quipe SOREC de contr&ocirc;le film&eacute; g&eacute;n&egrave;re les images exactes en simultan&eacute; et permet aux commissaires des courses d&rsquo;arbitrer.</p>\r\n','<p class=\"title-sub\">تسمح المراقبة المصورة بالسهر على احترام قواعد السباقات. فبفضل المصورين وتقنيي التصوير والصوت، تتمكن فرق الشركة الملكية لتشجيع الفرس من الحصول على الصور الدقيقة في الزمن الحقيقي للسباق، وهو الشيء الذي يمكن المراقبين من تنفيذ عملية التحكيم وفق القواعد المضبوطة.</p>\r\n',8),(36,'pour l\'image','pour l\'image','pour l\'image','univers/reg_QtkfFVj_TfQ2Jcv_MgtGo1y.jpg','<p>pour l&#39;image</p>\r\n','<p>pour l&#39;image</p>\r\n',NULL,8),(45,'pour la photos','pour la photos','pour la photos','univers/crs_2_baY7GLl.jpg','<p>pour la photos</p>\r\n','<p>pour la photos</p>\r\n','<p>pour la photos</p>\r\n',9);


